000
CXUS53 KGID 300730
CF6GRI
PRELIMINARY LOCAL CLIMATOLOGICAL DATA (WS FORM: F-6)

                                          STATION:   GRAND ISLAND NE
                                          MONTH:     APRIL
                                          YEAR:      2017
                                          LATITUDE:   40 58 N
                                          LONGITUDE:  98 19 W

  TEMPERATURE IN F:       :PCPN:    SNOW:  WIND      :SUNSHINE: SKY     :PK WND
================================================================================
1   2   3   4   5  6A  6B    7    8   9   10  11  12  13   14  15   16   17  18
                                     12Z  AVG MX 2MIN
DY MAX MIN AVG DEP HDD CDD  WTR  SNW DPTH SPD SPD DIR MIN PSBL S-S WX    SPD DR
================================================================================

 1  46  37  42  -3  23   0 0.02  0.0    0  6.4 14  40   M    M   8 1      17  40
 2  60  37  49   3  16   0 0.00  0.0    0  7.0 15 240   M    M   5 1      18 240
 3  59  39  49   3  16   0 0.00  0.0    0 11.3 26 330   M    M   8 12     33 320
 4  57  40  49   3  16   0 0.00  0.0    0 13.4 25 350   M    M   8        32 350
 5  60  31  46  -1  19   0    T  0.0    0 16.5 28 350   M    M   2        36 360
 6  59  29  44  -3  21   0 0.00  0.0    0  8.6 17 340   M    M   0        22 350
 7  68  37  53   5  12   0 0.00  0.0    0 17.3 30 180   M    M   0        38 190
 8  77  46  62  14   3   0 0.00  0.0    0  8.0 18 160   M    M   0        23 150
 9  71  42  57   9   8   0    T  0.0    0  9.6 29 320   M    M   4 1238   38 330
10  45  26  36 -12  29   0    T  0.0    0 14.6 36 320   M    M   4 1      42 320
11  68  22  45  -4  20   0 0.00  0.0    0  9.8 22 210   M    M   0 8      30 210
12  71  49  60  11   5   0    T  0.0    0 14.4 28 180   M    M   3 8      36 180
13  76  40  58   8   7   0 0.00  0.0    0  8.3 15  20   M    M   1 128    21 100
14  78  57  68  18   0   3 0.11  0.0    0 15.2 28 170   M    M   7 13     36 170
15  79  51  65  15   0   0 0.00  0.0    0 13.5 23  10   M    M   7        29 330
16  70  45  58   7   7   0 0.00  0.0    0  9.6 17 150   M    M   2        31 150
17  75  43  59   8   6   0 0.00  0.0    0 10.3 21 170   M    M   3        27 160
18  77  57  67  15   0   2    T  0.0    0 12.3 28 180   M    M   3 3      36 190
19  71  47  59   7   6   0    T  0.0    0 15.3 28 350   M    M   7 1      31 350
20  69  42  56   4   9   0 0.00  0.0    0 12.2 25 340   M    M   1        30 340
21  61  39  50  -3  15   0 0.00  0.0    0 10.5 23  70   M    M   1        31  70
22  66  37  52  -1  13   0 0.00  0.0    0  5.8 13 360   M    M   1        16  20
23  72  37  55   2  10   0 0.00  0.0    0 15.6 30 190   M    M   0        41 210
24  75  49  62   8   3   0    T  0.0    0 16.0 32 190   M    M   0        39 190
25  50  37  44 -10  21   0 0.07  0.0    0 16.8 25 350   M    M   9 1      31 350
26  46  29  38 -16  27   0 0.00  0.0    0 17.4 28 320   M    M   9        34 320
27  57  25  41 -14  24   0    T  0.0    0  7.2 17 170   M    M   4        22 150
28  46  36  41 -14  24   0 0.70    T    0 15.9 28  30   M    M  10 1      33  40
29  45  38  42 -13  23   0 0.03  0.0    0 19.9 32  30   M    M  10 1      40  20
================================================================================
SM 1854 1144       383   5  0.93    T    358.7          M      117
================================================================================
AV 63.9 39.5                              12.4 FASTST   M    M   4    MAX(MPH)
                                 MISC ---->  # 36 320               # 42  320
================================================================================
NOTES:
# LAST OF SEVERAL OCCURRENCES

COLUMN 17 PEAK WIND IN M.P.H.

PRELIMINARY LOCAL CLIMATOLOGICAL DATA (WS FORM: F-6) , PAGE 2

                                          STATION:  GRAND ISLAND NE
                                          MONTH:    APRIL
                                          YEAR:     2017
                                          LATITUDE:   40 58 N
                                          LONGITUDE:  98 19 W

[TEMPERATURE DATA]      [PRECIPITATION DATA]       SYMBOLS USED IN COLUMN 16

AVERAGE MONTHLY: 51.7   TOTAL FOR MONTH:   0.93    1 = FOG OR MIST
DPTR FM NORMAL:   1.3   DPTR FM NORMAL:   -1.49    2 = FOG REDUCING VISIBILITY
HIGHEST:    79 ON 15    GRTST 24HR  0.70 ON 28-28      TO 1/4 MILE OR LESS
LOWEST:     22 ON 11                               3 = THUNDER
                        SNOW, ICE PELLETS, HAIL    4 = ICE PELLETS
                        TOTAL MONTH:    T          5 = HAIL
                        GRTST 24HR    T  ON 28-28  6 = FREEZING RAIN OR DRIZZLE
                        GRTST DEPTH:   0           7 = DUSTSTORM OR SANDSTORM:
                                                       VSBY 1/2 MILE OR LESS
                                                   8 = SMOKE OR HAZE
[NO. OF DAYS WITH]      [WEATHER - DAYS WITH]      9 = BLOWING SNOW
                                                   X = TORNADO
MAX 32 OR BELOW:   0    0.01 INCH OR MORE:   5
MAX 90 OR ABOVE:   0    0.10 INCH OR MORE:   2
MIN 32 OR BELOW:   6    0.50 INCH OR MORE:   1
MIN  0 OR BELOW:   0    1.00 INCH OR MORE:   0

[HDD (BASE 65) ]
TOTAL THIS MO.   383    CLEAR  (SCALE 0-3)  15
DPTR FM NORMAL   -52    PTCLDY (SCALE 4-7)   9
TOTAL FM JUL 1  5146    CLOUDY (SCALE 8-10)  5
DPTR FM NORMAL  -846

[CDD (BASE 65) ]
TOTAL THIS MO.     5
DPTR FM NORMAL    -5    [PRESSURE DATA]
TOTAL FM JAN 1     5    HIGHEST SLP M ON M
DPTR FM NORMAL    -5    LOWEST  SLP 29.41 ON  9

[REMARKS]
