000
CXUS53 KIWX 270800
CF6GSH
PRELIMINARY LOCAL CLIMATOLOGICAL DATA (WS FORM: F-6)

                                          STATION:   GOSHEN
                                          MONTH:     MARCH
                                          YEAR:      2015
                                          LATITUDE:   41 31 N
                                          LONGITUDE:  85 47 W

  TEMPERATURE IN F:       :PCPN:    SNOW:  WIND      :SUNSHINE: SKY     :PK WND
================================================================================
1   2   3   4   5  6A  6B    7    8   9   10  11  12  13   14  15   16   17  18
                                     12Z  AVG MX 2MIN
DY MAX MIN AVG DEP HDD CDD  WTR  SNW DPTH SPD SPD DIR MIN PSBL S-S WX    SPD DR
================================================================================

 1  23  15  19 -13  46   0 0.12    M    M  4.6 16 260   M    M   9 128    20 260
 2  28   6  17 -15  48   0 0.00  0.0    M  6.8 15 260   M    M   2 18     18 250
 3  37  24  31  -1  34   0 0.04    M    M 13.6 25 260   M    M  10 168    31 150
 4  33  17  25  -8  40   0 0.00  0.0    M 11.8 22 320   M    M   6 8      26 320
 5  19   0  10 -23  55   0    T    M    M  5.4 18 300   M    M   4 8      22 300
 6  24  -1  12 -21  53   0 0.00  0.0    M 11.1 21 200   M    M   1        26 200
 7  39  17  28  -6  37   0 0.00  0.0    M 12.3 21 230   M    M   4        26 220
 8  38  25  32  -2  33   0 0.00  0.0    M  6.5 15 220   M    M   6 18     19 220
 9  45  23  34   0  31   0 0.00  0.0    M  3.0  9 220   M    M   0 18     11 220
10  47  36  42   7  23   0 0.00  0.0    M  3.6  9 190   M    M   8 128    11 190
11  51  31  41   6  24   0 0.00  0.0    M  3.6  9  50   M    M   5 128    10  60
12  50  26  38   2  27   0 0.00  0.0    M  9.0 17 120   M    M   0        22 120
13  54  32  43   7  22   0 0.00  0.0    M  4.8 10 160   M    M   3 128    13 120
14  51  33  42   6  23   0 0.00  0.0    M  9.4 22 330   M    M   3 128    26 320
15  57  26  42   5  23   0 0.00  0.0    0  7.9 16 200   M    M   0        22 210
16  69  42  56  19   9   0 0.00  0.0    0 11.8 23 210   M    M   0        27 210
17  55  26  41   3  24   0 0.00  0.0    0 15.1 29 360   M    M   1        36 360
18  49  23  36  -2  29   0 0.00  0.0    0  6.1 16 310   M    M   1        21 290
19  47  30  39   1  26   0 0.00  0.0    0  8.7 18 100   M    M   5        22 120
20  44  32  38  -1  27   0    T    M    M  5.5 14 250   M    M   9 18     17 250
21  52  29  41   2  24   0 0.00  0.0    0 11.9 23 320   M    M   6 18     28 320
22  43  24  34  -6  31   0 0.00  0.0    0  6.7 14  70   M    M   5        17  30
23  33  20  27 -13  38   0 0.09    M    M  9.3 17  80   M    M   9 128    21  80
24  41  13  27 -13  38   0 0.00  0.0    M  9.2 20 100   M    M   0 18     25 120
25  49  33  41   0  24   0 0.19    M    M 13.1 25 260   M    M  10 18     31 260
26  44  31  38  -3  27   0 0.00  0.0    M 12.5 22 330   M    M  10 18     27 330
================================================================================
SM 1122  613       816   0  0.44     0.0 223.3          M      117
================================================================================
AV 43.2 23.6                               8.6 FASTST   M    M   5    MAX(MPH)
                                 MISC ---->  # 29 360               # 36  360
================================================================================
NOTES:
# LAST OF SEVERAL OCCURRENCES

COLUMN 17 PEAK WIND IN M.P.H.

PRELIMINARY LOCAL CLIMATOLOGICAL DATA (WS FORM: F-6) , PAGE 2

                                          STATION:  GOSHEN
                                          MONTH:    MARCH
                                          YEAR:     2015
                                          LATITUDE:   41 31 N
                                          LONGITUDE:  85 47 W

[TEMPERATURE DATA]      [PRECIPITATION DATA]       SYMBOLS USED IN COLUMN 16

AVERAGE MONTHLY: 33.4   TOTAL FOR MONTH:   0.44    1 = FOG OR MIST
DPTR FM NORMAL:  -2.9   DPTR FM NORMAL:   -1.46    2 = FOG REDUCING VISIBILITY
HIGHEST:    69 ON 16    GRTST 24HR  0.19 ON 25-25      TO 1/4 MILE OR LESS
LOWEST:     -1 ON  6                               3 = THUNDER
                        SNOW, ICE PELLETS, HAIL    4 = ICE PELLETS
                        TOTAL MONTH:   0.0 INCH    5 = HAIL
                        GRTST 24HR     0.0         6 = FREEZING RAIN OR DRIZZLE
                        GRTST DEPTH:   0           7 = DUSTSTORM OR SANDSTORM:
                                                       VSBY 1/2 MILE OR LESS
                                                   8 = SMOKE OR HAZE
[NO. OF DAYS WITH]      [WEATHER - DAYS WITH]      9 = BLOWING SNOW
                                                   X = TORNADO
MAX 32 OR BELOW:   4    0.01 INCH OR MORE:   4
MAX 90 OR ABOVE:   0    0.10 INCH OR MORE:   2
MIN 32 OR BELOW:  22    0.50 INCH OR MORE:   0
MIN  0 OR BELOW:   2    1.00 INCH OR MORE:   0

[HDD (BASE 65) ]
TOTAL THIS MO.   816    CLEAR  (SCALE 0-3)  11
DPTR FM NORMAL    68    PTCLDY (SCALE 4-7)   9
TOTAL FM JUL 1  6017    CLOUDY (SCALE 8-10)  6
DPTR FM NORMAL   464

[CDD (BASE 65) ]
TOTAL THIS MO.     0
DPTR FM NORMAL     0    [PRESSURE DATA]
TOTAL FM JAN 1     0    HIGHEST SLP M ON M
DPTR FM NORMAL     0    LOWEST  SLP 29.62 ON  3

[REMARKS]
