000
CXUS56 KTFX 251205
CF6GTF
PRELIMINARY LOCAL CLIMATOLOGICAL DATA (WS FORM: F-6)

                                          STATION:   GREAT FALLS MT
                                          MONTH:     OCTOBER
                                          YEAR:      2014
                                          LATITUDE:   47 28 N
                                          LONGITUDE: 111 22 W

  TEMPERATURE IN F:       :PCPN:    SNOW:  WIND      :SUNSHINE: SKY     :PK WND
================================================================================
1   2   3   4   5  6A  6B    7    8   9   10  11  12  13   14  15   16   17  18
                                     12Z  AVG MX 2MIN
DY MAX MIN AVG DEP HDD CDD  WTR  SNW DPTH SPD SPD DIR MIN PSBL S-S WX    SPD DR
================================================================================

 1  60  41  51   1  14   0 0.01  0.0    0 13.5 26 220   M    M   6        33 220
 2  46  25  36 -14  29   0 0.11  1.1    0 10.2 24 330   M    M   6 1      31 340
 3  61  28  45  -5  20   0 0.00  0.0    0 12.9 20 220   M    M   0        28 210
 4  74  47  61  11   4   0 0.00  0.0    0 14.0 24 290   M    M   2        30 280
 5  72  45  59  10   6   0 0.00  0.0    0  7.5 13 310   M    M   0 8      16 310
 6  79  48  64  15   1   0 0.00  0.0    0 16.3 30 260   M    M   3        39 260
 7  71  41  56   8   9   0 0.00  0.0    0  6.3 16  80   M    M   2        21  70
 8  73  42  58  10   7   0 0.00  0.0    0  7.9 17  60   M    M   1        21  50
 9  59  36  48   0  17   0    T  0.0    0  2.8  8 220   M    M   3        10  40
10  70  35  53   6  12   0 0.00  0.0    0  5.8 13 220   M    M   1        15 210
11  64  43  54   7  11   0    T  0.0    0 16.2 33 240   M    M   3        40 240
12  59  36  48   1  17   0    T  0.0    0 12.0 25 270   M    M   7        31 280
13  63  38  51   5  14   0 0.00  0.0    0 15.1 29 220   M    M   0        35 220
14  77  47  62  16   3   0 0.00  0.0    0 13.5 26 210   M    M   0        32 200
15  74  40  57  11   8   0    T  0.0    0 12.0 38 280   M    M   2 3      47 280
16  60  36  48   3  17   0 0.00  0.0    0  9.3 26 240   M    M   1        30 230
17  65  29  47   2  18   0 0.00  0.0    0  6.8 18 210   M    M   0        22 210
18  70  45  58  13   7   0 0.00  0.0    0 14.7 24 240   M    M   0        32 240
19  74  42  58  14   7   0 0.00  0.0    0 12.2 22 230   M    M   0        26 210
20  78  53  66  22   0   1 0.00  0.0    0 13.5 21 220   M    M   0        25 210
21  63  42  53   9  12   0 0.35  0.0    0 11.7 30 340   M    M   5 1      38 350
22  59  39  49   6  16   0 0.00  0.0    0 17.9 31 210   M    M   0        38 220
23  62  47  55  12  10   0 0.00  0.0    0 16.5 29 230   M    M   1        35 230
24  57  45  51   9  14   0    T  0.0    0 11.2 22 210   M    M   3        26 210
================================================================================
SM 1590  970       273   1  0.47     1.1 279.8          M       46
================================================================================
AV 66.2 40.4                              11.7 FASTST   M    M   2    MAX(MPH)
                                 MISC ---->  # 38 280               # 47  280
================================================================================
NOTES:
# LAST OF SEVERAL OCCURRENCES

COLUMN 17 PEAK WIND IN M.P.H.

PRELIMINARY LOCAL CLIMATOLOGICAL DATA (WS FORM: F-6) , PAGE 2

                                          STATION:  GREAT FALLS MT
                                          MONTH:    OCTOBER
                                          YEAR:     2014
                                          LATITUDE:   47 28 N
                                          LONGITUDE: 111 22 W

[TEMPERATURE DATA]      [PRECIPITATION DATA]       SYMBOLS USED IN COLUMN 16

AVERAGE MONTHLY: 53.3   TOTAL FOR MONTH:   0.47    1 = FOG OR MIST
DPTR FM NORMAL:   6.8   DPTR FM NORMAL:   -0.24    2 = FOG REDUCING VISIBILITY
HIGHEST:    79 ON  6    GRTST 24HR  0.35 ON 21-21      TO 1/4 MILE OR LESS
LOWEST:     25 ON  2                               3 = THUNDER
                        SNOW, ICE PELLETS, HAIL    4 = ICE PELLETS
                        TOTAL MONTH:   1.1 INCHES  5 = HAIL
                        GRTST 24HR   1.1 ON   M    6 = FREEZING RAIN OR DRIZZLE
                        GRTST DEPTH:   0           7 = DUSTSTORM OR SANDSTORM:
                                                       VSBY 1/2 MILE OR LESS
                                                   8 = SMOKE OR HAZE
[NO. OF DAYS WITH]      [WEATHER - DAYS WITH]      9 = BLOWING SNOW
                                                   X = TORNADO
MAX 32 OR BELOW:   0    0.01 INCH OR MORE:   3
MAX 90 OR ABOVE:   0    0.10 INCH OR MORE:   2
MIN 32 OR BELOW:   3    0.50 INCH OR MORE:   0
MIN  0 OR BELOW:   0    1.00 INCH OR MORE:   0

[HDD (BASE 65) ]
TOTAL THIS MO.   273    CLEAR  (SCALE 0-3)  20
DPTR FM NORMAL  -172    PTCLDY (SCALE 4-7)   4
TOTAL FM JUL 1   598    CLOUDY (SCALE 8-10)  0
DPTR FM NORMAL  -254

[CDD (BASE 65) ]
TOTAL THIS MO.     1
DPTR FM NORMAL     1    [PRESSURE DATA]
TOTAL FM JAN 1   350    HIGHEST SLP M ON M
DPTR FM NORMAL    53    LOWEST  SLP 29.52 ON 15

[REMARKS]
