000
CXUS52 KFFC 291110
CF6GVL
PRELIMINARY LOCAL CLIMATOLOGICAL DATA (WS FORM: F-6)

                                          STATION:   GAINESVILLE
                                          MONTH:     SEPTEMBER
                                          YEAR:      2016
                                          LATITUDE:   34 16 N
                                          LONGITUDE:  83 50 W

  TEMPERATURE IN F:       :PCPN:    SNOW:  WIND      :SUNSHINE: SKY     :PK WND
================================================================================
1   2   3   4   5  6A  6B    7    8   9   10  11  12  13   14  15   16   17  18
                                     12Z  AVG MX 2MIN
DY MAX MIN AVG DEP HDD CDD  WTR  SNW DPTH SPD SPD DIR MIN PSBL S-S WX    SPD DR
================================================================================

 1  91  71  81   5   0  16 0.13  0.0    M  3.8 15  80   M    M   5 138    20  70
 2  77  67  72  -4   0   7 0.06    M    M 10.0 23  50   M    M   8 1      31  30
 3  84  61  73  -3   0   8 0.00    M    M  3.8 12  60   M    M   2        17 100
 4  84  67  76   0   0  11 0.00    M    M  6.8 13  90   M    M   6        17  60
 5  87  67  77   2   0  12 0.00    M    M  2.9 10  40   M    M   1        13  70
 6  91  65  78   3   0  13 0.00    M    M  3.6 12 300   M    M   0        15 310
 7  93  68  81   6   0  16 0.00  0.0    M  3.2 13 240   M    M   1        17 260
 8  93  68  81   7   0  16 0.00  0.0    M  5.8 13 280   M    M   2        18 280
 9  93  68  81   7   0  16 0.00  0.0    M  4.7 15 280   M    M   1        20 260
10  91  68  80   6   0  15 0.00  0.0    M  6.9 15 250   M    M   1        22 240
11  90  69  80   6   0  15    T  0.0    M  5.9 15 340   M    M   3        22 350
12  89  68  79   6   0  14    T  0.0    M  6.2 15  90   M    M   2        20 120
13  87  68  78   5   0  13 0.00    M    M  7.3 14 100   M    M   3 1      20  50
14  92  68  80   7   0  15 0.00  0.0    M  5.8 16 100   M    M   1        22 100
15  93  68  81   9   0  16 0.00  0.0    M  4.2 12 100   M    M   0        17  30
16  88  70  79   7   0  14 0.00  0.0    M  6.2 13  80   M    M   3        16 130
17  86  66  76   5   0  11 0.00  0.0    M  5.5 12 110   M    M   3        14 100
18  74  69  72   1   0   7 1.19  0.0    M  4.3 12 140   M    M   9 13     14 130
19  89  68  79   8   0  14 0.00  0.0    M  5.4 12 310   M    M   4 1      16 360
20  88  67  78   8   0  13 0.00  0.0    M  4.1 10  60   M    M   2        15  80
21  90  68  79   9   0  14 0.00  0.0    M  4.2 10 360   M    M   2        17 310
22  87  67  77   7   0  12 0.00  0.0    M  5.1 12  90   M    M   2        15  90
23  89  67  78   9   0  13 0.00    M    M  4.0 10 360   M    M   2        14 300
24  91  69  80  11   0  15 0.00    M    M  2.0  9 120   M    M   1        13 130
25  91  67  79  10   0  14 0.00    M    M  2.1  9 240   M    M   0        13 160
26  86  69  78  10   0  13 0.00  0.0    M  4.6 16 330   M    M   2        20 330
27  87  68  78  10   0  13 0.00    M    M  5.6 15 260   M    M   2 3      19 240
28  85  66  76   9   0  11 0.00  0.0    M  5.0 16 250   M    M   0 1      22 250
================================================================================
SM 2466 1892         0 367  1.38     0.0 139.0          M       68
================================================================================
AV 88.1 67.6                               5.0 FASTST   M    M   2    MAX(MPH)
                                 MISC ---->  # 23  50               # 31   30
================================================================================
NOTES:
# LAST OF SEVERAL OCCURRENCES

COLUMN 17 PEAK WIND IN M.P.H.

PRELIMINARY LOCAL CLIMATOLOGICAL DATA (WS FORM: F-6) , PAGE 2

                                          STATION:  GAINESVILLE
                                          MONTH:    SEPTEMBER
                                          YEAR:     2016
                                          LATITUDE:   34 16 N
                                          LONGITUDE:  83 50 W

[TEMPERATURE DATA]      [PRECIPITATION DATA]       SYMBOLS USED IN COLUMN 16

AVERAGE MONTHLY: 77.8   TOTAL FOR MONTH:   1.38    1 = FOG OR MIST
DPTR FM NORMAL:   5.6   DPTR FM NORMAL:   -3.01    2 = FOG REDUCING VISIBILITY
HIGHEST:    93 ON 15, 9 GRTST 24HR  1.19 ON 18-18      TO 1/4 MILE OR LESS
LOWEST:     61 ON  3                               3 = THUNDER
                        SNOW, ICE PELLETS, HAIL    4 = ICE PELLETS
                        TOTAL MONTH:   0.0 INCH    5 = HAIL
                        GRTST 24HR     0.0         6 = FREEZING RAIN OR DRIZZLE
                        GRTST DEPTH:  M  ON   M    7 = DUSTSTORM OR SANDSTORM:
                                                       VSBY 1/2 MILE OR LESS
                                                   8 = SMOKE OR HAZE
[NO. OF DAYS WITH]      [WEATHER - DAYS WITH]      9 = BLOWING SNOW
                                                   X = TORNADO
MAX 32 OR BELOW:   0    0.01 INCH OR MORE:   3
MAX 90 OR ABOVE:  12    0.10 INCH OR MORE:   2
MIN 32 OR BELOW:   0    0.50 INCH OR MORE:   1
MIN  0 OR BELOW:   0    1.00 INCH OR MORE:   1

[HDD (BASE 65) ]
TOTAL THIS MO.     0    CLEAR  (SCALE 0-3)  22
DPTR FM NORMAL    -8    PTCLDY (SCALE 4-7)   5
TOTAL FM JUL 1     0    CLOUDY (SCALE 8-10)  1
DPTR FM NORMAL    -8

[CDD (BASE 65) ]
TOTAL THIS MO.   367
DPTR FM NORMAL   158    [PRESSURE DATA]
TOTAL FM JAN 1  2043    HIGHEST SLP  0.00 ON 17
DPTR FM NORMAL   508    LOWEST  SLP 29.78 ON  2

[REMARKS]
