000
CXUS52 KFFC 221110
CF6GVL
PRELIMINARY LOCAL CLIMATOLOGICAL DATA (WS FORM: F-6)

                                          STATION:   GAINESVILLE
                                          MONTH:     OCTOBER
                                          YEAR:      2017
                                          LATITUDE:   34 16 N
                                          LONGITUDE:  83 50 W

  TEMPERATURE IN F:       :PCPN:    SNOW:  WIND      :SUNSHINE: SKY     :PK WND
================================================================================
1   2   3   4   5  6A  6B    7    8   9   10  11  12  13   14  15   16   17  18
                                     12Z  AVG MX 2MIN
DY MAX MIN AVG DEP HDD CDD  WTR  SNW DPTH SPD SPD DIR MIN PSBL S-S WX    SPD DR
================================================================================

 1  70  55  63  -3   2   0 0.00  0.0    0 11.4 22  80   M    M   0        29  80
 2  75  54  65  -1   0   0 0.00  0.0    0  9.1 16  70   M    M   0 8      22 100
 3  76  60  68   2   0   3 0.00  0.0    0  9.2 17  80   M    M   2        23  80
 4  78  59  69   4   0   4 0.00  0.0    0  6.8 14 100   M    M   0        19  60
 5  79  56  68   3   0   3 0.00  0.0    0  5.1 12  80   M    M   1 8      19  50
 6  81  58  70   5   0   5 0.00  0.0    0  5.5 13 100   M    M   4        17  90
 7  78  68  73   9   0   8 0.06  0.0    0  6.7 13  80   M    M   9 1      15  80
 8  75  70  73   9   0   8 1.39  0.0    0  8.9 17 130   M    M   9 1      32 200
 9  78  72  75  11   0  10 0.01  0.0    0  4.0  9 190   M    M  10 1      16 200
10  85  72  79  16   0  14 0.00  0.0    0  2.4  9 200   M    M   7 1      12 190
11  85  67  76  13   0  11 0.00  0.0    0  5.2 14 250   M    M   3 12     18 250
12  87  65  76  13   0  11 0.00  0.0    0  4.4  9 300   M    M   0 1      14 280
13  76  66  71   9   0   6    T  0.0    0  8.4 13  80   M    M   9 1      18 100
14  77  63  70   8   0   5 0.00  0.0    0  3.9  8 100   M    M   7 1      12 130
15  80  63  72  10   0   7 0.09  0.0    0  2.4 12 270   M    M   7 1      14 230
16  72  52  62   0   3   0 0.14  0.0    0  8.9 15 350   M    M   3 1      21 300
17  66  46  56  -5   9   0 0.00  0.0    0  6.0 16  90   M    M   0 8      23  80
18  68  45  57  -4   8   0 0.00  0.0    0  6.0 13 100   M    M   0        17  90
19  76  46  61   0   4   0 0.00  0.0    0  2.9  8  30   M    M   0        10 250
20  79  47  63   3   2   0 0.00  0.0    0  2.0  8  90   M    M   0        10 100
21  74  51  63   3   2   0 0.00  0.0    0  5.6 12  90   M    M   0        16 100
================================================================================
SM 1615 1235        30  95  1.69     0.0 124.8          M       71
================================================================================
AV 76.9 58.8                               5.9 FASTST   M    M   3    MAX(MPH)
                                 MISC ---->  # 22  80               # 32  200
================================================================================
NOTES:
# LAST OF SEVERAL OCCURRENCES

COLUMN 17 PEAK WIND IN M.P.H.

PRELIMINARY LOCAL CLIMATOLOGICAL DATA (WS FORM: F-6) , PAGE 2

                                          STATION:  GAINESVILLE
                                          MONTH:    OCTOBER
                                          YEAR:     2017
                                          LATITUDE:   34 16 N
                                          LONGITUDE:  83 50 W

[TEMPERATURE DATA]      [PRECIPITATION DATA]       SYMBOLS USED IN COLUMN 16

AVERAGE MONTHLY: 67.9   TOTAL FOR MONTH:   1.69    1 = FOG OR MIST
DPTR FM NORMAL:   4.8   DPTR FM NORMAL:   -1.29    2 = FOG REDUCING VISIBILITY
HIGHEST:    87 ON 12    GRTST 24HR  1.39 ON  8- 8      TO 1/4 MILE OR LESS
LOWEST:     45 ON 18                               3 = THUNDER
                        SNOW, ICE PELLETS, HAIL    4 = ICE PELLETS
                        TOTAL MONTH:   0.0 INCH    5 = HAIL
                        GRTST 24HR     0.0         6 = FREEZING RAIN OR DRIZZLE
                        GRTST DEPTH:   0           7 = DUSTSTORM OR SANDSTORM:
                                                       VSBY 1/2 MILE OR LESS
                                                   8 = SMOKE OR HAZE
[NO. OF DAYS WITH]      [WEATHER - DAYS WITH]      9 = BLOWING SNOW
                                                   X = TORNADO
MAX 32 OR BELOW:   0    0.01 INCH OR MORE:   5
MAX 90 OR ABOVE:   0    0.10 INCH OR MORE:   2
MIN 32 OR BELOW:   0    0.50 INCH OR MORE:   1
MIN  0 OR BELOW:   0    1.00 INCH OR MORE:   1

[HDD (BASE 65) ]
TOTAL THIS MO.    30    CLEAR  (SCALE 0-3)  12
DPTR FM NORMAL   -45    PTCLDY (SCALE 4-7)   5
TOTAL FM JUL 1    39    CLOUDY (SCALE 8-10)  4
DPTR FM NORMAL   -49

[CDD (BASE 65) ]
TOTAL THIS MO.    95
DPTR FM NORMAL    61    [PRESSURE DATA]
TOTAL FM JAN 1  1739    HIGHEST SLP M ON M
DPTR FM NORMAL   164    LOWEST  SLP 29.76 ON  8

[REMARKS]
