000
CXUS54 KFWD 290730
CF6GVT
PRELIMINARY LOCAL CLIMATOLOGICAL DATA (WS FORM: F-6)

                                          STATION:   GREENVILLE
                                          MONTH:     AUGUST
                                          YEAR:      2015
                                          LATITUDE:   33  4 N
                                          LONGITUDE:  96  4 W

  TEMPERATURE IN F:       :PCPN:    SNOW:  WIND      :SUNSHINE: SKY     :PK WND
================================================================================
1   2   3   4   5  6A  6B    7    8   9   10  11  12  13   14  15   16   17  18
                                     12Z  AVG MX 2MIN
DY MAX MIN AVG DEP HDD CDD  WTR  SNW DPTH SPD SPD DIR MIN PSBL S-S WX    SPD DR
================================================================================

 1  99  68  84  -2   0  19 0.00  0.0    0  2.9  9 130   M    M   0        21  60
 2  99  68  84  -2   0  19 0.00  0.0    0  2.8  9 130   M    M   0         M  M
 3  99  72  86   0   0  21 0.00  0.0    0  2.8  8 160   M    M   0         M  M
 4  99  73  86   0   0  21 0.00  0.0    0  4.4 13 140   M    M   0        18 130
 5 102  79  91   5   0  26 0.00  0.0    0  9.3 16 180   M    M   0        20 180
 6 102  81  92   6   0  27 0.00  0.0    0 10.0 14 190   M    M   0        20 180
 7 104  81  93   7   0  28 0.00  0.0    0  8.7 14 200   M    M   0        16 200
 8 102  79  91   5   0  26 0.00  0.0    0  7.9 12 190   M    M   0        16 150
 9 104  77  91   5   0  26 0.00  0.0    0  6.6 12 140   M    M   0        16 190
10 106  72  89   3   0  24 0.00  0.0    0  2.4  8 290   M    M   0         M  M
11 104  81  93   7   0  28 0.00  0.0    0  5.8 10  30   M    M   1        18  30
12  99  77  88   2   0  23 0.00  0.0    0  6.1 10  40   M    M   0        18  40
13  97  72  85  -1   0  20 0.00  0.0    0  4.0 10 100   M    M   1         M  M
14  97  72  85  -1   0  20 0.00  0.0    0  3.6 12  80   M    M   2        16  80
15  95  70  83  -3   0  18 0.00  0.0    0  4.5 10  70   M    M   0         M  M
16  99  66  83  -3   0  18 0.00  0.0    0  1.9  7 150   M    M   2         M  M
17  97  72  85  -1   0  20 0.00  0.0    0  4.9  9 110   M    M   1         M  M
18  97  75  86   1   0  21 0.00  0.0    0  8.9 15 160   M    M   1        20 190
19  91  64  78  -7   0  13 0.11  0.0    0 10.5 20 340   M    M   5 3      30 340
20  72  64  68 -17   0   3 0.07  0.0    0  3.3  7 110   M    M  10 138     M  M
21  91  70  81  -4   0  16 0.01  0.0    0  7.3 16 150   M    M   5 1      22 160
22  95  75  85   0   0  20 0.00  0.0    0  8.8 15 140   M    M   5        20 200
23  93  73  83  -2   0  18 0.07  0.0    0  7.2 18  50   M    M   1 38     30  50
24  97  73  85   0   0  20 0.00  0.0    0  2.1  8 250   M    M   0 3       M  M
25  90  70  80  -4   0  15 0.53  0.0    0  4.3 12  90   M    M   6 3      17 320
26  91  68  80  -4   0  15 0.00  0.0    0  2.9  8 180   M    M   0 1       M  M
27  91  64  78  -6   0  13 0.00  0.0    0  3.2  8 150   M    M   1         M  M
28  91  66  79  -5   0  14 0.00  0.0    0  5.6 10 150   M    M   0        16 150
================================================================================
SM 2703 2022         0 552  0.79     0.0 152.7          M       41
================================================================================
AV 96.5 72.2                               5.5 FASTST   M    M   1    MAX(MPH)
                                 MISC ---->    20   M                 30    M
================================================================================
NOTES:
# LAST OF SEVERAL OCCURRENCES

COLUMN 17 PEAK WIND IN M.P.H.

PRELIMINARY LOCAL CLIMATOLOGICAL DATA (WS FORM: F-6) , PAGE 2

                                          STATION:  GREENVILLE
                                          MONTH:    AUGUST
                                          YEAR:     2015
                                          LATITUDE:   33  4 N
                                          LONGITUDE:  96  4 W

[TEMPERATURE DATA]      [PRECIPITATION DATA]       SYMBOLS USED IN COLUMN 16

AVERAGE MONTHLY: 84.4   TOTAL FOR MONTH:   0.79    1 = FOG OR MIST
DPTR FM NORMAL:  -1.1   DPTR FM NORMAL:   -0.85    2 = FOG REDUCING VISIBILITY
HIGHEST:   106 ON 10    GRTST 24HR  0.53 ON 25-25      TO 1/4 MILE OR LESS
LOWEST:     64 ON 27,20                            3 = THUNDER
                        SNOW, ICE PELLETS, HAIL    4 = ICE PELLETS
                        TOTAL MONTH:   0.0 INCH    5 = HAIL
                        GRTST 24HR     0.0         6 = FREEZING RAIN OR DRIZZLE
                        GRTST DEPTH:   0           7 = DUSTSTORM OR SANDSTORM:
                                                       VSBY 1/2 MILE OR LESS
                                                   8 = SMOKE OR HAZE
[NO. OF DAYS WITH]      [WEATHER - DAYS WITH]      9 = BLOWING SNOW
                                                   X = TORNADO
MAX 32 OR BELOW:   0    0.01 INCH OR MORE:   5
MAX 90 OR ABOVE:  27    0.10 INCH OR MORE:   2
MIN 32 OR BELOW:   0    0.50 INCH OR MORE:   1
MIN  0 OR BELOW:   0    1.00 INCH OR MORE:   0

[HDD (BASE 65) ]
TOTAL THIS MO.     0    CLEAR  (SCALE 0-3)  23
DPTR FM NORMAL     0    PTCLDY (SCALE 4-7)   4
TOTAL FM JUL 1     0    CLOUDY (SCALE 8-10)  1
DPTR FM NORMAL     0

[CDD (BASE 65) ]
TOTAL THIS MO.   552
DPTR FM NORMAL   -21    [PRESSURE DATA]
TOTAL FM JAN 1  1938    HIGHEST SLP M ON M
DPTR FM NORMAL  -103    LOWEST  SLP M ON M

[REMARKS]
