000
CXUS53 KGID 300730
CF6HDE
PRELIMINARY LOCAL CLIMATOLOGICAL DATA (WS FORM: F-6)

                                          STATION:   HOLDREGE
                                          MONTH:     JUNE
                                          YEAR:      2015
                                          LATITUDE:   40 27 N
                                          LONGITUDE:  99 20 W

  TEMPERATURE IN F:       :PCPN:    SNOW:  WIND      :SUNSHINE: SKY     :PK WND
================================================================================
1   2   3   4   5  6A  6B    7    8   9   10  11  12  13   14  15   16   17  18
                                     12Z  AVG MX 2MIN
DY MAX MIN AVG DEP HDD CDD  WTR  SNW DPTH SPD SPD DIR MIN PSBL S-S WX    SPD DR
================================================================================

 1  73  55  64  -1   1   0 0.00    M    M 13.1 18 150   M    M   5        24 150
 2  83  60  72   6   0   7 0.09    M    M 13.0 22 150   M    M   5        28 150
 3  82  60  71   5   0   6 0.00    M    M 11.9 21  50   M    M   4 3      38  40
 4  77  63  70   4   0   5 0.72    M    M 12.5 28  50   M    M   8 3      31  50
 5  76  60  68   1   0   3 0.13    M    M  8.9 17 100   M    M   6 3      23 100
 6  86  63  75   8   0  10 0.49    M    M 12.6 21 170   M    M   3 3      29 180
 7  78  63  71   3   0   6 0.00    M    M  8.1 20 350   M    M   2        27 350
 8  86  59  73   5   0   8 0.00    M    M  5.8 12 350   M    M   1        17 330
 9  93  64  79  11   0  14 0.00    M    M  5.7 13 260   M    M   0        20 260
10  93  65  79  11   0  14 0.84    M    M 10.0 18  50   M    M   2 3      24 290
11  72  59  66  -3   0   1 0.03    M    M 12.3 21 100   M    M  10 1      28 100
12  63  58  61  -8   4   0 0.02    M    M  4.1 13  20   M    M   7 1      17  20
13  79  56  68  -2   0   3 0.00    M    M  6.4 12 160   M    M   3 12     18 170
14  81  60  71   1   0   6 0.86    M    M  5.5 12  50   M    M   8 123    24  50
15  76  59  68  -2   0   3 0.01    M    M  9.9 15  10   M    M   6        20 360
16  79  55  67  -3   0   2 0.00    M    M  9.0 15 170   M    M   0 8      20 170
17  80  59  70  -1   0   5 1.16    M    M  6.6 10  60   M    M   2         M  M
18  72  60  66  -5   0   1 0.43    M    M  9.4 30 350   M    M   5 3      41 350
19  84  57  71   0   0   6 0.00    M    M 10.2 21 160   M    M   4 1      27 160
20  84  64  74   2   0   9 0.00    M    M 10.8 20  30   M    M   1        23  30
21  86  63  75   3   0  10 0.00    M    M  9.6 28 150   M    M   1        38 150
22  83  59  71  -1   0   6 0.00    M    M 15.0 23  10   M    M   0        31  10
23  76  55  66  -6   0   1 0.00    M    M  9.2 17  90   M    M   4        21 100
24  89  61  75   2   0  10 0.00    M    M  6.9 15  20   M    M   0        21 360
25  82  65  74   1   0   9 0.00    M    M  9.8 16  50   M    M   2 1      22  50
26  80  60  70  -3   0   5 0.00    M    M  7.8 16  20   M    M   3 1      20 340
27  84  56  70  -3   0   5 0.00    M    M  2.6  7 280   M    M   1         M  M
28  89  60  75   1   0  10 0.00    M    M  8.4 15 350   M    M   0        21 350
29  90  56  73  -1   0   8 0.00    M    M  4.1  8 320   M    M   0         M  M
================================================================================
SM 2356 1734         5 173  4.78    M    259.2          M       93
================================================================================
AV 81.2 59.8                               8.9 FASTST   M    M   3    MAX(MPH)
                                 MISC ---->    30   M                 41    M
================================================================================
NOTES:
# LAST OF SEVERAL OCCURRENCES

COLUMN 17 PEAK WIND IN M.P.H.

PRELIMINARY LOCAL CLIMATOLOGICAL DATA (WS FORM: F-6) , PAGE 2

                                          STATION:  HOLDREGE
                                          MONTH:    JUNE
                                          YEAR:     2015
                                          LATITUDE:   40 27 N
                                          LONGITUDE:  99 20 W

[TEMPERATURE DATA]      [PRECIPITATION DATA]       SYMBOLS USED IN COLUMN 16

AVERAGE MONTHLY: 70.5   TOTAL FOR MONTH:   4.78    1 = FOG OR MIST
DPTR FM NORMAL:   0.6   DPTR FM NORMAL:    0.96    2 = FOG REDUCING VISIBILITY
HIGHEST:    93 ON 10, 9 GRTST 24HR  1.16 ON 17-17      TO 1/4 MILE OR LESS
LOWEST:     55 ON 23,16                            3 = THUNDER
                        SNOW, ICE PELLETS, HAIL    4 = ICE PELLETS
                        TOTAL MONTH:    M          5 = HAIL
                        GRTST 24HR    M  ON   M    6 = FREEZING RAIN OR DRIZZLE
                        GRTST DEPTH:  M  ON   M    7 = DUSTSTORM OR SANDSTORM:
                                                       VSBY 1/2 MILE OR LESS
                                                   8 = SMOKE OR HAZE
[NO. OF DAYS WITH]      [WEATHER - DAYS WITH]      9 = BLOWING SNOW
                                                   X = TORNADO
MAX 32 OR BELOW:   0    0.01 INCH OR MORE:  11
MAX 90 OR ABOVE:   3    0.10 INCH OR MORE:   7
MIN 32 OR BELOW:   0    0.50 INCH OR MORE:   4
MIN  0 OR BELOW:   0    1.00 INCH OR MORE:   1

[HDD (BASE 65) ]
TOTAL THIS MO.     5    CLEAR  (SCALE 0-3)  17
DPTR FM NORMAL   -26    PTCLDY (SCALE 4-7)  11
TOTAL FM JUL 1  5834    CLOUDY (SCALE 8-10)  1
DPTR FM NORMAL  -434

[CDD (BASE 65) ]
TOTAL THIS MO.   173
DPTR FM NORMAL    -2    [PRESSURE DATA]
TOTAL FM JAN 1   191    HIGHEST SLP M ON M
DPTR FM NORMAL   -34    LOWEST  SLP M ON M

[REMARKS]
