000
CXUS54 KEWX 290910
CF6HDO
PRELIMINARY LOCAL CLIMATOLOGICAL DATA (WS FORM: F-6)

                                          STATION:   HONDO
                                          MONTH:     JULY
                                          YEAR:      2015
                                          LATITUDE:   29 21 N
                                          LONGITUDE:  99 10 W

  TEMPERATURE IN F:       :PCPN:    SNOW:  WIND      :SUNSHINE: SKY     :PK WND
================================================================================
1   2   3   4   5  6A  6B    7    8   9   10  11  12  13   14  15   16   17  18
                                     12Z  AVG MX 2MIN
DY MAX MIN AVG DEP HDD CDD  WTR  SNW DPTH SPD SPD DIR MIN PSBL S-S WX    SPD DR
================================================================================

 1  88  68  78  -5   0  13 0.01  0.0    0  8.6 36 150   M    M   4 1      44 160
 2  88  67  78  -5   0  13 0.03  0.0    0  9.7 25 160   M    M   5        33 160
 3  90  73  82  -1   0  17 0.00    M    0 10.8 20 150   M    M   5 1      24 150
 4  90  74  82  -1   0  17 0.00    M    0 11.9 21 160   M    M   5 1      26 160
 5  91  72  82  -1   0  17    M  0.0    0 13.1 22 140   M    M   6        28 140
 6  90  74  82  -1   0  17    T  0.0    0 14.4 23 150   M    M   5 1      28 130
 7  89  75  82  -1   0  17    T  0.0    0 15.5 23 160   M    M   7 18     29 160
 8  90  76  83   0   0  18 0.00  0.0    0 15.6 26 170   M    M   7 1      32 150
 9  92  74  83   0   0  18 0.00    M    0 14.3 23 130   M    M   6 1      28 140
10  92  74  83   0   0  18 0.00    M    0 11.6 22 140   M    M   4 1      28 170
11  92  67  80  -3   0  15 0.00    M    0  8.8 18 150   M    M   4 1      22 140
12  94  73  84   1   0  19 0.00    M    0  8.3 16 180   M    M   3        28 150
13  95  75  85   2   0  20 0.00  0.0    0  7.2 15 140   M    M   2        19 140
14  95  70  83   0   0  18 0.00  0.0    0  8.1 17 140   M    M   2 1      22 130
15  94  71  83   0   0  18 0.00  0.0    0  9.2 16 140   M    M   3        22 140
16  94  69  82  -1   0  17 0.00  0.0    0  8.7 17 130   M    M   3        23 140
17  95  74  85   2   0  20 0.00    M    M 10.6 20 150   M    M   4        26 140
18  96  76  86   3   0  21 0.00    M    M 12.6 21 130   M    M   4        26 140
19  96  75  86   2   0  21 0.00    M    M 10.2 21 150   M    M   4        27 140
20  96  71  84   0   0  19 0.00  0.0    0  8.5 18 140   M    M   2 1      24 140
21  96  72  84   0   0  19 0.00  0.0    0  8.9 20 150   M    M   0 1      26 180
22  96  75  86   2   0  21 0.00  0.0    0 10.2 23 150   M    M   5        29 140
23  98  76  87   3   0  22 0.00  0.0    0 11.4 21 150   M    M   3        29 160
24  96  76  86   2   0  21 0.00  0.0    0  9.7 21 150   M    M   5        25 130
25  97  73  85   1   0  20 0.00    M    0  7.2 18 140   M    M   3        23 140
26  98  74  86   2   0  21 0.00    M    0  8.6 17 140   M    M   2        22 130
27  98  76  87   3   0  22 0.00    M    0 10.4 20 130   M    M   2 18     26 130
28  98  77  88   4   0  23 0.00    M    0  9.8 22 140   M    M   4        27 140
================================================================================
SM 2624 2047         0 522  0.04     0.0 293.9          M      109
================================================================================
AV 93.7 73.1                              10.5 FASTST   M    M   4    MAX(MPH)
                                 MISC ---->  # 36 150               # 44  160
================================================================================
NOTES:
# LAST OF SEVERAL OCCURRENCES

COLUMN 17 PEAK WIND IN M.P.H.

PRELIMINARY LOCAL CLIMATOLOGICAL DATA (WS FORM: F-6) , PAGE 2

                                          STATION:  HONDO
                                          MONTH:    JULY
                                          YEAR:     2015
                                          LATITUDE:   29 21 N
                                          LONGITUDE:  99 10 W

[TEMPERATURE DATA]      [PRECIPITATION DATA]       SYMBOLS USED IN COLUMN 16

AVERAGE MONTHLY: 83.4   TOTAL FOR MONTH:   0.04    1 = FOG OR MIST
DPTR FM NORMAL:   0.1   DPTR FM NORMAL:   -1.92    2 = FOG REDUCING VISIBILITY
HIGHEST:    98 ON 28,27 GRTST 24HR  0.21 ON 30- 1      TO 1/4 MILE OR LESS
LOWEST:     67 ON 11, 2                            3 = THUNDER
                        SNOW, ICE PELLETS, HAIL    4 = ICE PELLETS
                        TOTAL MONTH:   0.0 INCH    5 = HAIL
                        GRTST 24HR     0.0         6 = FREEZING RAIN OR DRIZZLE
                        GRTST DEPTH:   0           7 = DUSTSTORM OR SANDSTORM:
                                                       VSBY 1/2 MILE OR LESS
                                                   8 = SMOKE OR HAZE
[NO. OF DAYS WITH]      [WEATHER - DAYS WITH]      9 = BLOWING SNOW
                                                   X = TORNADO
MAX 32 OR BELOW:   0    0.01 INCH OR MORE:   2
MAX 90 OR ABOVE:  25    0.10 INCH OR MORE:   0
MIN 32 OR BELOW:   0    0.50 INCH OR MORE:   0
MIN  0 OR BELOW:   0    1.00 INCH OR MORE:   0

[HDD (BASE 65) ]
TOTAL THIS MO.     0    CLEAR  (SCALE 0-3)  11
DPTR FM NORMAL     0    PTCLDY (SCALE 4-7)  17
TOTAL FM JUL 1     0    CLOUDY (SCALE 8-10)  0
DPTR FM NORMAL     0

[CDD (BASE 65) ]
TOTAL THIS MO.   522
DPTR FM NORMAL     9    [PRESSURE DATA]
TOTAL FM JAN 1  1482    HIGHEST SLP M ON M
DPTR FM NORMAL  -119    LOWEST  SLP 29.78 ON 21

[REMARKS]
