000
CXUS53 KBIS 280729
CF6HEI
PRELIMINARY LOCAL CLIMATOLOGICAL DATA (WS FORM: F-6)

                                          STATION:   HETTINGER ND
                                          MONTH:     FEBRUARY
                                          YEAR:      2015
                                          LATITUDE:   46  0 N
                                          LONGITUDE: 102 39 W

  TEMPERATURE IN F:       :PCPN:    SNOW:  WIND      :SUNSHINE: SKY     :PK WND
================================================================================
1   2   3   4   5  6A  6B    7    8   9   10  11  12  13   14  15   16   17  18
                                     12Z  AVG MX 2MIN
DY MAX MIN AVG DEP HDD CDD  WTR  SNW DPTH SPD SPD DIR MIN PSBL S-S WX    SPD DR
================================================================================

 1   7  -7   0 -18  65   0    T    M    M  8.4 18  10   M    M   4 18     21  10
 2  21   1  11  -7  54   0    T    M    M  9.1 24 320   M    M   4 1      29 320
 3  19   4  12  -6  53   0    T    M    M 10.1 17 330   M    M   9 18     22 330
 4  14  -9   3 -15  62   0 0.00    M    M  9.6 16 300   M    M   0        20 300
 5  42   5  24   5  41   0 0.00    M    M  6.1 15 180   M    M   3        21 160
 6  62  26  44  25  21   0 0.00    M    M  3.5 17 170   M    M   0        22 170
 7  60  33  47  28  18   0    T    M    M  5.7 14 300   M    M   3        16 280
 8  58  30  44  25  21   0 0.00    M    M  8.4 21 310   M    M   2 12     27 320
 9  31  27  29  10  36   0    T    M    M 10.5 21 130   M    M  10 126    25 120
10  37  18  28   8  37   0    T    M    M 19.4 35 310   M    M  10 1      41 310
11  22   2  12  -8  53   0    T    M    M 12.2 24 310   M    M   8 8      30 300
12  40   2  21   1  44   0 0.00    M    M 11.0 20 170   M    M   4        25 170
13  53  25  39  19  26   0 0.00    M    M  8.6 16  40   M    M   3 1      20  40
14  30   5  18  -2  47   0    T    M    M 16.9 25 130   M    M  10 18     33 140
15  39  13  26   5  39   0 0.00    M    M 11.7 24 300   M    M   9        30 280
16  32   6  19  -2  46   0    T    M    M 14.3 25 330   M    M  10 1      31 320
17  14  -4   5 -16  60   0 0.00    M    M 17.6 31 310   M    M   1        39 300
18  20  -7   7 -14  58   0 0.00    M    M  7.8 15 300   M    M   3        20 320
19  48  10  29   7  36   0    T    M    M 10.8 21 290   M    M   6        28 300
20  42  24  33  11  32   0    T    M    M 13.7 28 300   M    M   7 1      33 300
21  24  -6   9 -13  56   0    T    M    M 14.3 23 320   M    M   7 18     29 320
22  11 -19  -4 -26  69   0 0.00    M    M  4.8 14 300   M    M   0        21 310
23  40  -5  18  -5  47   0 0.00    M    M 15.8 31 260   M    M   1        37 260
24  46  22  34  11  31   0    T    M    M 10.1 21 300   M    M   8 1      26 300
25  35  -6  15  -8  50   0    T    M    M 13.3 23 340   M    M   8 1      28 330
26  12 -13   0 -23  65   0 0.00    M    M  6.1 16 320   M    M   0        19 340
27  27 -11   8 -16  57   0 0.00    M    M  9.6 22 170   M    M   1        28 150
================================================================================
SM  886  166      1224   0    T     M    289.4          M      131
================================================================================
AV 32.8  6.1                              10.7 FASTST   M    M   5    MAX(MPH)
                                 MISC ---->  # 35 310               # 41  310
================================================================================
NOTES:
# LAST OF SEVERAL OCCURRENCES

COLUMN 17 PEAK WIND IN M.P.H.

PRELIMINARY LOCAL CLIMATOLOGICAL DATA (WS FORM: F-6) , PAGE 2

                                          STATION:  HETTINGER ND
                                          MONTH:    FEBRUARY
                                          YEAR:     2015
                                          LATITUDE:   46  0 N
                                          LONGITUDE: 102 39 W

[TEMPERATURE DATA]      [PRECIPITATION DATA]       SYMBOLS USED IN COLUMN 16

AVERAGE MONTHLY: 19.5   TOTAL FOR MONTH:      T    1 = FOG OR MIST
DPTR FM NORMAL:  -1.1   DPTR FM NORMAL:   -0.41    2 = FOG REDUCING VISIBILITY
HIGHEST:    62 ON  6    GRTST 24HR    T  ON 25-25      TO 1/4 MILE OR LESS
LOWEST:    -19 ON 22                               3 = THUNDER
                        SNOW, ICE PELLETS, HAIL    4 = ICE PELLETS
                        TOTAL MONTH:    M          5 = HAIL
                        GRTST 24HR    M  ON   M    6 = FREEZING RAIN OR DRIZZLE
                        GRTST DEPTH:  M  ON   M    7 = DUSTSTORM OR SANDSTORM:
                                                       VSBY 1/2 MILE OR LESS
                                                   8 = SMOKE OR HAZE
[NO. OF DAYS WITH]      [WEATHER - DAYS WITH]      9 = BLOWING SNOW
                                                   X = TORNADO
MAX 32 OR BELOW:  14    0.01 INCH OR MORE:   0
MAX 90 OR ABOVE:   0    0.10 INCH OR MORE:   0
MIN 32 OR BELOW:  26    0.50 INCH OR MORE:   0
MIN  0 OR BELOW:  10    1.00 INCH OR MORE:   0

[HDD (BASE 65) ]
TOTAL THIS MO.  1224    CLEAR  (SCALE 0-3)   9
DPTR FM NORMAL    25    PTCLDY (SCALE 4-7)  11
TOTAL FM JUL 1  6144    CLOUDY (SCALE 8-10)  7
DPTR FM NORMAL  -131

[CDD (BASE 65) ]
TOTAL THIS MO.     0
DPTR FM NORMAL     0    [PRESSURE DATA]
TOTAL FM JAN 1     0    HIGHEST SLP M ON M
DPTR FM NORMAL     0    LOWEST  SLP 29.57 ON  7

[REMARKS]
