000
CXUS51 KLWX 220620
CF6HGR
PRELIMINARY LOCAL CLIMATOLOGICAL DATA (WS FORM: F-6)

                                          STATION:   HAGERSTOWN MD
                                          MONTH:     OCTOBER
                                          YEAR:      2017
                                          LATITUDE:   39 42 N
                                          LONGITUDE:  77 43 W

  TEMPERATURE IN F:       :PCPN:    SNOW:  WIND      :SUNSHINE: SKY     :PK WND
================================================================================
1   2   3   4   5  6A  6B    7    8   9   10  11  12  13   14  15   16   17  18
                                     12Z  AVG MX 2MIN
DY MAX MIN AVG DEP HDD CDD  WTR  SNW DPTH SPD SPD DIR MIN PSBL S-S WX    SPD DR
================================================================================

 1  69  42  56  -4   9   0 0.00    M    M  4.3  8  90   M    M   0        12 180
 2  76  44  60   1   5   0 0.00    M    M  3.6  9  80   M    M   0        12 190
 3  75  47  61   2   4   0 0.00    M    M  4.5 13 170   M    M   0        17 190
 4  81  52  67   8   0   2 0.00    M    M  6.4 14 160   M    M   0 1      17 170
 5  81  60  71  13   0   6    T    M    M  6.4 15 300   M    M   3        17 300
 6  84  64  74  16   0   9 0.00    M    M  3.1 12 280   M    M   4 18     18 260
 7  86  63  75  17   0  10 0.00    M    M  9.2 21 170   M    M   2 1      27 150
 8  78  73  76  19   0  11 0.20    M    M  8.4 18 180   M    M   6 1      25 190
 9  86  73  80  23   0  15 0.75    M    M  8.5 22 170   M    M   8 1      28 170
10  85  68  77  21   0  12 0.00    M    M  3.2  9 310   M    M   4        12  10
11  72  63  68  12   0   3 0.15    M    M  6.9 22 300   M    M  10 1      26 290
12  65  59  62   6   3   0 0.00    M    M  8.0 16  80   M    M  10        23  90
13  64  57  61   5   4   0    T    M    M  4.4  9  70   M    M  10 1      13 120
14  67  59  63   8   2   0 0.00    M    M  2.8  8 160   M    M   7 18     10 160
15  80  62  71  16   0   6 0.07    M    M  9.5 25 310   M    M   6 1      33 310
16  66  45  56   1   9   0    T    M    M 12.6 28 320   M    M   4        34 330
17  62  39  51  -3  14   0 0.00    M    M  2.9  9 230   M    M   0        12 230
18  70  42  56   2   9   0 0.00    M    M  4.7 12 180   M    M   0        14 180
19  74  43  59   5   6   0 0.00    M    M  4.9 14 280   M    M   0        17 290
20  75  53  64  11   1   0 0.00    M    M  5.4 17 310   M    M   0        22 310
21  76  45  61   8   4   0 0.00    M    M  3.3  9 140   M    M   0 8      12 190
================================================================================
SM 1572 1153        70  74  1.17    M    123.0          M       74
================================================================================
AV 74.9 54.9                               5.9 FASTST   M    M   4    MAX(MPH)
                                 MISC ---->  # 28 320               # 34  330
================================================================================
NOTES:
# LAST OF SEVERAL OCCURRENCES

COLUMN 17 PEAK WIND IN M.P.H.

PRELIMINARY LOCAL CLIMATOLOGICAL DATA (WS FORM: F-6) , PAGE 2

                                          STATION:  HAGERSTOWN MD
                                          MONTH:    OCTOBER
                                          YEAR:     2017
                                          LATITUDE:   39 42 N
                                          LONGITUDE:  77 43 W

[TEMPERATURE DATA]      [PRECIPITATION DATA]       SYMBOLS USED IN COLUMN 16

AVERAGE MONTHLY: 64.9   TOTAL FOR MONTH:   1.17    1 = FOG OR MIST
DPTR FM NORMAL:   8.6   DPTR FM NORMAL:   -0.94    2 = FOG REDUCING VISIBILITY
HIGHEST:    86 ON  9, 7 GRTST 24HR  0.75 ON  9- 9      TO 1/4 MILE OR LESS
LOWEST:     39 ON 17                               3 = THUNDER
                        SNOW, ICE PELLETS, HAIL    4 = ICE PELLETS
                        TOTAL MONTH:    M          5 = HAIL
                        GRTST 24HR    M  ON   M    6 = FREEZING RAIN OR DRIZZLE
                        GRTST DEPTH:  M  ON   M    7 = DUSTSTORM OR SANDSTORM:
                                                       VSBY 1/2 MILE OR LESS
                                                   8 = SMOKE OR HAZE
[NO. OF DAYS WITH]      [WEATHER - DAYS WITH]      9 = BLOWING SNOW
                                                   X = TORNADO
MAX 32 OR BELOW:   0    0.01 INCH OR MORE:   4
MAX 90 OR ABOVE:   0    0.10 INCH OR MORE:   3
MIN 32 OR BELOW:   0    0.50 INCH OR MORE:   1
MIN  0 OR BELOW:   0    1.00 INCH OR MORE:   0

[HDD (BASE 65) ]
TOTAL THIS MO.    70    CLEAR  (SCALE 0-3)  11
DPTR FM NORMAL  -122    PTCLDY (SCALE 4-7)   7
TOTAL FM JUL 1   110    CLOUDY (SCALE 8-10)  3
DPTR FM NORMAL  -156

[CDD (BASE 65) ]
TOTAL THIS MO.    74
DPTR FM NORMAL    65    [PRESSURE DATA]
TOTAL FM JAN 1  1332    HIGHEST SLP M ON M
DPTR FM NORMAL   364    LOWEST  SLP 29.85 ON M

[REMARKS]
