000
CXUS51 KLWX 260620
CF6HGR
PRELIMINARY LOCAL CLIMATOLOGICAL DATA (WS FORM: F-6)

                                          STATION:   HAGERSTOWN MD
                                          MONTH:     MAY
                                          YEAR:      2016
                                          LATITUDE:   39 42 N
                                          LONGITUDE:  77 43 W

  TEMPERATURE IN F:       :PCPN:    SNOW:  WIND      :SUNSHINE: SKY     :PK WND
================================================================================
1   2   3   4   5  6A  6B    7    8   9   10  11  12  13   14  15   16   17  18
                                     12Z  AVG MX 2MIN
DY MAX MIN AVG DEP HDD CDD  WTR  SNW DPTH SPD SPD DIR MIN PSBL S-S WX    SPD DR
================================================================================

 1  60  51  56  -2   9   0 0.52    M    M  8.3 16 150   M    M   9 1      22 150
 2  83  54  69  11   0   4 0.03    M    M  7.1 18 270   M    M   7 138    24 270
 3  72  57  65   7   0   0 0.71    M    M  6.3 14  80   M    M   8 13     26 330
 4  63  53  58   0   7   0 0.03    M    M  6.6 15  70   M    M   9 18     19  60
 5  59  50  55  -4  10   0 0.13    M    M  7.9 18  30   M    M  10 18     22  30
 6  56  51  54  -5  11   0 0.29    M    M  8.1 15 340   M    M   9 1      21 340
 7  65  49  57  -2   8   0 0.02    M    M  5.1 10  10   M    M   7 18     20 350
 8  69  52  61   1   4   0 0.01    M    M 11.8 29 320   M    M   2        38 310
 9  60  46  53  -7  12   0    T    M    M  5.0 14 190   M    M   5        17 190
10  58  50  54  -6  11   0 0.18    M    M  4.1 13  30   M    M  10 1      17  40
11  61  53  57  -3   8   0 0.09    M    M  3.5  8  60   M    M  10 18     10 340
12  72  57  65   4   0   0 0.00    M    M  5.8 14 170   M    M   8 18     19 180
13  77  60  69   8   0   4 0.04    M    M  9.7 23 290   M    M   6 1      28 290
14  70  48  59  -2   6   0 0.13    M    M  8.9 32 280   M    M   4        40 280
15  58  43  51 -11  14   0 0.01    M    M 13.5 32 300   M    M   7        39 280
16  67  38  53  -9  12   0 0.00    M    M  6.1 18 290   M    M   1        24 280
17  61  51  56  -6   9   0 0.05    M    M  2.6 10 170   M    M   7        12 170
18  58  52  55  -7  10   0 0.15    M    M  5.6 12 330   M    M  10 1      17 340
19  72  50  61  -2   4   0 0.00    M    M  2.3 10 360   M    M   5 1      13 360
20  75  48  62  -1   3   0 0.00    M    M  5.8 15 150   M    M   0        22 170
21  64  53  59  -4   6   0 0.68    M    M  6.5 12  60   M    M  10 1      15 160
22  57  52  55  -9  10   0 0.54    M    M  6.1 12 320   M    M  10 1      27 330
23  76  53  65   1   0   0 0.04    M    M  4.1 22  70   M    M   7 123    26 360
24  83  53  68   4   0   3 0.00    M    M  7.1 21 300   M    M   1 1      26 310
25  86  57  72   7   0   7 0.00    M    M  4.9 13 220   M    M   0        16 220
================================================================================
SM 1682 1281       154  18  3.65    M    162.8          M      162
================================================================================
AV 67.3 51.2                               6.5 FASTST   M    M   6    MAX(MPH)
                                 MISC ---->  # 32 280               # 40  280
================================================================================
NOTES:
# LAST OF SEVERAL OCCURRENCES

COLUMN 17 PEAK WIND IN M.P.H.

PRELIMINARY LOCAL CLIMATOLOGICAL DATA (WS FORM: F-6) , PAGE 2

                                          STATION:  HAGERSTOWN MD
                                          MONTH:    MAY
                                          YEAR:     2016
                                          LATITUDE:   39 42 N
                                          LONGITUDE:  77 43 W

[TEMPERATURE DATA]      [PRECIPITATION DATA]       SYMBOLS USED IN COLUMN 16

AVERAGE MONTHLY: 59.3   TOTAL FOR MONTH:   3.65    1 = FOG OR MIST
DPTR FM NORMAL:  -1.8   DPTR FM NORMAL:    0.48    2 = FOG REDUCING VISIBILITY
HIGHEST:    86 ON 25    GRTST 24HR  0.71 ON  2- 3      TO 1/4 MILE OR LESS
LOWEST:     38 ON 16                               3 = THUNDER
                        SNOW, ICE PELLETS, HAIL    4 = ICE PELLETS
                        TOTAL MONTH:    M          5 = HAIL
                        GRTST 24HR    M  ON   M    6 = FREEZING RAIN OR DRIZZLE
                        GRTST DEPTH:  M  ON   M    7 = DUSTSTORM OR SANDSTORM:
                                                       VSBY 1/2 MILE OR LESS
                                                   8 = SMOKE OR HAZE
[NO. OF DAYS WITH]      [WEATHER - DAYS WITH]      9 = BLOWING SNOW
                                                   X = TORNADO
MAX 32 OR BELOW:   0    0.01 INCH OR MORE:  18
MAX 90 OR ABOVE:   0    0.10 INCH OR MORE:   9
MIN 32 OR BELOW:   0    0.50 INCH OR MORE:   4
MIN  0 OR BELOW:   0    1.00 INCH OR MORE:   0

[HDD (BASE 65) ]
TOTAL THIS MO.   154    CLEAR  (SCALE 0-3)   5
DPTR FM NORMAL    16    PTCLDY (SCALE 4-7)  10
TOTAL FM JUL 1  4199    CLOUDY (SCALE 8-10) 10
DPTR FM NORMAL  -953

[CDD (BASE 65) ]
TOTAL THIS MO.    18
DPTR FM NORMAL   -21    [PRESSURE DATA]
TOTAL FM JAN 1    34    HIGHEST SLP M ON M
DPTR FM NORMAL   -20    LOWEST  SLP 29.62 ON  5

[REMARKS]
