000
CXUS51 KLWX 300620
CF6HGR
PRELIMINARY LOCAL CLIMATOLOGICAL DATA (WS FORM: F-6)

                                          STATION:   HAGERSTOWN MD
                                          MONTH:     AUGUST
                                          YEAR:      2015
                                          LATITUDE:   39 42 N
                                          LONGITUDE:  77 43 W

  TEMPERATURE IN F:       :PCPN:    SNOW:  WIND      :SUNSHINE: SKY     :PK WND
================================================================================
1   2   3   4   5  6A  6B    7    8   9   10  11  12  13   14  15   16   17  18
                                     12Z  AVG MX 2MIN
DY MAX MIN AVG DEP HDD CDD  WTR  SNW DPTH SPD SPD DIR MIN PSBL S-S WX    SPD DR
================================================================================

 1  91  68  80   5   0  15 0.00    M    M  6.9 17 280   M    M   3        23 280
 2  89  63  76   1   0  11 0.00    M    M  7.5 17 180   M    M   2        22 180
 3  93  67  80   5   0  15 0.00    M    M  7.8 17 180   M    M   2        23 270
 4  90  64  77   2   0  12 0.38    M    M  7.1 44 290   M    M   2 138    55 290
 5  88  67  78   4   0  13 0.00    M    M  6.1 20 290   M    M   3        24 280
 6  79  63  71  -3   0   6 0.09    M    M  4.2 12 320   M    M   6 1      14 300
 7  79  65  72  -2   0   7 0.00    M    M  4.3  9 300   M    M   8 1      12  80
 8  84  64  74   0   0   9 0.00    M    M  3.3 13 120   M    M   5 128    14 110
 9  85  69  77   3   0  12 0.00    M    M  5.1 12 150   M    M   8        15 170
10  75  71  73  -1   0   8 0.00    M    M 10.3 17 170   M    M  10        23 160
11  89  71  80   6   0  15 0.20    M    M  9.3 22 320   M    M   6 1      27 290
12  84  66  75   1   0  10 0.00    M    M  9.4 21 300   M    M   3        27 310
13  82  59  71  -3   0   6 0.00    M    M  4.2 17 300   M    M   0        21 300
14  88  59  74   0   0   9 0.00    M    M  5.0 13 180   M    M   0        16 160
15  91  65  78   4   0  13 0.00    M    M  5.8 13 180   M    M   0        17 200
16  95  69  82   8   0  17 0.00    M    M  5.0 14 160   M    M   1        17 130
17  94  71  83  10   0  18 0.00    M    M  4.5 13 160   M    M   0        20 230
18   M   M   M   M   M   M 0.00    M    M 10.6 14 170   M    M   3         M  M
19  89  74  82   9   0  17    T    M    M  9.9 18 180   M    M   9        26 180
20  84  70  77   4   0  12 0.72    M    M  5.4 15 270   M    M   5 13     21 240
21  84  63  74   1   0   9 0.00    M    M  6.9 15 350   M    M   0        22 320
22  84  57  71  -2   0   6 0.00    M    M  4.8 13 340   M    M   0 8      16 340
23  82  58  70  -3   0   5 0.00    M    M  3.5 13 180   M    M   1 8      16 150
24  89  66  78   6   0  13 0.00    M    M  4.7 15 300   M    M   3        21 270
25  82  64  73   1   0   8 0.00    M    M  6.3 22 280   M    M   3        25 280
26  78  60  69  -3   0   4 0.00    M    M  5.4 14 300   M    M   4        17 320
27  79  59  69  -3   0   4 0.00    M    M  4.3 14 320   M    M   5        18 360
28  83  57  70  -2   0   5 0.00    M    M  3.0  9 310   M    M   2        15 230
29  88  60  74   3   0   9 0.00    M    M  5.2 12 180   M    M   0 8      16 210
================================================================================
SM 2398 1809         0 288  1.39    M    175.8          M       94
================================================================================
AV 85.6 64.6                               6.1 FASTST   M    M   3    MAX(MPH)
                                 MISC ---->  # 44 290               # 55  290
================================================================================
NOTES:
# LAST OF SEVERAL OCCURRENCES

COLUMN 17 PEAK WIND IN M.P.H.

PRELIMINARY LOCAL CLIMATOLOGICAL DATA (WS FORM: F-6) , PAGE 2

                                          STATION:  HAGERSTOWN MD
                                          MONTH:    AUGUST
                                          YEAR:     2015
                                          LATITUDE:   39 42 N
                                          LONGITUDE:  77 43 W

[TEMPERATURE DATA]      [PRECIPITATION DATA]       SYMBOLS USED IN COLUMN 16

AVERAGE MONTHLY: 75.1   TOTAL FOR MONTH:   1.39    1 = FOG OR MIST
DPTR FM NORMAL:   1.7   DPTR FM NORMAL:   -1.55    2 = FOG REDUCING VISIBILITY
HIGHEST:    95 ON 16    GRTST 24HR  0.72 ON 20-20      TO 1/4 MILE OR LESS
LOWEST:     57 ON 28,22                            3 = THUNDER
                        SNOW, ICE PELLETS, HAIL    4 = ICE PELLETS
                        TOTAL MONTH:    M          5 = HAIL
                        GRTST 24HR    M  ON   M    6 = FREEZING RAIN OR DRIZZLE
                        GRTST DEPTH:  M  ON   M    7 = DUSTSTORM OR SANDSTORM:
                                                       VSBY 1/2 MILE OR LESS
                                                   8 = SMOKE OR HAZE
[NO. OF DAYS WITH]      [WEATHER - DAYS WITH]      9 = BLOWING SNOW
                                                   X = TORNADO
MAX 32 OR BELOW:   0    0.01 INCH OR MORE:   4
MAX 90 OR ABOVE:   6    0.10 INCH OR MORE:   3
MIN 32 OR BELOW:   0    0.50 INCH OR MORE:   1
MIN  0 OR BELOW:   0    1.00 INCH OR MORE:   0

[HDD (BASE 65) ]
TOTAL THIS MO.     0    CLEAR  (SCALE 0-3)  15
DPTR FM NORMAL     0    PTCLDY (SCALE 4-7)  12
TOTAL FM JUL 1     0    CLOUDY (SCALE 8-10)  2
DPTR FM NORMAL     0

[CDD (BASE 65) ]
TOTAL THIS MO.   288
DPTR FM NORMAL    39    [PRESSURE DATA]
TOTAL FM JAN 1  1113    HIGHEST SLP M ON M
DPTR FM NORMAL   258    LOWEST  SLP 29.75 ON 11

[REMARKS]
