000
CXUS53 KGID 010730
CF6HJH
PRELIMINARY LOCAL CLIMATOLOGICAL DATA (WS FORM: F-6)

                                          STATION:   HEBRON
                                          MONTH:     AUGUST
                                          YEAR:      2014
                                          LATITUDE:   40  9 N
                                          LONGITUDE:  97 35 W

  TEMPERATURE IN F:       :PCPN:    SNOW:  WIND      :SUNSHINE: SKY     :PK WND
================================================================================
1   2   3   4   5  6A  6B    7    8   9   10  11  12  13   14  15   16   17  18
                                     12Z  AVG MX 2MIN
DY MAX MIN AVG DEP HDD CDD  WTR  SNW DPTH SPD SPD DIR MIN PSBL S-S WX    SPD DR
================================================================================

 1  84  58  71  -6   0   6 0.00    M    M  5.5 14  20   M    M   1 1      22  20
 2  90  60  75  -2   0  10    T    M    M  3.2  8 160   M    M   0 1       M  M
 3  94  59  77   0   0  12 0.00    M    M  4.6 14 250   M    M   1        17 230
 4  92  63  78   1   0  13 0.00    M    M  2.8 10  60   M    M   3 1       M  M
 5  96  67  82   5   0  17 0.00    M    M  5.0 12 140   M    M   2 1       M  M
 6  85  70  78   2   0  13 0.07    M    M  4.7 12 140   M    M   4 13      M  M
 7  84  65  75  -1   0  10    T    M    M  3.9 10  30   M    M   6 18      M  M
 8  87  64  76   0   0  11 0.00    M    M  4.9 14  70   M    M   6 1      17  70
 9  87  63  75  -1   0  10 1.18    M    M  7.7 18 170   M    M   5 123    28 270
10  83  65  74  -2   0   9 0.15    M    M  3.3  8  70   M    M   4         M  M
11  78  61  70  -6   0   5 0.00    M    M  8.1 14 360   M    M   1        21 340
12  80  54  67  -9   0   2 0.00    M    M  1.9  7  10   M    M   0         M  M
13  84  55  70  -6   0   5 0.00    M    M  2.4  8 160   M    M   0         M  M
14  87  60  74  -2   0   9 0.00    M    M  7.2 14 150   M    M   0 3      21 150
15  79  67  73  -3   0   8 0.39    M    M  5.6 14 170   M    M   5 1      21 140
16  85  67  76   0   0  11    T    M    M  1.7  6 340   M    M   7 12      M  M
17  89  64  77   2   0  12 0.67    M    M  3.1 25 310   M    M   2 13     38 310
18  87  60  74  -1   0   9 0.00    M    M  2.3 13 100   M    M   0        27 100
19  90  68  79   4   0  14 0.00    M    M  3.2  8 310   M    M   1         M  M
20  92  70  81   6   0  16 0.00    M    M  8.5 17 180   M    M   0        27 180
21  91  71  81   6   0  16 0.15    M    M   M   M   M   M    M   M         M  M
22  88  69  79   4   0  14 0.00    M    M  3.8 10 170   M    M   1 3       M  M
23  93  69  81   7   0  16    T    M    M  8.4 13 160   M    M   2 3      21 160
24  88  65  77   3   0  12 0.00    M    M  4.6 12 170   M    M   0         M  M
25  86  63  75   1   0  10 0.00    M    M  7.4 16  50   M    M   1 3      21  10
26  87  63  75   1   0  10 0.00    M    M  5.0  9 120   M    M   3 3       M  M
27  80  68  74   1   0   9 0.42    M    M  3.3  8 100   M    M   7 13      M  M
28  82  69  76   3   0  11 0.12    M    M  7.2 14 180   M    M   4 13     23 200
29  80  65  73   0   0   8 0.12    M    M  3.5  9 250   M    M   4 3       M  M
30  86  60  73   0   0   8 0.00    M    M  2.8  8 170   M    M   0         M  M
31  91  63  77   5   0  12 0.02    M    M  7.1 18 180   M    M   2 3      23 180
================================================================================
SM 2685 1985         0 328  3.29    M    142.7          M       72
================================================================================
AV 86.6 64.0                               4.8 FASTST   M    M   2    MAX(MPH)
                                 MISC ---->    25   M               # 38  310
================================================================================
NOTES:
# LAST OF SEVERAL OCCURRENCES

COLUMN 17 PEAK WIND IN M.P.H.

PRELIMINARY LOCAL CLIMATOLOGICAL DATA (WS FORM: F-6) , PAGE 2

                                          STATION:  HEBRON
                                          MONTH:    AUGUST
                                          YEAR:     2014
                                          LATITUDE:   40  9 N
                                          LONGITUDE:  97 35 W

[TEMPERATURE DATA]      [PRECIPITATION DATA]       SYMBOLS USED IN COLUMN 16

AVERAGE MONTHLY: 75.3   TOTAL FOR MONTH:   3.29    1 = FOG OR MIST
DPTR FM NORMAL:   0.1   DPTR FM NORMAL:   -0.44    2 = FOG REDUCING VISIBILITY
HIGHEST:    96 ON  5    GRTST 24HR  1.18 ON  9- 9      TO 1/4 MILE OR LESS
LOWEST:     54 ON 12                               3 = THUNDER
                        SNOW, ICE PELLETS, HAIL    4 = ICE PELLETS
                        TOTAL MONTH:    M          5 = HAIL
                        GRTST 24HR    M  ON   M    6 = FREEZING RAIN OR DRIZZLE
                        GRTST DEPTH:  M  ON   M    7 = DUSTSTORM OR SANDSTORM:
                                                       VSBY 1/2 MILE OR LESS
                                                   8 = SMOKE OR HAZE
[NO. OF DAYS WITH]      [WEATHER - DAYS WITH]      9 = BLOWING SNOW
                                                   X = TORNADO
MAX 32 OR BELOW:   0    0.01 INCH OR MORE:  10
MAX 90 OR ABOVE:   9    0.10 INCH OR MORE:   8
MIN 32 OR BELOW:   0    0.50 INCH OR MORE:   2
MIN  0 OR BELOW:   0    1.00 INCH OR MORE:   1

[HDD (BASE 65) ]
TOTAL THIS MO.     0    CLEAR  (SCALE 0-3)  20
DPTR FM NORMAL    -6    PTCLDY (SCALE 4-7)  10
TOTAL FM JUL 1     2    CLOUDY (SCALE 8-10)  0
DPTR FM NORMAL    -6

[CDD (BASE 65) ]
TOTAL THIS MO.   328
DPTR FM NORMAL     6    [PRESSURE DATA]
TOTAL FM JAN 1  1062    HIGHEST SLP M ON M
DPTR FM NORMAL    61    LOWEST  SLP M ON M

[REMARKS]
#FINAL-08-14#
