000
CXUS56 KHNX 301146
CF6HJO
PRELIMINARY LOCAL CLIMATOLOGICAL DATA (WS FORM: F-6)

                                          STATION:   HANFORD CA AIRPORT
                                          MONTH:     JANUARY
                                          YEAR:      2015
                                          LATITUDE:   36 19 N
                                          LONGITUDE: 119 38 W

  TEMPERATURE IN F:       :PCPN:    SNOW:  WIND      :SUNSHINE: SKY     :PK WND
================================================================================
1   2   3   4   5  6A  6B    7    8   9   10  11  12  13   14  15   16   17  18
                                     12Z  AVG MX 2MIN
DY MAX MIN AVG DEP HDD CDD  WTR  SNW DPTH SPD SPD DIR MIN PSBL S-S WX    SPD DR
================================================================================

 1  52  26  39  -5  26   0 0.00  0.0    0  1.9  7  50   M    M   0 18      8  60
 2  54  26  40  -4  25   0 0.00  0.0    0  1.3  7 310   M    M   0 18     10 310
 3  55  27  41  -3  24   0 0.00  0.0    0  1.6  7  70   M    M   0 18      7  60
 4  55  29  42  -2  23   0 0.00  0.0    0  1.9 14 180   M    M   0 18     18 110
 5  58  29  44   0  21   0 0.00  0.0    0  2.0  6  90   M    M   2 128     7 160
 6  66  32  49   5  16   0 0.00  0.0    0  2.9  7 320   M    M   0 18      9 280
 7  65  33  49   5  16   0 0.00  0.0    0  1.0  7  50   M    M   2 128     8 190
 8  66  36  51   7  14   0 0.00  0.0    0  2.0  9  60   M    M   3 128    10 220
 9  65  45  55  11  10   0 0.00  0.0    0  3.3  9  70   M    M   1 128    12 120
10  67  42  55  11  10   0 0.00  0.0    0  0.9  7 190   M    M   3 128     9 210
11  65  45  55  10  10   0 0.00  0.0    0  2.7  7 160   M    M   3 128     9 280
12  57  45  51   6  14   0 0.00  0.0    0  2.1  7  20   M    M  10 128     8 300
13  59  40  50   5  15   0 0.00  0.0    0  1.8  7  20   M    M   6 128     9  40
14  59  36  48   3  17   0 0.00  0.0    0  3.3 10 310   M    M   7 128    13 310
15  48  40  44  -1  21   0 0.00  0.0    0  3.9 12 130   M    M  10 12     14 160
16  51  40  46   1  19   0 0.00  0.0    0  3.2 10 260   M    M   6 18     13 250
17  49  38  44  -1  21   0 0.00  0.0    0  2.7  8 140   M    M  10 12     10 170
18  48  44  46   1  19   0 0.00  0.0    0  2.0  9  70   M    M  10 12     10  70
19  49  45  47   1  18   0 0.00  0.0    0  1.7  7  60   M    M  10 12      9  60
20  49  46  48   2  17   0 0.00  0.0    0  2.3  7 330   M    M  10 18      M  M
21  50  47  49   3  16   0 0.00  0.0    0  1.4  7 140   M    M  10 18      9 140
22  53  38  46   0  19   0 0.00  0.0    0  3.2  9  20   M    M   6 18     12  20
23  49  36  43  -3  22   0 0.00  0.0    0  2.8  8  90   M    M   8 128    11  10
24  46  42  44  -2  21   0 0.00  0.0    0  2.2  9  50   M    M  10 12     12  50
25  51  36  44  -2  21   0 0.00    M    0  2.4  9 200   M    M   8 128    10 200
26  56  35  46   0  19   0    T    M    0  3.3 10  30   M    M   8 128    12  40
27  67  49  58  11   7   0 0.04  0.0    0  3.4  9 170   M    M   6 18     11 180
28  57  42  50   3  15   0 0.00  0.0    0  1.9  8 320   M    M   5 128     9 350
29  63  44  54   7  11   0 0.00  0.0    0  1.9  8 310   M    M   6 128    12 310
================================================================================
SM 1629 1113       507   0  0.04     0.0  67.0          M      160
================================================================================
AV 56.2 38.4                               2.3 FASTST   M    M   6    MAX(MPH)
                                 MISC ---->  # 14 180               # 18  110
================================================================================
NOTES:
# LAST OF SEVERAL OCCURRENCES

COLUMN 17 PEAK WIND IN M.P.H.

PRELIMINARY LOCAL CLIMATOLOGICAL DATA (WS FORM: F-6) , PAGE 2

                                          STATION:  HANFORD CA AIRPORT
                                          MONTH:    JANUARY
                                          YEAR:     2015
                                          LATITUDE:   36 19 N
                                          LONGITUDE: 119 38 W

[TEMPERATURE DATA]      [PRECIPITATION DATA]       SYMBOLS USED IN COLUMN 16

AVERAGE MONTHLY: 47.3   TOTAL FOR MONTH:   0.04    1 = FOG OR MIST
DPTR FM NORMAL:   2.1   DPTR FM NORMAL:   -1.92    2 = FOG REDUCING VISIBILITY
HIGHEST:    67 ON 27,10 GRTST 24HR  0.04 ON 27-27      TO 1/4 MILE OR LESS
LOWEST:     26 ON  2, 1                            3 = THUNDER
                        SNOW, ICE PELLETS, HAIL    4 = ICE PELLETS
                        TOTAL MONTH:   0.0 INCH    5 = HAIL
                        GRTST 24HR     0.0         6 = FREEZING RAIN OR DRIZZLE
                        GRTST DEPTH:   0           7 = DUSTSTORM OR SANDSTORM:
                                                       VSBY 1/2 MILE OR LESS
                                                   8 = SMOKE OR HAZE
[NO. OF DAYS WITH]      [WEATHER - DAYS WITH]      9 = BLOWING SNOW
                                                   X = TORNADO
MAX 32 OR BELOW:   0    0.01 INCH OR MORE:   1
MAX 90 OR ABOVE:   0    0.10 INCH OR MORE:   0
MIN 32 OR BELOW:   6    0.50 INCH OR MORE:   0
MIN  0 OR BELOW:   0    1.00 INCH OR MORE:   0

[HDD (BASE 65) ]
TOTAL THIS MO.   507    CLEAR  (SCALE 0-3)  10
DPTR FM NORMAL   -69    PTCLDY (SCALE 4-7)  10
TOTAL FM JUL 1  1255    CLOUDY (SCALE 8-10)  9
DPTR FM NORMAL  -453

[CDD (BASE 65) ]
TOTAL THIS MO.     0
DPTR FM NORMAL     0    [PRESSURE DATA]
TOTAL FM JAN 1     0    HIGHEST SLP M ON M
DPTR FM NORMAL     0    LOWEST  SLP 29.94 ON 10

[REMARKS]
