000
CXUS54 KJAN 011200
CF6HKS
PRELIMINARY LOCAL CLIMATOLOGICAL DATA (WS FORM: F-6)

                                          STATION:   JACKSON HAWKINS
                                          MONTH:     JUNE
                                          YEAR:      2015
                                          LATITUDE:   32 20 N
                                          LONGITUDE:  90 14 W

  TEMPERATURE IN F:       :PCPN:    SNOW:  WIND      :SUNSHINE: SKY     :PK WND
================================================================================
1   2   3   4   5  6A  6B    7    8   9   10  11  12  13   14  15   16   17  18
                                     12Z  AVG MX 2MIN
DY MAX MIN AVG DEP HDD CDD  WTR  SNW DPTH SPD SPD DIR MIN PSBL S-S WX    SPD DR
================================================================================

 1  83  67  75  -2   0  10 0.00  0.0    0  2.8 10 340   M    M   6 12     26 190
 2  83  64  74  -3   0   9 0.00  0.0    0  4.6 10 360   M    M   2        16  60
 3  83  62  73  -4   0   8 0.00  0.0    0  2.1  9  40   M    M   1        17  40
 4  85  64  75  -2   0  10 0.00  0.0    0  2.6  9 330   M    M   2        14 350
 5  89  64  77  -1   0  12 0.00  0.0    0  2.3  9  20   M    M   1        15  10
 6  91  71  81   3   0  16 0.00  0.0    0  2.6  9 310   M    M   2        14 330
 7  88  73  81   3   0  16 0.00  0.0    0  2.6 24 340   M    M   3 3      32 340
 8  92  71  82   4   0  17 0.00  0.0    0  4.9 21 120   M    M   0 13     24 100
 9  87  72  80   2   0  15 0.06  0.0    0  5.8 17 280   M    M   3 38     23 270
10  90  69  80   2   0  15    T  0.0    0  4.0 24 130   M    M   3 13     32 140
11  91  71  81   2   0  16 0.00  0.0    0  5.0 15 220   M    M   2        23 300
12  88  71  80   1   0  15 0.10  0.0    0  6.6 24 220   M    M   2 13     34 210
13  91  71  81   2   0  16 0.65  0.0    0  7.6 23 140   M    M   4 138    33 110
14  90  74  82   3   0  17 0.53  0.0    0  7.2 30 210   M    M   5 138    37 180
15  91  74  83   4   0  18 0.08  0.0    0  7.2 21 160   M    M   2 138    26 160
16  91  73  82   2   0  17 0.00  0.0    0  5.5 15 160   M    M   2        22 160
17  92  74  83   3   0  18 0.00  0.0    0  7.3 16 180   M    M   1 1       M  M
18  92  74  83   3   0  18 0.00  0.0    0  7.8 15 180   M    M   2        23 140
19  91  77  84   4   0  19    T  0.0    0 10.1 18 220   M    M   3        23 220
20  91  77  84   4   0  19 0.00  0.0    0  9.1 16 240   M    M   4        24 270
21  92  76  84   4   0  19 0.00  0.0    0  4.1 14 250   M    M   0        28 300
22  93  75  84   4   0  19 0.00  0.0    0  4.2 10 280   M    M   1        13 290
23  95  78  87   6   0  22 0.00  0.0    0  4.2 12 280   M    M   0 8      15 300
24  94  72  83   2   0  18 1.36  0.0    0  4.9 26 170   M    M   4 138    34 160
25  92  71  82   1   0  17 0.00  0.0    0  3.1  9 270   M    M   0 3      13 210
26  91  73  82   1   0  17 0.33  0.0    0  5.1 25 290   M    M   1 13     30 290
27  86  74  80  -1   0  15 0.01  0.0    0  7.0 15 280   M    M   5 3      20 300
28  87  70  79  -2   0  14 0.00  0.0    0  2.2  M   M   M    M   0         M  M
29  91  68  80  -1   0  15 0.00  0.0    0  6.2 24 310   M    M   1 3      32 320
30  88  70  79  -2   0  14 1.09  0.0    0  8.6 25 220   M    M   3 13     33 230
================================================================================
SM 2688 2140         0 471  4.21     0.0 157.3          M       65
================================================================================
AV 89.6 71.3                               5.2 FASTST   M    M   2    MAX(MPH)
                                 MISC ---->  # 30 210               # 37  180
================================================================================
NOTES:
# LAST OF SEVERAL OCCURRENCES

COLUMN 17 PEAK WIND IN M.P.H.

PRELIMINARY LOCAL CLIMATOLOGICAL DATA (WS FORM: F-6) , PAGE 2

                                          STATION:  JACKSON HAWKINS
                                          MONTH:    JUNE
                                          YEAR:     2015
                                          LATITUDE:   32 20 N
                                          LONGITUDE:  90 14 W

[TEMPERATURE DATA]      [PRECIPITATION DATA]       SYMBOLS USED IN COLUMN 16

AVERAGE MONTHLY: 80.5   TOTAL FOR MONTH:   4.21    1 = FOG OR MIST
DPTR FM NORMAL:   1.2   DPTR FM NORMAL:    0.08    2 = FOG REDUCING VISIBILITY
HIGHEST:    95 ON 23    GRTST 24HR  1.36 ON 24-24      TO 1/4 MILE OR LESS
LOWEST:     62 ON  3                               3 = THUNDER
                        SNOW, ICE PELLETS, HAIL    4 = ICE PELLETS
                        TOTAL MONTH:   0.0 INCH    5 = HAIL
                        GRTST 24HR     0.0         6 = FREEZING RAIN OR DRIZZLE
                        GRTST DEPTH:   0           7 = DUSTSTORM OR SANDSTORM:
                                                       VSBY 1/2 MILE OR LESS
                                                   8 = SMOKE OR HAZE
[NO. OF DAYS WITH]      [WEATHER - DAYS WITH]      9 = BLOWING SNOW
                                                   X = TORNADO
MAX 32 OR BELOW:   0    0.01 INCH OR MORE:   9
MAX 90 OR ABOVE:  19    0.10 INCH OR MORE:   6
MIN 32 OR BELOW:   0    0.50 INCH OR MORE:   4
MIN  0 OR BELOW:   0    1.00 INCH OR MORE:   2

[HDD (BASE 65) ]
TOTAL THIS MO.     0    CLEAR  (SCALE 0-3)  24
DPTR FM NORMAL     0    PTCLDY (SCALE 4-7)   6
TOTAL FM JUL 1  2324    CLOUDY (SCALE 8-10)  0
DPTR FM NORMAL   106

[CDD (BASE 65) ]
TOTAL THIS MO.   471
DPTR FM NORMAL    42    [PRESSURE DATA]
TOTAL FM JAN 1   930    HIGHEST SLP 30.16 ON 24
DPTR FM NORMAL   123    LOWEST  SLP 29.79 ON 10

[REMARKS]
