377
CXUS52 KGSP 240817
CF6HKY
PRELIMINARY LOCAL CLIMATOLOGICAL DATA (WS FORM: F-6)

                                          STATION:   HICKORY NC
                                          MONTH:     NOVEMBER
                                          YEAR:      2017
                                          LATITUDE:   35 45 N
                                          LONGITUDE:  81 23 W

  TEMPERATURE IN F:       :PCPN:    SNOW:  WIND      :SUNSHINE: SKY     :PK WND
================================================================================
1   2   3   4   5  6A  6B    7    8   9   10  11  12  13   14  15   16   17  18
                                     12Z  AVG MX 2MIN
DY MAX MIN AVG DEP HDD CDD  WTR  SNW DPTH SPD SPD DIR MIN PSBL S-S WX    SPD DR
================================================================================

 1  69  44  57   2   8   0 0.00    M    M  1.2 15 220   M    M   0        20 220
 2  73  54  64  10   1   0 0.00    M    M  2.6 13 200   M    M   5        18 220
 3  80  50  65  11   0   0 0.37    M    M  1.8 12 340   M    M   3 1      15 350
 4  63  53  58   4   7   0 0.67    M    M  5.6 13  80   M    M  10 13     16  80
 5  60  52  56   3   9   0 0.00    M    M  1.5  6  70   M    M  10 1       9 100
 6  72  58  65  12   0   0 0.01    M    M  3.7 10 190   M    M   8 12     14 190
 7  63  52  58   5   7   0 0.43    M    M  2.2 15  80   M    M  10 12     18  70
 8  52  45  49  -3  16   0 0.06    M    M  7.2 14  60   M    M  10 1      18  60
 9  53  43  48  -4  17   0 0.01    M    M  4.0  8  60   M    M   7 1      12  60
10  62  38  50  -2  15   0 0.00    M    M  5.1 13  50   M    M   0        17  60
11  46  28  37 -15  28   0 0.00    M    M  4.6 13  50   M    M   0        17  50
12  46  31  39 -12  26   0 0.11    M    M  0.6  6 200   M    M   9 18      8 200
13  63  42  53   2  12   0 0.00    M    M  3.3 12  40   M    M   4 12     18  20
14  51  38  45  -5  20   0 0.00    M    M  2.3  8 290   M    M   9        10 290
15  52  38  45  -5  20   0 0.00    M    M  1.8  9  60   M    M   6        12 110
16  67  34  51   1  14   0 0.00    M    M  3.9 14 330   M    M   0 1      18 340
17  62  31  47  -2  18   0 0.00    M    M  1.5  8 190   M    M   0        11 100
18  61  41  51   2  14   0    T    M    M  9.6 22 200   M    M   4 1      31 210
19  57  34  46  -3  19   0 0.17    M    M  7.9 20 290   M    M   1 1      30 310
20  55  28  42  -6  23   0 0.00    M    M  2.9  9 190   M    M   0        12 190
21  57  32  45  -3  20   0 0.00    M    M  1.2  7 190   M    M   7 1      14 100
22  62  38  50   2  15   0 0.00    M    M  6.0 16 340   M    M   0 1      24 310
23  52  30  41  -6  24   0 0.00    M    M  1.8  7 200   M    M   0        10 180
================================================================================
SM 1378  934       333   0  1.83    M     82.3          M      103
================================================================================
AV 59.9 40.6                               3.6 FASTST   M    M   4    MAX(MPH)
                                 MISC ---->  # 22 200               # 31  210
================================================================================
NOTES:
# LAST OF SEVERAL OCCURRENCES

COLUMN 17 PEAK WIND IN M.P.H.

PRELIMINARY LOCAL CLIMATOLOGICAL DATA (WS FORM: F-6) , PAGE 2

                                          STATION:  HICKORY NC
                                          MONTH:    NOVEMBER
                                          YEAR:     2017
                                          LATITUDE:   35 45 N
                                          LONGITUDE:  81 23 W

[TEMPERATURE DATA]      [PRECIPITATION DATA]       SYMBOLS USED IN COLUMN 16

AVERAGE MONTHLY: 50.3   TOTAL FOR MONTH:   1.83    1 = FOG OR MIST
DPTR FM NORMAL:  -0.8   DPTR FM NORMAL:   -0.75    2 = FOG REDUCING VISIBILITY
HIGHEST:    80 ON  3    GRTST 24HR  0.67 ON  4- 4      TO 1/4 MILE OR LESS
LOWEST:     28 ON 20,11                            3 = THUNDER
                        SNOW, ICE PELLETS, HAIL    4 = ICE PELLETS
                        TOTAL MONTH:    M          5 = HAIL
                        GRTST 24HR    M  ON   M    6 = FREEZING RAIN OR DRIZZLE
                        GRTST DEPTH:  M  ON   M    7 = DUSTSTORM OR SANDSTORM:
                                                       VSBY 1/2 MILE OR LESS
                                                   8 = SMOKE OR HAZE
[NO. OF DAYS WITH]      [WEATHER - DAYS WITH]      9 = BLOWING SNOW
                                                   X = TORNADO
MAX 32 OR BELOW:   0    0.01 INCH OR MORE:   8
MAX 90 OR ABOVE:   0    0.10 INCH OR MORE:   5
MIN 32 OR BELOW:   6    0.50 INCH OR MORE:   1
MIN  0 OR BELOW:   0    1.00 INCH OR MORE:   0

[HDD (BASE 65) ]
TOTAL THIS MO.   333    CLEAR  (SCALE 0-3)   9
DPTR FM NORMAL    10    PTCLDY (SCALE 4-7)   8
TOTAL FM JUL 1   518    CLOUDY (SCALE 8-10)  6
DPTR FM NORMAL   -39

[CDD (BASE 65) ]
TOTAL THIS MO.     0
DPTR FM NORMAL     0    [PRESSURE DATA]
TOTAL FM JAN 1  1478    HIGHEST SLP M ON M
DPTR FM NORMAL   118    LOWEST  SLP 29.55 ON 18

[REMARKS]
