000
CXUS52 KGSP 250817
CF6HKY
PRELIMINARY LOCAL CLIMATOLOGICAL DATA (WS FORM: F-6)

                                          STATION:   HICKORY NC
                                          MONTH:     MAY
                                          YEAR:      2015
                                          LATITUDE:   35 45 N
                                          LONGITUDE:  81 23 W

  TEMPERATURE IN F:       :PCPN:    SNOW:  WIND      :SUNSHINE: SKY     :PK WND
================================================================================
1   2   3   4   5  6A  6B    7    8   9   10  11  12  13   14  15   16   17  18
                                     12Z  AVG MX 2MIN
DY MAX MIN AVG DEP HDD CDD  WTR  SNW DPTH SPD SPD DIR MIN PSBL S-S WX    SPD DR
================================================================================

 1  67  48  58  -4   7   0 0.00    M    M  7.8 18  20   M    M   5        27  20
 2  76  45  61  -2   4   0 0.00    M    M  4.5 15 360   M    M   1        20 320
 3  77  47  62  -1   3   0 0.00    M    M  4.5 14 220   M    M   1        20 260
 4  80  52  66   3   0   1 0.00    M    M  4.4 15 230   M    M   3        21 210
 5  82  56  69   6   0   4 0.00    M    M  3.6 12 200   M    M   1 8      17 200
 6  84  53  69   5   0   4 0.00    M    M  1.7 12  50   M    M   0 1      16  70
 7  82  55  69   5   0   4 0.00    M    M  3.2 13  60   M    M   0        18  50
 8  84  58  71   7   0   6 0.00    M    M  4.3 14  70   M    M   0 1      19  60
 9  85  57  71   7   0   6 0.00    M    M  5.0 13  60   M    M   2 1      19 120
10  84  61  73   8   0   8 0.00    M    M  5.9 16  60   M    M   3        23 100
11  88  62  75  10   0  10    T    M    M  4.2 15 200   M    M   1 1      20 230
12  87  64  76  11   0  11 0.00    M    M  6.1 17 280   M    M   1        23 270
13  84  59  72   7   0   7 0.00    M    M  4.7 12 310   M    M   0        16 290
14  72  53  63  -3   2   0 0.00    M    M  5.3 13  50   M    M   3        19  50
15  81  61  71   5   0   6 0.00    M    M  3.6 14 200   M    M   7 8      20 190
16  84  62  73   7   0   8 0.00    M    M  5.5 15 200   M    M   2 18     21 220
17  84  64  74   8   0   9 0.00    M    M  5.4 15 200   M    M   1        21 230
18  86  65  76   9   0  11 0.14    M    M  3.3 12 340   M    M   4 13     16 360
19  86  65  76   9   0  11 0.01    M    M  3.5 15 280   M    M   2 18     19 270
20  91  61  76   9   0  11 0.00    M    M  3.3 10 200   M    M   1        15 260
21  83  57  70   2   0   5    T    M    M  8.0 21 330   M    M   3        30 320
22  77  48  63  -5   2   0 0.00    M    M  3.5 12 350   M    M   1        16 360
23  80  50  65  -3   0   0 0.00    M    M  1.8  9 190   M    M   0        13 170
24  81  52  67  -1   0   2 0.00    M    M  3.3 15 200   M    M   1        20 200
================================================================================
SM 1965 1355        18 124  0.15    M    106.4          M       43
================================================================================
AV 81.9 56.5                               4.4 FASTST   M    M   2    MAX(MPH)
                                 MISC ---->  # 21 330               # 30  320
================================================================================
NOTES:
# LAST OF SEVERAL OCCURRENCES

COLUMN 17 PEAK WIND IN M.P.H.

PRELIMINARY LOCAL CLIMATOLOGICAL DATA (WS FORM: F-6) , PAGE 2

                                          STATION:  HICKORY NC
                                          MONTH:    MAY
                                          YEAR:     2015
                                          LATITUDE:   35 45 N
                                          LONGITUDE:  81 23 W

[TEMPERATURE DATA]      [PRECIPITATION DATA]       SYMBOLS USED IN COLUMN 16

AVERAGE MONTHLY: 69.2   TOTAL FOR MONTH:   0.15    1 = FOG OR MIST
DPTR FM NORMAL:   3.9   DPTR FM NORMAL:   -2.59    2 = FOG REDUCING VISIBILITY
HIGHEST:    91 ON 20    GRTST 24HR  0.15 ON 18-19      TO 1/4 MILE OR LESS
LOWEST:     45 ON  2                               3 = THUNDER
                        SNOW, ICE PELLETS, HAIL    4 = ICE PELLETS
                        TOTAL MONTH:    M          5 = HAIL
                        GRTST 24HR    M  ON   M    6 = FREEZING RAIN OR DRIZZLE
                        GRTST DEPTH:  M  ON   M    7 = DUSTSTORM OR SANDSTORM:
                                                       VSBY 1/2 MILE OR LESS
                                                   8 = SMOKE OR HAZE
[NO. OF DAYS WITH]      [WEATHER - DAYS WITH]      9 = BLOWING SNOW
                                                   X = TORNADO
MAX 32 OR BELOW:   0    0.01 INCH OR MORE:   2
MAX 90 OR ABOVE:   1    0.10 INCH OR MORE:   1
MIN 32 OR BELOW:   0    0.50 INCH OR MORE:   0
MIN  0 OR BELOW:   0    1.00 INCH OR MORE:   0

[HDD (BASE 65) ]
TOTAL THIS MO.    18    CLEAR  (SCALE 0-3)  20
DPTR FM NORMAL   -41    PTCLDY (SCALE 4-7)   4
TOTAL FM JUL 1  3638    CLOUDY (SCALE 8-10)  0
DPTR FM NORMAL    30

[CDD (BASE 65) ]
TOTAL THIS MO.   124
DPTR FM NORMAL    56    [PRESSURE DATA]
TOTAL FM JAN 1   158    HIGHEST SLP M ON M
DPTR FM NORMAL    61    LOWEST  SLP 29.77 ON 21

[REMARKS]
