000
CXUS52 KGSP 280817
CF6HKY
PRELIMINARY LOCAL CLIMATOLOGICAL DATA (WS FORM: F-6)

                                          STATION:   HICKORY NC
                                          MONTH:     MAY
                                          YEAR:      2017
                                          LATITUDE:   35 45 N
                                          LONGITUDE:  81 23 W

  TEMPERATURE IN F:       :PCPN:    SNOW:  WIND      :SUNSHINE: SKY     :PK WND
================================================================================
1   2   3   4   5  6A  6B    7    8   9   10  11  12  13   14  15   16   17  18
                                     12Z  AVG MX 2MIN
DY MAX MIN AVG DEP HDD CDD  WTR  SNW DPTH SPD SPD DIR MIN PSBL S-S WX    SPD DR
================================================================================

 1  74  60  67   5   0   2 0.24    M    M 11.9 23 200   M    M   7 13     33 220
 2  77  52  65   2   0   0 0.00    M    M  8.0 20 240   M    M   0        27 210
 3  80  54  67   4   0   2 0.00    M    M  3.0 12 210   M    M   0        17 180
 4  72  56  64   1   1   0 0.35    M    M  5.4 14  60   M    M   6 1      19 120
 5  64  51  58  -5   7   0 0.44    M    M  9.7 18 210   M    M   8 1      26 220
 6  61  43  52 -12  13   0 0.01    M    M  8.1 23 290   M    M   5        32 340
 7  68  40  54 -10  11   0 0.00    M    M  7.8 17 280   M    M   0        24 330
 8  72  45  59  -5   6   0 0.00    M    M  6.2 20 300   M    M   0        26 320
 9  77  53  65   1   0   0 0.10    M    M  3.2 10  60   M    M   6 1      13  60
10  86  52  69   4   0   4 0.00    M    M  4.0 15 240   M    M   1 12     20 280
11  80  64  72   7   0   7 0.00    M    M  6.7 17 220   M    M   0        22 230
12  70  53  62  -3   3   0 0.19    M    M  6.7 12  50   M    M   9 1      16  70
13  74  52  63  -2   2   0 0.05    M    M  2.9  8 360   M    M   6 1      11 360
14  82  49  66   0   0   1 0.00    M    M  6.1 14 280   M    M   0        19 270
15  85  60  73   7   0   8 0.00    M    M  3.7 12 250   M    M   0        16 280
16  86  58  72   6   0   7 0.00    M    M  2.6 13 200   M    M   0        17 200
17  85  62  74   8   0   9 0.00    M    M  6.4 15 210   M    M   0        21 220
18  82  65  74   7   0   9 0.00    M    M  7.8 16 200   M    M   3        24 180
19  86  66  76   9   0  11    T    M    M  4.6 14 330   M    M   2 3      19 320
20  86  65  76   9   0  11 0.00    M    M  2.9 13 240   M    M   1 18     17 220
21  77  62  70   2   0   5 1.24    M    M  6.8 15  60   M    M   9 1      18  50
22  78  60  69   1   0   4 0.25    M    M  2.0  9 210   M    M   7 123    13 210
23  67  61  64  -4   1   0 1.03    M    M  2.9 10 230   M    M  10 13     15 210
24  70  60  65  -3   0   0 0.14    M    M  3.2 15 190   M    M  10 12     21 180
25  70  59  65  -4   0   0    T    M    M  8.0 17 250   M    M   7        25 240
26  80  57  69   0   0   4 0.00    M    M  6.5 17 250   M    M   1        21 250
27  85  58  72   3   0   7    T    M    M  5.5 16 230   M    M   2 13     24 240
================================================================================
SM 2074 1517        44  91  4.04    M    152.6          M      100
================================================================================
AV 76.8 56.2                               5.7 FASTST   M    M   4    MAX(MPH)
                                 MISC ---->  # 23 200               # 33  220
================================================================================
NOTES:
# LAST OF SEVERAL OCCURRENCES

COLUMN 17 PEAK WIND IN M.P.H.

PRELIMINARY LOCAL CLIMATOLOGICAL DATA (WS FORM: F-6) , PAGE 2

                                          STATION:  HICKORY NC
                                          MONTH:    MAY
                                          YEAR:     2017
                                          LATITUDE:   35 45 N
                                          LONGITUDE:  81 23 W

[TEMPERATURE DATA]      [PRECIPITATION DATA]       SYMBOLS USED IN COLUMN 16

AVERAGE MONTHLY: 66.5   TOTAL FOR MONTH:   4.04    1 = FOG OR MIST
DPTR FM NORMAL:   0.8   DPTR FM NORMAL:    0.90    2 = FOG REDUCING VISIBILITY
HIGHEST:    86 ON 20,19 GRTST 24HR  1.24 ON 21-21      TO 1/4 MILE OR LESS
LOWEST:     40 ON  7                               3 = THUNDER
                        SNOW, ICE PELLETS, HAIL    4 = ICE PELLETS
                        TOTAL MONTH:    M          5 = HAIL
                        GRTST 24HR    M  ON   M    6 = FREEZING RAIN OR DRIZZLE
                        GRTST DEPTH:  M  ON   M    7 = DUSTSTORM OR SANDSTORM:
                                                       VSBY 1/2 MILE OR LESS
                                                   8 = SMOKE OR HAZE
[NO. OF DAYS WITH]      [WEATHER - DAYS WITH]      9 = BLOWING SNOW
                                                   X = TORNADO
MAX 32 OR BELOW:   0    0.01 INCH OR MORE:  11
MAX 90 OR ABOVE:   0    0.10 INCH OR MORE:   9
MIN 32 OR BELOW:   0    0.50 INCH OR MORE:   2
MIN  0 OR BELOW:   0    1.00 INCH OR MORE:   2

[HDD (BASE 65) ]
TOTAL THIS MO.    44    CLEAR  (SCALE 0-3)  15
DPTR FM NORMAL   -18    PTCLDY (SCALE 4-7)   7
TOTAL FM JUL 1  2715    CLOUDY (SCALE 8-10)  5
DPTR FM NORMAL  -896

[CDD (BASE 65) ]
TOTAL THIS MO.    91
DPTR FM NORMAL     8    [PRESSURE DATA]
TOTAL FM JAN 1   166    HIGHEST SLP M ON M
DPTR FM NORMAL    54    LOWEST  SLP 29.43 ON 24

[REMARKS]
