000
CXUS51 KPBZ 291001
CF6HLG
PRELIMINARY LOCAL CLIMATOLOGICAL DATA (WS FORM: F-6)

                                          STATION:   WHEELING
                                          MONTH:     DECEMBER
                                          YEAR:      2014
                                          LATITUDE:   40 10 N
                                          LONGITUDE:  80 39 W

  TEMPERATURE IN F:       :PCPN:    SNOW:  WIND      :SUNSHINE: SKY     :PK WND
================================================================================
1   2   3   4   5  6A  6B    7    8   9   10  11  12  13   14  15   16   17  18
                                     12Z  AVG MX 2MIN
DY MAX MIN AVG DEP HDD CDD  WTR  SNW DPTH SPD SPD DIR MIN PSBL S-S WX    SPD DR
================================================================================

 1  63  28  46   8  19   0 0.35    M    M  9.6 22 230   M    M   7 1      29 230
 2  40  26  33  -4  32   0 0.08    M    M  7.5 14  60   M    M   7 128    18  70
 3  40  30  35  -2  30   0    T    M    M 11.4 23 260   M    M   7 1      30 250
 4  35  28  32  -4  33   0 0.00    M    M  4.3  8  70   M    M   6 1      13 230
 5  50  32  41   5  24   0 0.39    M    M  4.3 10  80   M    M  10 12     13  60
 6  47  36  42   6  23   0 0.83    M    M  9.4 22 350   M    M   9 1      28 350
 7  39  28  34  -1  31   0 0.00    M    M  8.2 15  50   M    M   2        20 360
 8  44  30  37   2  28   0 0.00    M    M  8.7 15 130   M    M   0        19 110
 9  45  35  40   5  25   0    T    M    M  5.8 18 330   M    M   9        22 320
10  37  28  33  -1  32   0 0.01    M    M 12.8 22 290   M    M  10 18     29 300
11  33  25  29  -5  36   0 0.00    M    M 14.2 23 260   M    M   6        32 290
12  29  24  27  -7  38   0 0.00    M    M  7.3 15 260   M    M   5 18     19 250
13  36  23  30  -3  35   0 0.00    M    M  7.7 15 260   M    M  10 1      20 250
14  43  36  40   7  25   0 0.00    M    M  7.8 16 220   M    M  10 1      21 210
15  46  38  42   9  23   0 0.00    M    M  5.9 13  90   M    M   8 18     16  80
16  53  39  46  14  19   0 0.21    M    M 10.6 25 250   M    M   9 1      34 260
17  41  28  35   3  30   0 0.01    M    M 13.9 25 250   M    M   9 1      31 240
18  28  27  28  -4  37   0 0.00    M    M  8.4 20 260   M    M  10        28 250
19  30  26  28  -4  37   0 0.00    M    M  5.8 12 240   M    M  10 18     15 250
20  30  27  29  -2  36   0 0.00    M    M  2.3  8  80   M    M  10        10  70
21  36  26  31   0  34   0 0.00    M    M  3.6 10  90   M    M   7        13  80
22  52  24  38   7  27   0    T    M    M  9.0 16  90   M    M   2        21 100
23  58  38  48  17  17   0 0.33    M    M  6.9 18 100   M    M   8 1      21  90
24  62  40  51  21  14   0 0.12    M    M 11.5 40 270   M    M   4 1      55 250
25  40  37  39   9  26   0 0.01    M    M 12.0 25 260   M    M   9 1      38 240
26  49  31  40  10  25   0 0.00    M    M  8.0 17 200   M    M   1        22 200
27  57  39  48  18  17   0 0.06    M    M  8.9 17 240   M    M   5 1      24 200
28  47  34  41  11  24   0 0.33    M    M  6.9 23 260   M    M   9 1      31 260
================================================================================
SM 1210  863       777   0  2.73    M    232.7          M      199
================================================================================
AV 43.2 30.8                               8.3 FASTST   M    M   7    MAX(MPH)
                                 MISC ---->  # 40 270               # 55  250
================================================================================
NOTES:
# LAST OF SEVERAL OCCURRENCES

COLUMN 17 PEAK WIND IN M.P.H.

PRELIMINARY LOCAL CLIMATOLOGICAL DATA (WS FORM: F-6) , PAGE 2

                                          STATION:  WHEELING
                                          MONTH:    DECEMBER
                                          YEAR:     2014
                                          LATITUDE:   40 10 N
                                          LONGITUDE:  80 39 W

[TEMPERATURE DATA]      [PRECIPITATION DATA]       SYMBOLS USED IN COLUMN 16

AVERAGE MONTHLY: 37.0   TOTAL FOR MONTH:   2.73    1 = FOG OR MIST
DPTR FM NORMAL:   3.9   DPTR FM NORMAL:    0.50    2 = FOG REDUCING VISIBILITY
HIGHEST:    63 ON  1    GRTST 24HR  1.15 ON  5- 6      TO 1/4 MILE OR LESS
LOWEST:     23 ON 13                               3 = THUNDER
                        SNOW, ICE PELLETS, HAIL    4 = ICE PELLETS
                        TOTAL MONTH:    M          5 = HAIL
                        GRTST 24HR    M  ON   M    6 = FREEZING RAIN OR DRIZZLE
                        GRTST DEPTH:  M  ON   M    7 = DUSTSTORM OR SANDSTORM:
                                                       VSBY 1/2 MILE OR LESS
                                                   8 = SMOKE OR HAZE
[NO. OF DAYS WITH]      [WEATHER - DAYS WITH]      9 = BLOWING SNOW
                                                   X = TORNADO
MAX 32 OR BELOW:   4    0.01 INCH OR MORE:  12
MAX 90 OR ABOVE:   0    0.10 INCH OR MORE:   7
MIN 32 OR BELOW:  18    0.50 INCH OR MORE:   1
MIN  0 OR BELOW:   0    1.00 INCH OR MORE:   0

[HDD (BASE 65) ]
TOTAL THIS MO.   777    CLEAR  (SCALE 0-3)   4
DPTR FM NORMAL  -113    PTCLDY (SCALE 4-7)  11
TOTAL FM JUL 1  2006    CLOUDY (SCALE 8-10) 13
DPTR FM NORMAL   -12

[CDD (BASE 65) ]
TOTAL THIS MO.     0
DPTR FM NORMAL     0    [PRESSURE DATA]
TOTAL FM JAN 1   644    HIGHEST SLP M ON M
DPTR FM NORMAL   -45    LOWEST  SLP 29.34 ON 24

[REMARKS]
