000
CXUS51 KPBZ 190904
CF6HLG
PRELIMINARY LOCAL CLIMATOLOGICAL DATA (WS FORM: F-6)

                                          STATION:   WHEELING
                                          MONTH:     FEBRUARY
                                          YEAR:      2017
                                          LATITUDE:   40 10 N
                                          LONGITUDE:  80 39 W

  TEMPERATURE IN F:       :PCPN:    SNOW:  WIND      :SUNSHINE: SKY     :PK WND
================================================================================
1   2   3   4   5  6A  6B    7    8   9   10  11  12  13   14  15   16   17  18
                                     12Z  AVG MX 2MIN
DY MAX MIN AVG DEP HDD CDD  WTR  SNW DPTH SPD SPD DIR MIN PSBL S-S WX    SPD DR
================================================================================

 1  38  33  36   6  29   0 0.01    M    M 10.4 20 250   M    M  10 1      28 250
 2  34  23  29  -1  36   0    T    M    0 11.1 22 280   M    M   4        30 250
 3  26  19  23  -7  42   0 0.00  0.0    0  9.7 20 290   M    M   5        25 270
 4  31  12  22  -8  43   0 0.00  0.0    0  7.4 17 210   M    M   0        23 210
 5  48  25  37   7  28   0 0.00  0.0    0 13.3 26 260   M    M   8        36 220
 6  56  27  42  12  23   0 0.04    M    M  7.3 15 210   M    M   1 18     19 210
 7  62  49  56  25   9   0 0.48    M    M 15.6 28 210   M    M  10 13     39 220
 8  56  28  42  11  23   0 0.09    M    0 10.3 21 260   M    M  10 1      30 240
 9  28  17  23  -8  42   0 0.01    M    M 13.4 28 310   M    M  10 12     39 310
10  38  12  25  -6  40   0 0.00  0.0    0  9.0 17 270   M    M   5        23 270
11  58  38  48  17  17   0    T    M    0  8.8 17 210   M    M   1        22 230
12  59  34  47  16  18   0 0.15    M    0 14.2 39 300   M    M   9 1      55 290
13  42  28  35   3  30   0 0.00  0.0    0 11.1 29 290   M    M   5        42 320
14  50  29  40   8  25   0 0.00  0.0    0 11.5 22 230   M    M   2        32 220
15  41  26  34   2  31   0    T    M    0 12.8 29 310   M    M   9 1      35 310
16  32  22  27  -5  38   0    T    M    0  9.2 18 310   M    M   7        28 290
17  57  22  40   8  25   0 0.00  0.0    0  7.2 13 220   M    M   3        18 220
18  68  46  57  25   8   0 0.00  0.0    0 11.2 24 240   M    M   2        31 230
================================================================================
SM  824  490       507   0  0.78     0.0 193.5          M      101
================================================================================
AV 45.8 27.2                              10.8 FASTST   M    M   6    MAX(MPH)
                                 MISC ---->  # 39 300               # 55  290
================================================================================
NOTES:
# LAST OF SEVERAL OCCURRENCES

COLUMN 17 PEAK WIND IN M.P.H.

PRELIMINARY LOCAL CLIMATOLOGICAL DATA (WS FORM: F-6) , PAGE 2

                                          STATION:  WHEELING
                                          MONTH:    FEBRUARY
                                          YEAR:     2017
                                          LATITUDE:   40 10 N
                                          LONGITUDE:  80 39 W

[TEMPERATURE DATA]      [PRECIPITATION DATA]       SYMBOLS USED IN COLUMN 16

AVERAGE MONTHLY: 36.5   TOTAL FOR MONTH:   0.78    1 = FOG OR MIST
DPTR FM NORMAL:   5.5   DPTR FM NORMAL:   -0.58    2 = FOG REDUCING VISIBILITY
HIGHEST:    68 ON 18    GRTST 24HR  0.49 ON  6- 7      TO 1/4 MILE OR LESS
LOWEST:     12 ON 10, 4                            3 = THUNDER
                        SNOW, ICE PELLETS, HAIL    4 = ICE PELLETS
                        TOTAL MONTH:   0.0 INCH    5 = HAIL
                        GRTST 24HR     0.0         6 = FREEZING RAIN OR DRIZZLE
                        GRTST DEPTH:   0           7 = DUSTSTORM OR SANDSTORM:
                                                       VSBY 1/2 MILE OR LESS
                                                   8 = SMOKE OR HAZE
[NO. OF DAYS WITH]      [WEATHER - DAYS WITH]      9 = BLOWING SNOW
                                                   X = TORNADO
MAX 32 OR BELOW:   4    0.01 INCH OR MORE:   6
MAX 90 OR ABOVE:   0    0.10 INCH OR MORE:   2
MIN 32 OR BELOW:  13    0.50 INCH OR MORE:   0
MIN  0 OR BELOW:   0    1.00 INCH OR MORE:   0

[HDD (BASE 65) ]
TOTAL THIS MO.   507    CLEAR  (SCALE 0-3)   5
DPTR FM NORMAL  -105    PTCLDY (SCALE 4-7)   6
TOTAL FM JUL 1  3222    CLOUDY (SCALE 8-10)  7
DPTR FM NORMAL  -632

[CDD (BASE 65) ]
TOTAL THIS MO.     0
DPTR FM NORMAL     0    [PRESSURE DATA]
TOTAL FM JAN 1     0    HIGHEST SLP M ON M
DPTR FM NORMAL     0    LOWEST  SLP 29.49 ON  7

[REMARKS]
