000
CXUS56 KTFX 011205
CF6HLN
PRELIMINARY LOCAL CLIMATOLOGICAL DATA (WS FORM: F-6)

                                          STATION:   HELENA MT
                                          MONTH:     SEPTEMBER
                                          YEAR:      2016
                                          LATITUDE:   46 35 N
                                          LONGITUDE: 112  0 W

  TEMPERATURE IN F:       :PCPN:    SNOW:  WIND      :SUNSHINE: SKY     :PK WND
================================================================================
1   2   3   4   5  6A  6B    7    8   9   10  11  12  13   14  15   16   17  18
                                     12Z  AVG MX 2MIN
DY MAX MIN AVG DEP HDD CDD  WTR  SNW DPTH SPD SPD DIR MIN PSBL S-S WX    SPD DR
================================================================================

 1  92  58  75  11   0  10    T  0.0    0  7.5 46 150   M    M   1 38     62 170
 2  78  55  67   4   0   2 0.01  0.0    0  8.2 23 270   M    M   4 8      28 260
 3  72  47  60  -3   5   0 0.00  0.0    0  4.9 21  80   M    M   3        26  90
 4  59  47  53  -9  12   0 0.11  0.0    0  7.0 17 330   M    M   9 1      21 330
 5  60  43  52 -10  13   0 0.37  0.0    0  5.9 17 250   M    M   7 1      21 250
 6  69  39  54  -8  11   0    T  0.0    0  4.8 21 330   M    M   6        27 340
 7  70  48  59  -2   6   0 0.00  0.0    0 11.1 22 270   M    M   2        27 280
 8  72  51  62   1   3   0    T  0.0    0 12.9 32 280   M    M   7        41 280
 9  70  45  58  -2   7   0 0.00  0.0    0  7.7 21 270   M    M   3        27 260
10  83  40  62   2   3   0 0.00  0.0    0  6.6 24 280   M    M   0        31 280
11  65  43  54  -6  11   0    T  0.0    0  7.5 30 260   M    M   6        37 250
12  51  40  46 -13  19   0 0.00  0.0    0 11.6 20 340   M    M   9        23  30
13  62  36  49 -10  16   0 0.00  0.0    0  5.6 14  50   M    M   2        17  70
14  63  37  50  -8  15   0 0.00  0.0    0  5.2 20 100   M    M   2        23 100
15  76  39  58   0   7   0 0.00  0.0    0  2.3 10 280   M    M   3 18     12  70
16  79  44  62   4   3   0 0.00  0.0    0  4.9 17 280   M    M   1        26 300
17  78  46  62   5   3   0 0.00  0.0    0  8.7 26 260   M    M   3        35 250
18  73  51  62   5   3   0    T  0.0    0 12.8 29 250   M    M   2        38 260
19  77  45  61   5   4   0 0.00  0.0    0  6.3 24 300   M    M   1        29 310
20  66  49  58   2   7   0 0.07  0.0    0  5.3 16 270   M    M   6        19 270
21  53  47  50  -6  15   0 0.18  0.0    0  6.9 13 330   M    M  10 1      16 270
22  56  47  52  -3  13   0 0.20  0.0    0  6.2 17 350   M    M  10 1      22 360
23  62  50  56   1   9   0 0.03  0.0    0  7.1 16 280   M    M   7        20 280
24  65  50  58   4   7   0 0.00  0.0    0 16.0 28 280   M    M   5        33 280
25  71  41  56   2   9   0 0.00  0.0    0  9.0 23 250   M    M   0        30 250
26  80  43  62   8   3   0 0.00  0.0    0  3.3 14  80   M    M   0        18  80
27  85  44  65  12   0   0 0.00  0.0    0  3.6 15 320   M    M   0        21 330
28  75  49  62   9   3   0 0.00  0.0    0  6.1 13 260   M    M   0        14 260
29  80  44  62  10   3   0 0.00  0.0    0  3.1 16 260   M    M   0        22 260
30  82  50  66  14   0   1    T  0.0    0  4.2 18 330   M    M   1        20 320
================================================================================
SM 2124 1368       210  13  0.97     0.0 212.3          M      110
================================================================================
AV 70.8 45.6                               7.1 FASTST   M    M   4    MAX(MPH)
                                 MISC ---->  # 46 150               # 62  170
================================================================================
NOTES:
# LAST OF SEVERAL OCCURRENCES

COLUMN 17 PEAK WIND IN M.P.H.

PRELIMINARY LOCAL CLIMATOLOGICAL DATA (WS FORM: F-6) , PAGE 2

                                          STATION:  HELENA MT
                                          MONTH:    SEPTEMBER
                                          YEAR:     2016
                                          LATITUDE:   46 35 N
                                          LONGITUDE: 112  0 W

[TEMPERATURE DATA]      [PRECIPITATION DATA]       SYMBOLS USED IN COLUMN 16

AVERAGE MONTHLY: 58.2   TOTAL FOR MONTH:   0.97    1 = FOG OR MIST
DPTR FM NORMAL:   0.4   DPTR FM NORMAL:   -0.13    2 = FOG REDUCING VISIBILITY
HIGHEST:    92 ON  1    GRTST 24HR  0.48 ON  4- 5      TO 1/4 MILE OR LESS
LOWEST:     36 ON 13                               3 = THUNDER
                        SNOW, ICE PELLETS, HAIL    4 = ICE PELLETS
                        TOTAL MONTH:   0.0 INCH    5 = HAIL
                        GRTST 24HR     0.0         6 = FREEZING RAIN OR DRIZZLE
                        GRTST DEPTH:   0           7 = DUSTSTORM OR SANDSTORM:
                                                       VSBY 1/2 MILE OR LESS
                                                   8 = SMOKE OR HAZE
[NO. OF DAYS WITH]      [WEATHER - DAYS WITH]      9 = BLOWING SNOW
                                                   X = TORNADO
MAX 32 OR BELOW:   0    0.01 INCH OR MORE:   7
MAX 90 OR ABOVE:   1    0.10 INCH OR MORE:   4
MIN 32 OR BELOW:   0    0.50 INCH OR MORE:   0
MIN  0 OR BELOW:   0    1.00 INCH OR MORE:   0

[HDD (BASE 65) ]
TOTAL THIS MO.   210    CLEAR  (SCALE 0-3)  17
DPTR FM NORMAL   -27    PTCLDY (SCALE 4-7)   9
TOTAL FM JUL 1   254    CLOUDY (SCALE 8-10)  4
DPTR FM NORMAL   -52

[CDD (BASE 65) ]
TOTAL THIS MO.    13
DPTR FM NORMAL   -10    [PRESSURE DATA]
TOTAL FM JAN 1   455    HIGHEST SLP 30.49 ON 25
DPTR FM NORMAL    49    LOWEST  SLP 29.73 ON  1

[REMARKS]
#FINAL-09-16#
