000
CXHW50 PHFO 251250
CF6HNL
PRELIMINARY LOCAL CLIMATOLOGICAL DATA (WS FORM: F-6)

                                          STATION:   HONOLULU HI
                                          MONTH:     JULY
                                          YEAR:      2016
                                          LATITUDE:   21 21 N
                                          LONGITUDE: 157 56 W

  TEMPERATURE IN F:       :PCPN:    SNOW:  WIND      :SUNSHINE: SKY     :PK WND
================================================================================
1   2   3   4   5  6A  6B    7    8   9   10  11  12  13   14  15   16   17  18
                                     12Z  AVG MX 2MIN
DY MAX MIN AVG DEP HDD CDD  WTR  SNW DPTH SPD SPD DIR MIN PSBL S-S WX    SPD DR
================================================================================

 1  88  77  83   2   0  18 0.00  0.0    0 14.1 25  50   M    M   5        36  80
 2  88  78  83   2   0  18    T  0.0    0 18.3 28  70   M    M   5        34  80
 3  86  75  81   0   0  16 0.01  0.0    0 14.1 25  60   M    M   5 1      33  60
 4  87  76  82   1   0  17 0.03  0.0    0 12.5 22  60   M    M   5        28  60
 5  85  75  80  -1   0  15 0.02  0.0    0 12.6 25  50   M    M   5        34  50
 6  89  76  83   2   0  18    T  0.0    0 14.3 25  70   M    M   5        31  70
 7  87  75  81   0   0  16 0.00  0.0    0 11.9 23  60   M    M   6        31  70
 8  86  76  81   0   0  16    T  0.0    0 12.0 18  40   M    M   6        35  70
 9  87  75  81   0   0  16 0.01  0.0    0 13.5 24  30   M    M   5        30  20
10  88  75  82   1   0  17    T  0.0    0  9.2 20  30   M    M   4        27  20
11  89  75  82   1   0  17    T  0.0    0  8.7 17  40   M    M   3        25  40
12  89  76  83   2   0  18 0.00  0.0    0 10.8 21  30   M    M   4        27  60
13  88  74  81   0   0  16 0.05  0.0    0  8.8 20  30   M    M   6 18     24  60
14  91  76  84   3   0  19 0.00  0.0    0  7.7 17  70   M    M   4        23  20
15  88  74  81   0   0  16 0.10  0.0    0 11.0 23  80   M    M   7 1      29  60
16  88  75  82   1   0  17 0.01  0.0    0 11.0 22  30   M    M   5 1      27  30
17  88  75  82   1   0  17    T  0.0    0  8.2 17  60   M    M   6        23  10
18  85  75  80  -1   0  15 0.33  0.0    0  4.1 15 280   M    M   6 18     20 300
19  85  76  81   0   0  16 0.12  0.0    0  8.7 16 150   M    M   5 1      20 160
20  90  78  84   3   0  19    T  0.0    0 11.5 24  90   M    M   4        29  80
21  88  76  82   1   0  17    T  0.0    0 14.9 26  70   M    M   6        33  80
22  87  76  82   1   0  17    T  0.0    0 14.4 24  50   M    M   5        38  40
23  86  76  81   0   0  16    T  0.0    0  9.1 20  50   M    M   7        28  30
24  81  74  78  -3   0  13 1.47  0.0    0 14.2 25 150   M    M   9 13     35 150
================================================================================
SM 2094 1814         0 400  2.15     0.0 275.6          M      128
================================================================================
AV 87.2 75.6                              11.5 FASTST   M    M   5    MAX(MPH)
                                 MISC ---->  # 28  70               # 38   40
================================================================================
NOTES:
# LAST OF SEVERAL OCCURRENCES

COLUMN 17 PEAK WIND IN M.P.H.

PRELIMINARY LOCAL CLIMATOLOGICAL DATA (WS FORM: F-6) , PAGE 2

                                          STATION:  HONOLULU HI
                                          MONTH:    JULY
                                          YEAR:     2016
                                          LATITUDE:   21 21 N
                                          LONGITUDE: 157 56 W

[TEMPERATURE DATA]      [PRECIPITATION DATA]       SYMBOLS USED IN COLUMN 16

AVERAGE MONTHLY: 81.4   TOTAL FOR MONTH:   2.15    1 = FOG OR MIST
DPTR FM NORMAL:   0.4   DPTR FM NORMAL:    1.78    2 = FOG REDUCING VISIBILITY
HIGHEST:    91 ON 14    GRTST 24HR  1.47 ON 24-24      TO 1/4 MILE OR LESS
LOWEST:     74 ON 24,15                            3 = THUNDER
                        SNOW, ICE PELLETS, HAIL    4 = ICE PELLETS
                        TOTAL MONTH:   0.0 INCH    5 = HAIL
                        GRTST 24HR     0.0         6 = FREEZING RAIN OR DRIZZLE
                        GRTST DEPTH:   0           7 = DUSTSTORM OR SANDSTORM:
                                                       VSBY 1/2 MILE OR LESS
                                                   8 = SMOKE OR HAZE
[NO. OF DAYS WITH]      [WEATHER - DAYS WITH]      9 = BLOWING SNOW
                                                   X = TORNADO
MAX 32 OR BELOW:   0    0.01 INCH OR MORE:  10
MAX 90 OR ABOVE:   2    0.10 INCH OR MORE:   4
MIN 32 OR BELOW:   0    0.50 INCH OR MORE:   1
MIN  0 OR BELOW:   0    1.00 INCH OR MORE:   1

[HDD (BASE 65) ]
TOTAL THIS MO.     0    CLEAR  (SCALE 0-3)   0
DPTR FM NORMAL     0    PTCLDY (SCALE 4-7)  23
TOTAL FM JUL 1     0    CLOUDY (SCALE 8-10)  1
DPTR FM NORMAL     0

[CDD (BASE 65) ]
TOTAL THIS MO.   400
DPTR FM NORMAL    16    [PRESSURE DATA]
TOTAL FM JAN 1  2544    HIGHEST SLP M ON M
DPTR FM NORMAL   202    LOWEST  SLP 29.84 ON 24

[REMARKS]
