000
CXHW50 PHFO 301250
CF6HNL
PRELIMINARY LOCAL CLIMATOLOGICAL DATA (WS FORM: F-6)

                                          STATION:   HONOLULU HI
                                          MONTH:     SEPTEMBER
                                          YEAR:      2016
                                          LATITUDE:   21 21 N
                                          LONGITUDE: 157 56 W

  TEMPERATURE IN F:       :PCPN:    SNOW:  WIND      :SUNSHINE: SKY     :PK WND
================================================================================
1   2   3   4   5  6A  6B    7    8   9   10  11  12  13   14  15   16   17  18
                                     12Z  AVG MX 2MIN
DY MAX MIN AVG DEP HDD CDD  WTR  SNW DPTH SPD SPD DIR MIN PSBL S-S WX    SPD DR
================================================================================

 1  90  78  84   2   0  19 0.01  0.0    0 18.7 30  80   M    M   5        39  70
 2  88  77  83   1   0  18    T  0.0    0 16.3 25  70   M    M   6        33  70
 3  88  77  83   1   0  18    T  0.0    0  8.6 21  70   M    M   6        26  70
 4  89  76  83   1   0  18 0.28  0.0    0  6.6 16  60   M    M   6        23 330
 5  88  77  83   1   0  18 0.00  0.0    0 13.2 21  60   M    M   4        31  40
 6  88  74  81  -1   0  16 0.01  0.0    0  9.7 21  70   M    M   6 1      25  70
 7  87  73  80  -2   0  15 0.04  0.0    0 12.1 24  70   M    M   6 1      31  80
 8  88  75  82   0   0  17    T  0.0    0 13.4 24  60   M    M   4        32  70
 9  87  74  81  -1   0  16 0.01  0.0    0  9.0 20  40   M    M   6        28  40
10  86  73  80  -2   0  15 0.04  0.0    0  8.1 20  80   M    M   7 18     24  30
11  89  73  81  -1   0  16 0.01  0.0    0  8.5 18  40   M    M   7        25  20
12  86  76  81  -1   0  16 0.21  0.0    0  5.6 15  60   M    M   7 1      19  30
13  85  73  79  -3   0  14 1.09  0.0    0  7.6 17  30   M    M   7 1      21  20
14  83  73  78  -4   0  13 1.16  0.0    0  5.1 16  40   M    M   8 1      20  50
15  87  73  80  -2   0  15 0.00  0.0    0 10.6 22  50   M    M   6        29  60
16  87  78  83   1   0  18    T  0.0    0 14.5 25  60   M    M   7        30  60
17  86  78  82   0   0  17 0.02  0.0    0 13.7 23  60   M    M   8 1      28  60
18  86  77  82   0   0  17    T  0.0    0 15.6 24  70   M    M   5        31  80
19  84  73  79  -2   0  14    T  0.0    0 11.3 20  70   M    M   6        25  60
20  85  73  79  -2   0  14    T  0.0    0 11.0 20  40   M    M   6        29  10
21  85  71  78  -3   0  13    T  0.0    0 10.2 23  40   M    M   4        30  40
22  86  72  79  -2   0  14 0.01  0.0    0  9.1 17  60   M    M   5 1      23  10
23  88  74  81   0   0  16    T  0.0    0  9.9 21  50   M    M   4        27  50
24  88  76  82   1   0  17 0.00  0.0    0 11.4 18  70   M    M   4        27  50
25  86  74  80  -1   0  15    T  0.0    0 10.8 20  40   M    M   4        29  40
26  85  73  79  -2   0  14 0.01  0.0    0 12.0 24  50   M    M   4 1      31  60
27  85  75  80  -1   0  15 0.00  0.0    0 11.5 22  60   M    M   5        28  70
28  86  73  80  -1   0  15 0.02  0.0    0 11.4 22  70   M    M   5 1      29  80
29  84  74  79  -2   0  14    T  0.0    0 12.8 23  60   M    M   6        29  60
================================================================================
SM 2510 2163         0 457  2.92     0.0 318.3          M      164
================================================================================
AV 86.6 74.6                              11.0 FASTST   M    M   6    MAX(MPH)
                                 MISC ---->  # 30  80               # 39   70
================================================================================
NOTES:
# LAST OF SEVERAL OCCURRENCES

COLUMN 17 PEAK WIND IN M.P.H.

PRELIMINARY LOCAL CLIMATOLOGICAL DATA (WS FORM: F-6) , PAGE 2

                                          STATION:  HONOLULU HI
                                          MONTH:    SEPTEMBER
                                          YEAR:     2016
                                          LATITUDE:   21 21 N
                                          LONGITUDE: 157 56 W

[TEMPERATURE DATA]      [PRECIPITATION DATA]       SYMBOLS USED IN COLUMN 16

AVERAGE MONTHLY: 80.6   TOTAL FOR MONTH:   2.92    1 = FOG OR MIST
DPTR FM NORMAL:  -1.1   DPTR FM NORMAL:    2.25    2 = FOG REDUCING VISIBILITY
HIGHEST:    90 ON  1    GRTST 24HR  2.25 ON 13-14      TO 1/4 MILE OR LESS
LOWEST:     71 ON 21                               3 = THUNDER
                        SNOW, ICE PELLETS, HAIL    4 = ICE PELLETS
                        TOTAL MONTH:   0.0 INCH    5 = HAIL
                        GRTST 24HR     0.0         6 = FREEZING RAIN OR DRIZZLE
                        GRTST DEPTH:   0           7 = DUSTSTORM OR SANDSTORM:
                                                       VSBY 1/2 MILE OR LESS
                                                   8 = SMOKE OR HAZE
[NO. OF DAYS WITH]      [WEATHER - DAYS WITH]      9 = BLOWING SNOW
                                                   X = TORNADO
MAX 32 OR BELOW:   0    0.01 INCH OR MORE:  14
MAX 90 OR ABOVE:   1    0.10 INCH OR MORE:   4
MIN 32 OR BELOW:   0    0.50 INCH OR MORE:   2
MIN  0 OR BELOW:   0    1.00 INCH OR MORE:   2

[HDD (BASE 65) ]
TOTAL THIS MO.     0    CLEAR  (SCALE 0-3)   0
DPTR FM NORMAL     0    PTCLDY (SCALE 4-7)  29
TOTAL FM JUL 1     0    CLOUDY (SCALE 8-10)  0
DPTR FM NORMAL     0

[CDD (BASE 65) ]
TOTAL THIS MO.   457
DPTR FM NORMAL   -23    [PRESSURE DATA]
TOTAL FM JAN 1  3572    HIGHEST SLP M ON M
DPTR FM NORMAL   108    LOWEST  SLP 29.91 ON M

[REMARKS]
