000
CXUS54 KBRO 280851
CF6HRL
PRELIMINARY LOCAL CLIMATOLOGICAL DATA (WS FORM: F-6)

                                          STATION:   HARLINGEN
                                          MONTH:     MARCH
                                          YEAR:      2015
                                          LATITUDE:   26 13 N
                                          LONGITUDE:  97 40 W

  TEMPERATURE IN F:       :PCPN:    SNOW:  WIND      :SUNSHINE: SKY     :PK WND
================================================================================
1   2   3   4   5  6A  6B    7    8   9   10  11  12  13   14  15   16   17  18
                                     12Z  AVG MX 2MIN
DY MAX MIN AVG DEP HDD CDD  WTR  SNW DPTH SPD SPD DIR MIN PSBL S-S WX    SPD DR
================================================================================

 1  58  48  53 -13  12   0 0.03  0.0    0  8.3 15 310   M    M   9 1      17 310
 2  58  52  55 -11  10   0 0.03  0.0    0  8.0 12 360   M    M  10 1      14 360
 3  82  54  68   2   0   3 0.00  0.0    0 10.8 31 150   M    M   7 128    36 150
 4  84  70  77  11   0  12 0.00  0.0    0 15.2 24 170   M    M   9 1      32 180
 5  72  42  57 -10   8   0    T    M    0 20.9 36 350   M    M  10 1      43 350
 6  54  42  48 -19  17   0 0.00  0.0    0 11.7 20 360   M    M   9        23 350
 7  68  43  56 -11   9   0 0.00  0.0    0  8.1 16  70   M    M   9        22  60
 8  65  57  61  -6   4   0 0.16  0.0    0  6.8 14 330   M    M  10 1      16 330
 9  75  59  67  -1   0   2 1.11  0.0    0  6.5 18 270   M    M   8 1      21 270
10  66  58  62  -6   3   0 0.70  0.0    0 10.4 20  30   M    M   7 13     23  10
11  59  55  57 -11   8   0 0.25  0.0    0 11.6 20 340   M    M   8 1      24 350
12  75  50  63  -5   2   0 0.00  0.0    0  8.6 18 320   M    M   2 1      23 320
13  79  51  65  -3   0   0 0.00  0.0    0  6.2 13 110   M    M   1 1      15 190
14  77  56  67  -1   0   2 0.01  0.0    0  5.2 12  80   M    M   5 1      16 220
15  68  60  64  -5   1   0 0.13  0.0    0  7.7 16 360   M    M   7 1      21  20
16  70  60  65  -4   0   0 0.05  0.0    0  7.9 16  10   M    M   9 1      19 310
17  80  64  72   3   0   7    T  0.0    0  7.1 16 130   M    M   9 12     19 130
18  78  70  74   5   0   9 0.16  0.0    0  8.6 15 140   M    M   9 1      19 110
19  81  68  75   5   0  10 0.00  0.0    0  9.7 18 150   M    M   8 18     24 160
20  84  69  77   7   0  12 0.00  0.0    0  9.3 17 150   M    M   7 18     22 160
21  74  67  71   1   0   6 0.40  0.0    0  5.1 18 330   M    M  10 1      23 300
22  81  60  71   1   0   6 0.00  0.0    0  6.1 13  80   M    M   6 1      15 340
23  84  56  70   0   0   5 0.00  0.0    0  6.5 15 120   M    M   1 12     19 110
24  83  59  71   0   0   6 0.00  0.0    0  9.4 18 130   M    M   3 12     23 130
25  78  61  70  -1   0   5 0.01  0.0    0 10.7 20 140   M    M   6 1      23 140
26  84  57  71   0   0   6 0.02  0.0    0 10.9 28 350   M    M   9 138    34  20
27  82  50  66  -5   0   1 0.00  0.0    0  7.0 13 300   M    M   0        16 300
================================================================================
SM 1999 1538        74  92  3.06     0.0 244.3          M      188
================================================================================
AV 74.0 57.0                               9.0 FASTST   M    M   7    MAX(MPH)
                                 MISC ---->  # 36 350               # 43  350
================================================================================
NOTES:
# LAST OF SEVERAL OCCURRENCES

COLUMN 17 PEAK WIND IN M.P.H.

PRELIMINARY LOCAL CLIMATOLOGICAL DATA (WS FORM: F-6) , PAGE 2

                                          STATION:  HARLINGEN
                                          MONTH:    MARCH
                                          YEAR:     2015
                                          LATITUDE:   26 13 N
                                          LONGITUDE:  97 40 W

[TEMPERATURE DATA]      [PRECIPITATION DATA]       SYMBOLS USED IN COLUMN 16

AVERAGE MONTHLY: 65.5   TOTAL FOR MONTH:   3.06    1 = FOG OR MIST
DPTR FM NORMAL:  -3.0   DPTR FM NORMAL:    1.96    2 = FOG REDUCING VISIBILITY
HIGHEST:    84 ON 26,23 GRTST 24HR  1.11 ON  9- 9      TO 1/4 MILE OR LESS
LOWEST:     42 ON  6, 5                            3 = THUNDER
                        SNOW, ICE PELLETS, HAIL    4 = ICE PELLETS
                        TOTAL MONTH:   0.0 INCH    5 = HAIL
                        GRTST 24HR     0.0         6 = FREEZING RAIN OR DRIZZLE
                        GRTST DEPTH:   0           7 = DUSTSTORM OR SANDSTORM:
                                                       VSBY 1/2 MILE OR LESS
                                                   8 = SMOKE OR HAZE
[NO. OF DAYS WITH]      [WEATHER - DAYS WITH]      9 = BLOWING SNOW
                                                   X = TORNADO
MAX 32 OR BELOW:   0    0.01 INCH OR MORE:  13
MAX 90 OR ABOVE:   0    0.10 INCH OR MORE:   7
MIN 32 OR BELOW:   0    0.50 INCH OR MORE:   2
MIN  0 OR BELOW:   0    1.00 INCH OR MORE:   1

[HDD (BASE 65) ]
TOTAL THIS MO.    74    CLEAR  (SCALE 0-3)   5
DPTR FM NORMAL    29    PTCLDY (SCALE 4-7)   8
TOTAL FM JUL 1   767    CLOUDY (SCALE 8-10) 14
DPTR FM NORMAL   154

[CDD (BASE 65) ]
TOTAL THIS MO.    92
DPTR FM NORMAL   -49    [PRESSURE DATA]
TOTAL FM JAN 1   151    HIGHEST SLP M ON M
DPTR FM NORMAL  -115    LOWEST  SLP 29.71 ON  4

[REMARKS]
