000
CXUS54 KLZK 011330
CF6HRO
PRELIMINARY LOCAL CLIMATOLOGICAL DATA (WS FORM: F-6)

                                          STATION:   Harrison
                                          MONTH:     SEPTEMBER
                                          YEAR:      2014
                                          LATITUDE:   36 15 N
                                          LONGITUDE:  93  9 W

  TEMPERATURE IN F:       :PCPN:    SNOW:  WIND      :SUNSHINE: SKY     :PK WND
================================================================================
1   2   3   4   5  6A  6B    7    8   9   10  11  12  13   14  15   16   17  18
                                     12Z  AVG MX 2MIN
DY MAX MIN AVG DEP HDD CDD  WTR  SNW DPTH SPD SPD DIR MIN PSBL S-S WX    SPD DR
================================================================================

 1  86  65  76   1   0  11 0.01  0.0    0  8.1 23 350   M    M   4 3      34 280
 2  81  65  73  -1   0   8 0.92  0.0    0  6.6 20 150   M    M   4 13     25 320
 3  89  66  78   4   0  13 0.00  0.0    0  7.0 16 160   M    M   2 1      22 150
 4  92  73  83   9   0  18 0.00  0.0    0  6.1 14 240   M    M   1        21 250
 5  92  69  81   8   0  16 0.00  0.0    0  5.0 12 350   M    M   1        20 340
 6  72  59  66  -7   0   1 0.09  0.0    0  4.3 10 320   M    M   6 1      15 320
 7  81  55  68  -5   0   3 0.00  0.0    0  3.1 12 140   M    M   1 1      16 130
 8  85  61  73   1   0   8 0.00  0.0    0  5.4 14 160   M    M   4        19 160
 9  89  67  78   6   0  13 0.00  0.0    0  8.2 18 170   M    M   1 1      24 180
10  91  70  81  10   0  16 1.79  0.0    0  8.9 21 240   M    M   5 13     30 240
11  70  58  64  -7   1   0 0.43  0.0    0  6.1 12  30   M    M   9 13     16 360
12  60  51  56 -15   9   0 0.05  0.0    0  6.5 14  20   M    M  10 1      18  20
13  64  48  56 -14   9   0 0.00  0.0    0  4.7 15  60   M    M   6 1      20  50
14  74  49  62  -8   3   0 0.00  0.0    0  4.0 12 150   M    M   0 12     16 150
15  80  62  71   2   0   6 0.13  0.0    0  5.0 14 280   M    M   5 1      17 270
16  70  63  67  -2   0   2 0.00  0.0    0  4.2  9 130   M    M  10 12     11 130
17  76  61  69   0   0   4 1.72  0.0    0  6.0 26  20   M    M   7 123    39 310
18  74  60  67  -1   0   2    T  0.0    0  6.6 13 110   M    M   9 12     17 130
19  80  60  70   2   0   5 0.00  0.0    0  4.1 12 140   M    M   5 128    13 150
20  86  62  74   7   0   9    T  0.0    0  3.7 10 190   M    M   2 1      14 160
21  82  58  70   3   0   5 0.01  0.0    0  5.6 13 330   M    M   3        17 270
22  74  49  62  -5   3   0 0.00  0.0    0  3.1 10  50   M    M   0 18     14  50
23  73  47  60  -6   5   0 0.00  0.0    0  4.0 13 120   M    M   0        17 130
24  78  45  62  -4   3   0 0.00  0.0    0  3.5 10 140   M    M   0        13 140
25  80  52  66   0   0   1 0.00  0.0    0  2.9 10 150   M    M   0        16 180
26  81  54  68   3   0   3 0.00  0.0    0  1.9 10 140   M    M   1 1      14 150
27  81  56  69   4   0   4 0.00  0.0    0  2.9 10 110   M    M   0 1      17 130
28  83  60  72   8   0   7 0.00  0.0    0  3.2 10  60   M    M   5        15 130
29  85  57  71   7   0   6 0.00  0.0    0  2.2  9 120   M    M   0        12 140
30  82  57  70   6   0   5 0.00  0.0    0  4.5 13 150   M    M   0 1      16 140
================================================================================
SM 2391 1759        33 166  5.15     0.0 147.4          M      101
================================================================================
AV 79.7 58.6                               4.9 FASTST   M    M   3    MAX(MPH)
                                 MISC ---->  # 26  20               # 39  310
================================================================================
NOTES:
# LAST OF SEVERAL OCCURRENCES

COLUMN 17 PEAK WIND IN M.P.H.

PRELIMINARY LOCAL CLIMATOLOGICAL DATA (WS FORM: F-6) , PAGE 2

                                          STATION:  Harrison
                                          MONTH:    SEPTEMBER
                                          YEAR:     2014
                                          LATITUDE:   36 15 N
                                          LONGITUDE:  93  9 W

[TEMPERATURE DATA]      [PRECIPITATION DATA]       SYMBOLS USED IN COLUMN 16

AVERAGE MONTHLY: 69.2   TOTAL FOR MONTH:   5.15    1 = FOG OR MIST
DPTR FM NORMAL:  -0.0   DPTR FM NORMAL:    0.95    2 = FOG REDUCING VISIBILITY
HIGHEST:    92 ON  5, 4 GRTST 24HR  2.20 ON 10-11      TO 1/4 MILE OR LESS
LOWEST:     45 ON 24                               3 = THUNDER
                        SNOW, ICE PELLETS, HAIL    4 = ICE PELLETS
                        TOTAL MONTH:   0.0 INCH    5 = HAIL
                        GRTST 24HR     0.0         6 = FREEZING RAIN OR DRIZZLE
                        GRTST DEPTH:   0           7 = DUSTSTORM OR SANDSTORM:
                                                       VSBY 1/2 MILE OR LESS
                                                   8 = SMOKE OR HAZE
[NO. OF DAYS WITH]      [WEATHER - DAYS WITH]      9 = BLOWING SNOW
                                                   X = TORNADO
MAX 32 OR BELOW:   0    0.01 INCH OR MORE:   9
MAX 90 OR ABOVE:   3    0.10 INCH OR MORE:   5
MIN 32 OR BELOW:   0    0.50 INCH OR MORE:   3
MIN  0 OR BELOW:   0    1.00 INCH OR MORE:   2

[HDD (BASE 65) ]
TOTAL THIS MO.    33    CLEAR  (SCALE 0-3)  16
DPTR FM NORMAL    -9    PTCLDY (SCALE 4-7)  10
TOTAL FM JUL 1    34    CLOUDY (SCALE 8-10)  4
DPTR FM NORMAL    -9

[CDD (BASE 65) ]
TOTAL THIS MO.   166
DPTR FM NORMAL    -2    [PRESSURE DATA]
TOTAL FM JAN 1  1296    HIGHEST SLP 30.36 ON 13
DPTR FM NORMAL   -83    LOWEST  SLP 29.72 ON 10

[REMARKS]
ALL SNOWFALL DATA IS FROM THE HARRISON COOPERATIVE OBSERVER SITE
#FINAL-09-14#
