000
CXUS52 KMHX 010700
CF6HSE
PRELIMINARY LOCAL CLIMATOLOGICAL DATA (WS FORM: F-6)

                                          STATION:   CAPE HATTERAS NC
                                          MONTH:     JUNE
                                          YEAR:      2015
                                          LATITUDE:   35 13 N
                                          LONGITUDE:  75 37 W

  TEMPERATURE IN F:       :PCPN:    SNOW:  WIND      :SUNSHINE: SKY     :PK WND
================================================================================
1   2   3   4   5  6A  6B    7    8   9   10  11  12  13   14  15   16   17  18
                                     12Z  AVG MX 2MIN
DY MAX MIN AVG DEP HDD CDD  WTR  SNW DPTH SPD SPD DIR MIN PSBL S-S WX    SPD DR
================================================================================

 1  85  72  79   7   0  14 0.00  0.0    0  8.1 14 200   M    M   0        18 200
 2  84  72  78   6   0  13 0.00  0.0    0  5.8 13 220   M    M   1        17 210
 3  80  70  75   3   0  10 0.01  0.0    0  6.9 17 120   M    M   2        23 130
 4  83  69  76   4   0  11 0.40  0.0    0  6.4 24 150   M    M   3        32 140
 5  78  68  73   0   0   8 0.00  0.0    0  7.0 14  30   M    M   6        21  20
 6  78  68  73   0   0   8 0.00  0.0    0  6.1 13  40   M    M   5        18  40
 7  78  66  72  -1   0   7 0.00  0.0    0  9.0 16  70   M    M   2        26  50
 8  81  59  70  -3   0   5 0.00  0.0    0  8.5 18 210   M    M   0        26 220
 9  83  74  79   5   0  14 0.00  0.0    0 14.3 20 230   M    M   2        30 230
10  82  72  77   3   0  12 0.00  0.0    0  7.7 13 220   M    M   1        18 210
11  83  75  79   5   0  14 0.00  0.0    0  9.7 15 210   M    M   0        20 210
12  84  75  80   6   0  15 0.00  0.0    0  9.9 17 240   M    M   1        25 240
13  87  77  82   7   0  17 0.00  0.0    0  8.3 16 250   M    M   1        25 270
14  89  75  82   7   0  17 0.00  0.0    0  3.5  9 130   M    M   0        13 130
15  89  75  82   7   0  17 0.00  0.0    0  6.2 12 240   M    M   0        17 230
16  93  80  87  11   0  22 0.00  0.0    0  8.1 10 250   M    M   0         M  M
17  83  74  79   3   0  14 0.00  0.0    0  7.6 15  40   M    M   0        20  40
18  86  72  79   3   0  14 0.33  0.0    0  7.1 14 300   M    M   2        21 280
19  89  75  82   6   0  17 0.33  0.0    0  7.6 14 280   M    M   1        21 280
20  89  77  83   7   0  18    T  0.0    0  9.4 21 220   M    M   0        29 220
21  89  81  85   8   0  20 0.00  0.0    0 13.0 21 230   M    M   1        30 220
22  91  81  86   9   0  21 0.00  0.0    0  8.6 15 240   M    M   1        21 230
23  88  81  85   8   0  20 0.00  0.0    0 13.5 21 230   M    M   0        29 230
24  87  74  81   4   0  16 0.30  0.0    0  9.7 22 230   M    M   4 3      30 230
25  87  72  80   3   0  15 0.00  0.0    0 10.4 22 170   M    M   1        29 170
26  88  71  80   2   0  15 3.81  0.0    0  8.1 21 310   M    M   4        34 320
27  84  75  80   2   0  15 0.05  0.0    0 16.6 30 240   M    M   4        40 240
28  83  72  78   0   0  13 0.50  0.0    0 12.1 24 250   M    M   7        35 240
29  83  68  76  -2   0  11 0.00  0.0    0  4.5 14 160   M    M   3        19 140
30  84  76  80   2   0  15 0.00  0.0    0 11.1 20 240   M    M   0        28 230
================================================================================
SM 2548 2196         0 428  5.73     0.0 264.8          M       52
================================================================================
AV 84.9 73.2                               8.8 FASTST   M    M   2    MAX(MPH)
                                 MISC ---->  # 30 240               # 40  240
================================================================================
NOTES:
# LAST OF SEVERAL OCCURRENCES

COLUMN 17 PEAK WIND IN M.P.H.

PRELIMINARY LOCAL CLIMATOLOGICAL DATA (WS FORM: F-6) , PAGE 2

                                          STATION:  CAPE HATTERAS NC
                                          MONTH:    JUNE
                                          YEAR:     2015
                                          LATITUDE:   35 13 N
                                          LONGITUDE:  75 37 W

[TEMPERATURE DATA]      [PRECIPITATION DATA]       SYMBOLS USED IN COLUMN 16

AVERAGE MONTHLY: 79.1   TOTAL FOR MONTH:   5.73    1 = FOG OR MIST
DPTR FM NORMAL:   4.0   DPTR FM NORMAL:    1.70    2 = FOG REDUCING VISIBILITY
HIGHEST:    93 ON 16    GRTST 24HR  3.81 ON 26-26      TO 1/4 MILE OR LESS
LOWEST:     59 ON  8                               3 = THUNDER
                        SNOW, ICE PELLETS, HAIL    4 = ICE PELLETS
                        TOTAL MONTH:   0.0 INCH    5 = HAIL
                        GRTST 24HR     0.0         6 = FREEZING RAIN OR DRIZZLE
                        GRTST DEPTH:   0           7 = DUSTSTORM OR SANDSTORM:
                                                       VSBY 1/2 MILE OR LESS
                                                   8 = SMOKE OR HAZE
[NO. OF DAYS WITH]      [WEATHER - DAYS WITH]      9 = BLOWING SNOW
                                                   X = TORNADO
MAX 32 OR BELOW:   0    0.01 INCH OR MORE:   8
MAX 90 OR ABOVE:   2    0.10 INCH OR MORE:   6
MIN 32 OR BELOW:   0    0.50 INCH OR MORE:   2
MIN  0 OR BELOW:   0    1.00 INCH OR MORE:   1

[HDD (BASE 65) ]
TOTAL THIS MO.     0    CLEAR  (SCALE 0-3)  23
DPTR FM NORMAL    -3    PTCLDY (SCALE 4-7)   7
TOTAL FM JUL 1  2806    CLOUDY (SCALE 8-10)  0
DPTR FM NORMAL   219

[CDD (BASE 65) ]
TOTAL THIS MO.   428
DPTR FM NORMAL   120    [PRESSURE DATA]
TOTAL FM JAN 1   595    HIGHEST SLP M ON M
DPTR FM NORMAL   144    LOWEST  SLP 29.74 ON 28

[REMARKS]
#FINAL-06-15#
