000
CXUS53 KGID 190730
CF6HSI
PRELIMINARY LOCAL CLIMATOLOGICAL DATA (WS FORM: F-6)

                                          STATION:   HASTINGS NE
                                          MONTH:     JANUARY
                                          YEAR:      2018
                                          LATITUDE:   40 35 N
                                          LONGITUDE:  98 26 W

  TEMPERATURE IN F:       :PCPN:    SNOW:  WIND      :SUNSHINE: SKY     :PK WND
================================================================================
1   2   3   4   5  6A  6B    7    8   9   10  11  12  13   14  15   16   17  18
                                     12Z  AVG MX 2MIN
DY MAX MIN AVG DEP HDD CDD  WTR  SNW DPTH SPD SPD DIR MIN PSBL S-S WX    SPD DR
================================================================================

 1   4 -15  -5 -31  70   0 0.00  0.0    3  3.9 10 140   M    M   2        12 150
 2  23  -5   9 -17  56   0 0.00  0.0    3 10.1 20 250   M    M   1        25 230
 3  25  12  19  -7  46   0 0.00  0.0    2  8.5 24 360   M    M   5        31 350
 4  36   8  22  -4  43   0 0.00  0.0    2  5.7 14 230   M    M   0 1      21 220
 5  18   7  13 -13  52   0    T    T    2  7.3 13  80   M    M   2 18     17  80
 6  26   4  15 -11  50   0 0.00  0.0    2  9.4 15 180   M    M   0        21 180
 7  45  24  35   9  30   0    T  0.0    2  8.5 18 320   M    M   4        25 330
 8  51  25  38  12  27   0 0.00  0.0    T  7.2 12 180   M    M   0        19 180
 9  53  34  44  18  21   0 0.00  0.0    0  9.9 20 170   M    M   0        28 160
10  52  24  38  12  27   0 0.00  0.0    0 10.2 39 350   M    M   3 128    50 350
11  24   4  14 -12  51   0 0.02  0.9    1 24.2 40 350   M    M   4 19     53 350
12  10  -1   5 -21  60   0    T    T    1  9.8 15  20   M    M   6        22  40
13  14   6  10 -16  55   0 0.06  1.0    1  7.5 13 360   M    M  10 1      17 180
14  38  13  26   0  39   0 0.02  0.4    2  9.7 28 350   M    M   8 1      34 340
15  27   0  14 -12  51   0    T    T    1 20.5 30 340   M    M   4 8      36 360
16  12  -3   5 -21  60   0 0.00  0.0    1 10.9 22 340   M    M   2 8      27 330
17  31   3  17  -9  48   0 0.00  0.0    1  9.5 15 200   M    M   0        22 190
18  45  13  29   3  36   0 0.00  0.0    1  6.3 13 220   M    M   0        19 220
================================================================================
SM  534  153       822   0  0.10     2.3 179.1          M       51
================================================================================
AV 29.7  8.5                               9.9 FASTST   M    M   3    MAX(MPH)
                                 MISC ---->  # 40 350               # 53  350
================================================================================
NOTES:
# LAST OF SEVERAL OCCURRENCES

COLUMN 17 PEAK WIND IN M.P.H.

PRELIMINARY LOCAL CLIMATOLOGICAL DATA (WS FORM: F-6) , PAGE 2

                                          STATION:  HASTINGS NE
                                          MONTH:    JANUARY
                                          YEAR:     2018
                                          LATITUDE:   40 35 N
                                          LONGITUDE:  98 26 W

[TEMPERATURE DATA]      [PRECIPITATION DATA]       SYMBOLS USED IN COLUMN 16

AVERAGE MONTHLY: 19.1   TOTAL FOR MONTH:   0.10    1 = FOG OR MIST
DPTR FM NORMAL:  -6.9   DPTR FM NORMAL:   -0.08    2 = FOG REDUCING VISIBILITY
HIGHEST:    53 ON  9    GRTST 24HR  0.06 ON 13-13      TO 1/4 MILE OR LESS
LOWEST:    -15 ON  1                               3 = THUNDER
                        SNOW, ICE PELLETS, HAIL    4 = ICE PELLETS
                        TOTAL MONTH:   2.3 INCHES  5 = HAIL
                        GRTST 24HR   1.0 ON 13-13  6 = FREEZING RAIN OR DRIZZLE
                        GRTST DEPTH:   3 ON  2, 1  7 = DUSTSTORM OR SANDSTORM:
                                                       VSBY 1/2 MILE OR LESS
                                                   8 = SMOKE OR HAZE
[NO. OF DAYS WITH]      [WEATHER - DAYS WITH]      9 = BLOWING SNOW
                                                   X = TORNADO
MAX 32 OR BELOW:  11    0.01 INCH OR MORE:   3
MAX 90 OR ABOVE:   0    0.10 INCH OR MORE:   0
MIN 32 OR BELOW:  17    0.50 INCH OR MORE:   0
MIN  0 OR BELOW:   5    1.00 INCH OR MORE:   0

[HDD (BASE 65) ]
TOTAL THIS MO.   822    CLEAR  (SCALE 0-3)  10
DPTR FM NORMAL   116    PTCLDY (SCALE 4-7)   7
TOTAL FM JUL 1  3140    CLOUDY (SCALE 8-10)  1
DPTR FM NORMAL    -6

[CDD (BASE 65) ]
TOTAL THIS MO.     0
DPTR FM NORMAL     0    [PRESSURE DATA]
TOTAL FM JAN 1     0    HIGHEST SLP M ON M
DPTR FM NORMAL     0    LOWEST  SLP 29.42 ON 10

[REMARKS]
