000
CXUS54 KHUN 281015
CF6HSV
PRELIMINARY LOCAL CLIMATOLOGICAL DATA (WS FORM: F-6)

                                          STATION:   HUNTSVILLE
                                          MONTH:     FEBRUARY
                                          YEAR:      2015
                                          LATITUDE:   34 39 N
                                          LONGITUDE:  86 46 W

  TEMPERATURE IN F:       :PCPN:    SNOW:  WIND      :SUNSHINE: SKY     :PK WND
================================================================================
1   2   3   4   5  6A  6B    7    8   9   10  11  12  13   14  15   16   17  18
                                     12Z  AVG MX 2MIN
DY MAX MIN AVG DEP HDD CDD  WTR  SNW DPTH SPD SPD DIR MIN PSBL S-S WX    SPD DR
================================================================================

 1  60  45  53  10  12   0 0.50  0.0    0 12.0 24 290   M    M   8 1      32 270
 2  51  27  39  -4  26   0 0.02    T    0 11.3 23 310   M    M   7 1      33 310
 3  48  23  36  -7  29   0 0.00  0.0    0  1.3  6 140   M    M   4         7 140
 4  52  29  41  -2  24   0 0.00  0.0    0  4.0 10 170   M    M   7        14 180
 5  44  28  36  -7  29   0    T    T    0 11.9 26  10   M    M   4        31  10
 6  54   M   M   M   M   M 0.00  0.0    0  1.9  8 240   M    M   3        12 110
 7  66  30  48   4  17   0 0.00  0.0    0  8.2 18 220   M    M   1        23 210
 8  67  47  57  13   8   0 0.03  0.0    0  9.5 22 220   M    M   6        29 210
 9  61  38  50   6  15   0    T  0.0    0 10.3 22 340   M    M   8 18     28  10
10  46  29  38  -6  27   0 0.00  0.0    0  9.6 22  10   M    M   6 8      28  10
11  59  25  42  -3  23   0 0.00  0.0    0  2.8 12  20   M    M   1 18     18  20
12  42  25  34 -11  31   0 0.00  0.0    0 13.5 23 360   M    M   5        30 310
13  43  21  32 -13  33   0 0.00  0.0    0  3.5 17  10   M    M   5        20  10
14  62  24  43  -2  22   0 0.00  0.0    0  8.3 25  10   M    M   3        32 360
15  34  17  26 -20  39   0 0.00  0.0    0 10.4 22  20   M    M   5        26  10
16  40  25  33 -13  32   0 1.35  0.0    0  8.8 20 340   M    M  10 1      28 340
17  31  21  26 -20  39   0    T    T    0  8.5 16 350   M    M   9 8      21 350
18  34  19  27 -19  38   0    T    T    0 11.1 24 320   M    M   5 18     33 300
19  26  11  19 -28  46   0 0.00  0.0    0  7.7 16  10   M    M   2        23 360
20  36  21  29 -18  36   0 0.12  0.6    0  9.7 23 140   M    M  10 146    35 150
21  58  35  47   0  18   0 1.00  0.0    T 16.3 28 170   M    M  10 16     36 160
22  46  36  41  -7  24   0 0.06  0.0    0 10.0 20  20   M    M   9 18     25  20
23  40  29  35 -13  30   0 0.05    T    0 12.7 21  20   M    M   9 18     26  10
24  40  28  34 -14  31   0    T    T    0  4.8 13 360   M    M   9        16 290
25  38  26  32 -16  33   0 0.63  8.1    0  4.1 15  80   M    M   8 12     17 100
26  44  28  36 -13  29   0 0.01  0.1    7  5.1 16 350   M    M   7 18     21 340
27  38  27  33 -16  32   0 0.00  0.0    3 10.5 18  10   M    M   6        23 350
================================================================================
SM 1260  714       723   0  3.77     8.8 227.8          M      167
================================================================================
AV 46.7 27.5                               8.4 FASTST   M    M   6    MAX(MPH)
                                 MISC ---->  # 28 170               # 36  160
================================================================================
NOTES:
# LAST OF SEVERAL OCCURRENCES

COLUMN 17 PEAK WIND IN M.P.H.

PRELIMINARY LOCAL CLIMATOLOGICAL DATA (WS FORM: F-6) , PAGE 2

                                          STATION:  HUNTSVILLE
                                          MONTH:    FEBRUARY
                                          YEAR:     2015
                                          LATITUDE:   34 39 N
                                          LONGITUDE:  86 46 W

[TEMPERATURE DATA]      [PRECIPITATION DATA]       SYMBOLS USED IN COLUMN 16

AVERAGE MONTHLY: 37.1   TOTAL FOR MONTH:   3.77    1 = FOG OR MIST
DPTR FM NORMAL:  -8.5   DPTR FM NORMAL:   -0.89    2 = FOG REDUCING VISIBILITY
HIGHEST:    67 ON  8    GRTST 24HR  1.35 ON 16-16      TO 1/4 MILE OR LESS
LOWEST:     11 ON 19                               3 = THUNDER
                        SNOW, ICE PELLETS, HAIL    4 = ICE PELLETS
                        TOTAL MONTH:   8.8 INCHES  5 = HAIL
                        GRTST 24HR   8.1 ON   M    6 = FREEZING RAIN OR DRIZZLE
                        GRTST DEPTH:   7 ON 26     7 = DUSTSTORM OR SANDSTORM:
                                                       VSBY 1/2 MILE OR LESS
                                                   8 = SMOKE OR HAZE
[NO. OF DAYS WITH]      [WEATHER - DAYS WITH]      9 = BLOWING SNOW
                                                   X = TORNADO
MAX 32 OR BELOW:   2    0.01 INCH OR MORE:  10
MAX 90 OR ABOVE:   0    0.10 INCH OR MORE:   5
MIN 32 OR BELOW:  21    0.50 INCH OR MORE:   4
MIN  0 OR BELOW:   0    1.00 INCH OR MORE:   2

[HDD (BASE 65) ]
TOTAL THIS MO.   723    CLEAR  (SCALE 0-3)   5
DPTR FM NORMAL   197    PTCLDY (SCALE 4-7)  15
TOTAL FM JUL 1  2619    CLOUDY (SCALE 8-10)  7
DPTR FM NORMAL   183

[CDD (BASE 65) ]
TOTAL THIS MO.     0
DPTR FM NORMAL     0    [PRESSURE DATA]
TOTAL FM JAN 1     0    HIGHEST SLP M ON M
DPTR FM NORMAL     0    LOWEST  SLP 29.69 ON  1

[REMARKS]
