000
CXUS56 KTFX 301205
CF6HVR
PRELIMINARY LOCAL CLIMATOLOGICAL DATA (WS FORM: F-6)

                                          STATION:   HAVRE MT
                                          MONTH:     JULY
                                          YEAR:      2016
                                          LATITUDE:   48 32 N
                                          LONGITUDE: 109 46 W

  TEMPERATURE IN F:       :PCPN:    SNOW:  WIND      :SUNSHINE: SKY     :PK WND
================================================================================
1   2   3   4   5  6A  6B    7    8   9   10  11  12  13   14  15   16   17  18
                                     12Z  AVG MX 2MIN
DY MAX MIN AVG DEP HDD CDD  WTR  SNW DPTH SPD SPD DIR MIN PSBL S-S WX    SPD DR
================================================================================

 1  83  59  71   5   0   6 0.00  0.0    0  9.2 25 110   M    M   0        32 120
 2  89  54  72   6   0   7 0.08  0.0    0  5.6 17 350   M    M   1        26  30
 3  90  57  74   8   0   9    T  0.0    0 12.0 26 270   M    M   1        33 280
 4  84  47  66  -1   0   1 0.00  0.0    0  8.3 20 290   M    M   2        28 300
 5  80  47  64  -3   1   0 0.00  0.0    0  8.5 18 280   M    M   1        23 260
 6  68  47  58  -9   7   0 0.08  0.0    0  7.1 25 260   M    M   5 13     32 250
 7  81  47  64  -3   1   0 0.00  0.0    0 10.3 20 230   M    M   1        22 220
 8  88  56  72   4   0   7    T  0.0    0  6.6 18 360   M    M   2 3      23 350
 9  88  57  73   5   0   8    T  0.0    0  8.2 22 280   M    M   2        26 280
10  77  53  65  -3   0   0 0.02  0.0    0  7.5 21 230   M    M   3        25 230
11  67  55  61  -7   4   0 0.79  0.0    0 17.9 37 290   M    M   7 18     46 290
12  77  53  65  -4   0   0 0.03  0.0    0 12.4 26  10   M    M   5 3      34  10
13  74  54  64  -5   1   0 0.55  0.0    0 10.3 24 200   M    M   5 13     30 200
14  77  49  63  -6   2   0 0.00  0.0    0  7.8 18 310   M    M   1        24 290
15  80  53  67  -2   0   2 0.04  0.0    0 12.7 22 100   M    M   2 3      31 100
16  74  51  63  -7   2   0 0.00  0.0    0  9.7 18 310   M    M   2        23 320
17  79  49  64  -6   1   0 0.00  0.0    0  5.4 13  80   M    M   1        14  80
18  87  58  73   3   0   8 0.01  0.0    0  9.9 26 240   M    M   1        32 230
19  94  57  76   6   0  11 0.45  0.0    0  8.1 46 230   M    M   0 13     58 240
20  87  57  72   2   0   7 0.05  0.0    0  6.3 25 290   M    M   1 3      41  90
21  93  52  73   2   0   8 0.00  0.0    0 10.0 26 280   M    M   0        37 240
22  97  62  80   9   0  15    T  0.0    0 14.4 36 290   M    M   0        46 300
23  82  60  71   0   0   6    T  0.0    0 15.5 27 290   M    M   1        37 270
24  87  51  69  -2   0   4 0.00  0.0    0  8.4 16 220   M    M   0        20 210
25  94  51  73   2   0   8 0.00  0.0    0  7.2 20  60   M    M   0        26  50
26  89  61  75   4   0  10 0.33  0.0    0 14.8 47 310   M    M   2 13     57 320
27  76  57  67  -4   0   2    T  0.0    0  6.0 14  90   M    M   3 1      21 100
28  84  55  70  -1   0   5 0.00  0.0    0  6.8 16  70   M    M   0        19  80
29  87  61  74   3   0   9 0.00  0.0    0  5.2 13 310   M    M   3        17 310
================================================================================
SM 2413 1570        19 133  2.43     0.0 272.1          M       52
================================================================================
AV 83.2 54.1                               9.4 FASTST   M    M   2    MAX(MPH)
                                 MISC ---->  # 47 310               # 58  240
================================================================================
NOTES:
# LAST OF SEVERAL OCCURRENCES

COLUMN 17 PEAK WIND IN M.P.H.

PRELIMINARY LOCAL CLIMATOLOGICAL DATA (WS FORM: F-6) , PAGE 2

                                          STATION:  HAVRE MT
                                          MONTH:    JULY
                                          YEAR:     2016
                                          LATITUDE:   48 32 N
                                          LONGITUDE: 109 46 W

[TEMPERATURE DATA]      [PRECIPITATION DATA]       SYMBOLS USED IN COLUMN 16

AVERAGE MONTHLY: 68.7   TOTAL FOR MONTH:   2.43    1 = FOG OR MIST
DPTR FM NORMAL:  -0.4   DPTR FM NORMAL:    0.86    2 = FOG REDUCING VISIBILITY
HIGHEST:    97 ON 22    GRTST 24HR  0.81 ON 10-11      TO 1/4 MILE OR LESS
LOWEST:     47 ON  7, 6                            3 = THUNDER
                        SNOW, ICE PELLETS, HAIL    4 = ICE PELLETS
                        TOTAL MONTH:   0.0 INCH    5 = HAIL
                        GRTST 24HR     0.0         6 = FREEZING RAIN OR DRIZZLE
                        GRTST DEPTH:   0           7 = DUSTSTORM OR SANDSTORM:
                                                       VSBY 1/2 MILE OR LESS
                                                   8 = SMOKE OR HAZE
[NO. OF DAYS WITH]      [WEATHER - DAYS WITH]      9 = BLOWING SNOW
                                                   X = TORNADO
MAX 32 OR BELOW:   0    0.01 INCH OR MORE:  11
MAX 90 OR ABOVE:   5    0.10 INCH OR MORE:   4
MIN 32 OR BELOW:   0    0.50 INCH OR MORE:   2
MIN  0 OR BELOW:   0    1.00 INCH OR MORE:   0

[HDD (BASE 65) ]
TOTAL THIS MO.    19    CLEAR  (SCALE 0-3)  24
DPTR FM NORMAL   -10    PTCLDY (SCALE 4-7)   5
TOTAL FM JUL 1    19    CLOUDY (SCALE 8-10)  0
DPTR FM NORMAL   -10

[CDD (BASE 65) ]
TOTAL THIS MO.   133
DPTR FM NORMAL   -16    [PRESSURE DATA]
TOTAL FM JAN 1   188    HIGHEST SLP M ON M
DPTR FM NORMAL   -20    LOWEST  SLP 29.59 ON 10

[REMARKS]
