259
CXUS56 KMTR 301000
CF6HWD
PRELIMINARY LOCAL CLIMATOLOGICAL DATA (WS FORM: F-6)

                                          STATION:   HAYWARD AIRPORT
                                          MONTH:     APRIL
                                          YEAR:      2016
                                          LATITUDE:   37 39 N
                                          LONGITUDE: 122  7 W

  TEMPERATURE IN F:       :PCPN:    SNOW:  WIND      :SUNSHINE: SKY     :PK WND
================================================================================
1   2   3   4   5  6A  6B    7    8   9   10  11  12  13   14  15   16   17  18
                                     12Z  AVG MX 2MIN
DY MAX MIN AVG DEP HDD CDD  WTR  SNW DPTH SPD SPD DIR MIN PSBL S-S WX    SPD DR
================================================================================

 1  63  53  58   2   7   0 0.00  0.0    0  8.5 16 310   M    M   6        22 290
 2  70  53  62   6   3   0 0.00  0.0    0  6.8 20 300   M    M   5        22 300
 3  64  51  58   2   7   0 0.00  0.0    0  7.7 17 290   M    M   6        22 290
 4  68  54  61   4   4   0 0.00  0.0    0  6.8 18 280   M    M   4 1      21 270
 5  80  49  65   8   0   0 0.00  0.0    0  6.0 15 320   M    M   0        17 280
 6  86  56  71  14   0   6 0.00  0.0    0  4.5 12 290   M    M   0        13 290
 7  74  60  67  10   0   2 0.00  0.0    0  6.9 18 290   M    M   0        23 280
 8  68  59  64   7   1   0 0.21  0.0    0  6.6 15 300   M    M   7 1      18 300
 9  64  58  61   4   4   0 0.12  0.0    0  6.1 14 320   M    M  10 1      17 320
10  60  56  58   1   7   0 0.16  0.0    0  7.5 13 280   M    M  10 1      19 240
11  66  56  61   4   4   0 0.00  0.0    0  6.7 16 300   M    M   8        18 300
12  63  54  59   2   6   0 0.00  0.0    0  9.0 18 270   M    M   7        29 200
13  64  54  59   2   6   0 0.00  0.0    0  8.8 17 290   M    M   2        23 300
14  64  51  58   0   7   0 0.07  0.0    0 11.2 26 290   M    M   3 1      36 320
15  71  47  59   1   6   0 0.00  0.0    0  8.1 25 290   M    M   0        31 290
16  80  48  64   6   1   0 0.00  0.0    0  5.3 16 270   M    M   0        20 280
17  83  53  68  10   0   3 0.00  0.0    0  5.9 15 300   M    M   0        18 290
18  84  56  70  12   0   5 0.00  0.0    0  5.9 21 300   M    M   0        24 290
19  79  55  67   9   0   2 0.00  0.0    0  6.0 16 290   M    M   0        19 290
20  76  50  63   5   2   0 0.00  0.0    0  6.8 18 300   M    M   1        22 300
21  72  61  67   9   0   2    T  0.0    0  9.1 23 270   M    M   8        30 270
22  64  56  60   2   5   0 0.15  0.0    0 13.4 24 280   M    M   6 18     30 270
23  66  50  58   0   7   0 0.00  0.0    0  9.2 22 290   M    M   2        41 240
24  68  53  61   2   4   0 0.00  0.0    0 11.6 25 290   M    M   2        36 180
25  67  48  58  -1   7   0 0.00  0.0    0 11.3 26 300   M    M   0        31 300
26  65  47  56  -3   9   0 0.00  0.0    0  9.7 24 280   M    M   0        30 290
27  65  52  59   0   6   0 0.21  0.0    0 11.0 26 290   M    M   5 18     35 290
28  67  48  58  -1   7   0 0.00  0.0    0  8.8 22 270   M    M   1        28 260
29  65  51  58  -1   7   0 0.00  0.0    0  9.4 23 280   M    M   1        31 290
================================================================================
SM 2026 1539       117  20  0.92     0.0 234.6          M       94
================================================================================
AV 69.9 53.1                               8.1 FASTST   M    M   3    MAX(MPH)
                                 MISC ---->  # 26 290               # 41  240
================================================================================
NOTES:
# LAST OF SEVERAL OCCURRENCES

COLUMN 17 PEAK WIND IN M.P.H.

PRELIMINARY LOCAL CLIMATOLOGICAL DATA (WS FORM: F-6) , PAGE 2

                                          STATION:  HAYWARD AIRPORT
                                          MONTH:    APRIL
                                          YEAR:     2016
                                          LATITUDE:   37 39 N
                                          LONGITUDE: 122  7 W

[TEMPERATURE DATA]      [PRECIPITATION DATA]       SYMBOLS USED IN COLUMN 16

AVERAGE MONTHLY: 61.5   TOTAL FOR MONTH:   0.92    1 = FOG OR MIST
DPTR FM NORMAL:   3.8   DPTR FM NORMAL:   -0.30    2 = FOG REDUCING VISIBILITY
HIGHEST:    86 ON  6    GRTST 24HR  0.27 ON  9-10      TO 1/4 MILE OR LESS
LOWEST:     47 ON 26,15                            3 = THUNDER
                        SNOW, ICE PELLETS, HAIL    4 = ICE PELLETS
                        TOTAL MONTH:   0.0 INCH    5 = HAIL
                        GRTST 24HR     0.0         6 = FREEZING RAIN OR DRIZZLE
                        GRTST DEPTH:   0           7 = DUSTSTORM OR SANDSTORM:
                                                       VSBY 1/2 MILE OR LESS
                                                   8 = SMOKE OR HAZE
[NO. OF DAYS WITH]      [WEATHER - DAYS WITH]      9 = BLOWING SNOW
                                                   X = TORNADO
MAX 32 OR BELOW:   0    0.01 INCH OR MORE:   6
MAX 90 OR ABOVE:   0    0.10 INCH OR MORE:   5
MIN 32 OR BELOW:   0    0.50 INCH OR MORE:   0
MIN  0 OR BELOW:   0    1.00 INCH OR MORE:   0

[HDD (BASE 65) ]
TOTAL THIS MO.   117    CLEAR  (SCALE 0-3)  17
DPTR FM NORMAL  -105    PTCLDY (SCALE 4-7)   9
TOTAL FM JUL 1  1754    CLOUDY (SCALE 8-10)  3
DPTR FM NORMAL  -530

[CDD (BASE 65) ]
TOTAL THIS MO.    20
DPTR FM NORMAL    20    [PRESSURE DATA]
TOTAL FM JAN 1    20    HIGHEST SLP 30.03 ON 19
DPTR FM NORMAL    17    LOWEST  SLP 29.81 ON 22

[REMARKS]
