000
CXUS52 KMFL 231000
CF6HWO
PRELIMINARY LOCAL CLIMATOLOGICAL DATA (WS FORM: F-6)

                                          STATION:   NORTH PERRY ARPT
                                          MONTH:     FEBRUARY
                                          YEAR:      2017
                                          LATITUDE:   26  0 N
                                          LONGITUDE:  80 14 W

  TEMPERATURE IN F:       :PCPN:    SNOW:  WIND      :SUNSHINE: SKY     :PK WND
================================================================================
1   2   3   4   5  6A  6B    7    8   9   10  11  12  13   14  15   16   17  18
                                     12Z  AVG MX 2MIN
DY MAX MIN AVG DEP HDD CDD  WTR  SNW DPTH SPD SPD DIR MIN PSBL S-S WX    SPD DR
================================================================================

 1  78  54  66  -2   0   1 0.00  0.0    0  4.5 15 110   M    M   2        20  70
 2  80  61  71   3   0   6 0.00  0.0    0  6.7 17  80   M    M   4        22  70
 3  81  62  72   4   0   7 0.00  0.0    0  4.6 15  90   M    M   3        19  90
 4  82  61  72   4   0   7 0.00  0.0    0  5.8 15  70   M    M   1        18  90
 5  82  64  73   5   0   8 0.00  0.0    0  3.3 12 100   M    M   1        15  90
 6  82  64  73   5   0   8 0.00  0.0    0  8.1 17  60   M    M   3        21  50
 7  82  69  76   8   0  11 0.00  0.0    0  8.0 16 130   M    M   4        21 130
 8  87  65  76   8   0  11    T  0.0    0  6.2 14 210   M    M   2 1      18 220
 9  87  68  78   9   0  13 0.01  0.0    0  8.4 23 310   M    M   4 1238   29 310
10  78  62  70   1   0   5 0.00  0.0    0 11.6 21  40   M    M   2        27  80
11  79  60  70   1   0   5 0.00  0.0    0  6.1 14 110   M    M   1        20 150
12  81  60  71   2   0   6 0.00  0.0    0  4.1 13  90   M    M   1        16  90
13  83  60  72   3   0   7 0.00  0.0    0  5.8 10 300   M    M   1         M  M
14  84  64  74   5   0   9    T  0.0    0  5.3 14 140   M    M   1 18      M  M
15  86  63  75   6   0  10 0.02  0.0    0 10.9 27 230   M    M   2        36 240
16  80  61  71   2   0   6    T  0.0    0 11.7 17 280   M    M   7        24 280
17  80  56  68  -2   0   3 0.00  0.0    0  6.8 13 130   M    M   1         M  M
18  82  60  71   1   0   6    T  0.0    0  4.4 10 140   M    M   2         M  M
19  90  68  79   9   0  14    T  0.0    0  7.6 15 260   M    M   2 12     21 270
20  82  64  73   3   0   8 0.00  0.0    0  6.7 14  80   M    M   2         M  M
21  81  62  72   2   0   7 0.00  0.0    0  7.6 18  90   M    M   4        23  90
22  75  65  70   0   0   5 0.88  0.0    0  8.6 18 130   M    M   7 1      27 190
================================================================================
SM 1802 1373         0 163  0.91     0.0 152.8          M       57
================================================================================
AV 81.9 62.4                               6.9 FASTST   M    M   3    MAX(MPH)
                                 MISC ---->  # 27 230               # 36  240
================================================================================
NOTES:
# LAST OF SEVERAL OCCURRENCES

COLUMN 17 PEAK WIND IN M.P.H.

PRELIMINARY LOCAL CLIMATOLOGICAL DATA (WS FORM: F-6) , PAGE 2

                                          STATION:  NORTH PERRY ARPT
                                          MONTH:    FEBRUARY
                                          YEAR:     2017
                                          LATITUDE:   26  0 N
                                          LONGITUDE:  80 14 W

[TEMPERATURE DATA]      [PRECIPITATION DATA]       SYMBOLS USED IN COLUMN 16

AVERAGE MONTHLY: 72.2   TOTAL FOR MONTH:   0.91    1 = FOG OR MIST
DPTR FM NORMAL:   3.2   DPTR FM NORMAL:   -1.54    2 = FOG REDUCING VISIBILITY
HIGHEST:    90 ON 19    GRTST 24HR  0.88 ON 22-22      TO 1/4 MILE OR LESS
LOWEST:     54 ON  1                               3 = THUNDER
                        SNOW, ICE PELLETS, HAIL    4 = ICE PELLETS
                        TOTAL MONTH:   0.0 INCH    5 = HAIL
                        GRTST 24HR     0.0         6 = FREEZING RAIN OR DRIZZLE
                        GRTST DEPTH:   0           7 = DUSTSTORM OR SANDSTORM:
                                                       VSBY 1/2 MILE OR LESS
                                                   8 = SMOKE OR HAZE
[NO. OF DAYS WITH]      [WEATHER - DAYS WITH]      9 = BLOWING SNOW
                                                   X = TORNADO
MAX 32 OR BELOW:   0    0.01 INCH OR MORE:   3
MAX 90 OR ABOVE:   1    0.10 INCH OR MORE:   1
MIN 32 OR BELOW:   0    0.50 INCH OR MORE:   1
MIN  0 OR BELOW:   0    1.00 INCH OR MORE:   0

[HDD (BASE 65) ]
TOTAL THIS MO.     0    CLEAR  (SCALE 0-3)  16
DPTR FM NORMAL   -22    PTCLDY (SCALE 4-7)   6
TOTAL FM JUL 1    30    CLOUDY (SCALE 8-10)  0
DPTR FM NORMAL   -96

[CDD (BASE 65) ]
TOTAL THIS MO.   163
DPTR FM NORMAL    52    [PRESSURE DATA]
TOTAL FM JAN 1   356    HIGHEST SLP M ON M
DPTR FM NORMAL   117    LOWEST  SLP 29.91 ON 21

[REMARKS]
