000
CXUS53 KUNR 260945
CF6IEN
PRELIMINARY LOCAL CLIMATOLOGICAL DATA (WS FORM: F-6)

                                          STATION:   PINE RIDGE SD
                                          MONTH:     MARCH
                                          YEAR:      2017
                                          LATITUDE:   43  1 N
                                          LONGITUDE: 102 31 W

  TEMPERATURE IN F:       :PCPN:    SNOW:  WIND      :SUNSHINE: SKY     :PK WND
================================================================================
1   2   3   4   5  6A  6B    7    8   9   10  11  12  13   14  15   16   17  18
                                     12Z  AVG MX 2MIN
DY MAX MIN AVG DEP HDD CDD  WTR  SNW DPTH SPD SPD DIR MIN PSBL S-S WX    SPD DR
================================================================================

 1  36  18  27  -4  38   0 0.00    M    M 10.9 22 260   M    M   3        29 250
 2  38  19  29  -2  36   0 0.00    M    M  6.8 17 190   M    M   5        23 190
 3  50  23  37   5  28   0 0.00    M    M  8.5 20 190   M    M   0        25 190
 4  63  25  44  12  21   0 0.00    M    M 12.0 33 240   M    M   0        42 240
 5  65  28  47  15  18   0 0.00    M    M  9.1 22 180   M    M   0 8      27 160
 6  50  29  40   7  25   0 0.04    M    M 13.8 35 270   M    M   4 12     46 260
 7  44  20  32  -1  33   0 0.00    M    M 13.2 33 290   M    M   2        43 260
 8  61  16  39   5  26   0 0.00    M    M  7.5 23 270   M    M   0        29 280
 9  44  19  32  -2  33   0 0.00    M    M  7.9 21  30   M    M   3        27  20
10  47  21  34   0  31   0    T    M    M  9.8 21 180   M    M   9        28 180
11  35  17  26  -9  39   0    T    M    M  6.0 14 180   M    M   7        19 190
12  48  15  32  -3  33   0 0.07    M    M 12.6 29 190   M    M   5 16     39 180
13  37  13  25 -10  40   0    T    M    M  4.8 12 120   M    M  10 8      14 100
14  57  30  44   8  21   0    T    M    M  4.9 21 190   M    M   8        26 190
15  74  35  55  19  10   0 0.00    M    M  6.2 20 200   M    M   2        26 190
16  78  32  55  18  10   0 0.01    M    M  9.8 32 290   M    M   2 8      45 340
17  62  34  48  11  17   0 0.00    M    M  5.8 15 270   M    M   2        20 260
18  80  32  56  19   9   0 0.00    M    M 13.1 31 190   M    M   0        39 190
19  81  38  60  22   5   0 0.00    M    M  8.7 28  80   M    M   0        36  80
20  60  28  44   6  21   0    T    M    M  7.3 17 200   M    M   2        23 200
21  44  34  39   1  26   0 0.29    M    M 13.6 23 120   M    M  10 1      31 130
22  66  36  51  12  14   0    T    M    M 20.0 38 190   M    M   2        48 180
23  71  42  57  18   8   0    T    M    M 10.3 24 350   M    M   3        35 350
24  62  37  50  11  15   0 0.00    M    M  7.9 16  20   M    M   3        21  40
25  70  36  53  13  12   0 0.00    M    M 10.5 24 190   M    M   0        29 190
================================================================================
SM 1423  677       569   0  0.41    M    241.0          M       82
================================================================================
AV 56.9 27.1                               9.6 FASTST   M    M   3    MAX(MPH)
                                 MISC ---->  # 38 190               # 48  180
================================================================================
NOTES:
# LAST OF SEVERAL OCCURRENCES

COLUMN 17 PEAK WIND IN M.P.H.

PRELIMINARY LOCAL CLIMATOLOGICAL DATA (WS FORM: F-6) , PAGE 2

                                          STATION:  PINE RIDGE SD
                                          MONTH:    MARCH
                                          YEAR:     2017
                                          LATITUDE:   43  1 N
                                          LONGITUDE: 102 31 W

[TEMPERATURE DATA]      [PRECIPITATION DATA]       SYMBOLS USED IN COLUMN 16

AVERAGE MONTHLY: 42.0   TOTAL FOR MONTH:   0.41    1 = FOG OR MIST
DPTR FM NORMAL:   6.6   DPTR FM NORMAL:   -0.23    2 = FOG REDUCING VISIBILITY
HIGHEST:    81 ON 19    GRTST 24HR  0.29 ON 21-21      TO 1/4 MILE OR LESS
LOWEST:     13 ON 13                               3 = THUNDER
                        SNOW, ICE PELLETS, HAIL    4 = ICE PELLETS
                        TOTAL MONTH:    M          5 = HAIL
                        GRTST 24HR    M  ON   M    6 = FREEZING RAIN OR DRIZZLE
                        GRTST DEPTH:  M  ON   M    7 = DUSTSTORM OR SANDSTORM:
                                                       VSBY 1/2 MILE OR LESS
                                                   8 = SMOKE OR HAZE
[NO. OF DAYS WITH]      [WEATHER - DAYS WITH]      9 = BLOWING SNOW
                                                   X = TORNADO
MAX 32 OR BELOW:   0    0.01 INCH OR MORE:   4
MAX 90 OR ABOVE:   0    0.10 INCH OR MORE:   1
MIN 32 OR BELOW:  17    0.50 INCH OR MORE:   0
MIN  0 OR BELOW:   0    1.00 INCH OR MORE:   0

[HDD (BASE 65) ]
TOTAL THIS MO.   569    CLEAR  (SCALE 0-3)  14
DPTR FM NORMAL  -171    PTCLDY (SCALE 4-7)   8
TOTAL FM JUL 1  5735    CLOUDY (SCALE 8-10)  3
DPTR FM NORMAL  -355

[CDD (BASE 65) ]
TOTAL THIS MO.     0
DPTR FM NORMAL     0    [PRESSURE DATA]
TOTAL FM JAN 1     0    HIGHEST SLP M ON M
DPTR FM NORMAL     0    LOWEST  SLP 28.88 ON  6

[REMARKS]
