000
CXUS55 KVEF 250940
CF6IGM
PRELIMINARY LOCAL CLIMATOLOGICAL DATA (WS FORM: F-6)

                                          STATION:   KINGMAN AZ
                                          MONTH:     JULY
                                          YEAR:      2017
                                          LATITUDE:   35 16 N
                                          LONGITUDE: 113 57 W

  TEMPERATURE IN F:       :PCPN:    SNOW:  WIND      :SUNSHINE: SKY     :PK WND
================================================================================
1   2   3   4   5  6A  6B    7    8   9   10  11  12  13   14  15   16   17  18
                                     12Z  AVG MX 2MIN
DY MAX MIN AVG DEP HDD CDD  WTR  SNW DPTH SPD SPD DIR MIN PSBL S-S WX    SPD DR
================================================================================

 1 103  66  85   3   0  20 0.00  0.0    0 12.4 28 210   M    M   0        36 220
 2 100  60  80  -2   0  15 0.00  0.0    0 11.5 29 220   M    M   0        38 210
 3  98  67  83   1   0  18 0.00  0.0    0 12.4 22 240   M    M   0        29 240
 4 104  63  84   2   0  19 0.00  0.0    0  9.6 23 250   M    M   0        33 210
 5 106  67  87   4   0  22 0.00  0.0    0  7.4 18 250   M    M   0        24 240
 6 108  67  88   5   0  23 0.00  0.0    0  8.5 20 260   M    M   0        24 220
 7 112  76  94  11   0  29    T  0.0    0  9.7 36 120   M    M   0 8      43 120
 8 108  84  96  13   0  31    T  0.0    0 12.0 25  80   M    M   1 3      29  80
 9  99  82  91   8   0  26    T  0.0    0 15.0 28 210   M    M   1        33 210
10 100  75  88   5   0  23 0.01  0.0    0 10.9 28 150   M    M   1 3      31 160
11 100  74  87   3   0  22 0.00  0.0    0 13.6 24 120   M    M   1 3      31 210
12 102  75  89   5   0  24 0.00  0.0    0  9.9 21 230   M    M   0        27 240
13 102  78  90   6   0  25 0.00  0.0    0 11.6 22 230   M    M   0 3      30 230
14 104  74  89   5   0  24 0.00  0.0    0 10.2 21 220   M    M   0        26 220
15 106  75  91   7   0  26 0.06  0.0    0 11.6 33 120   M    M   0 3      41 120
16  99  74  87   3   0  22 0.00  0.0    0 13.2 39 130   M    M   0 38     46 130
17  99  76  88   4   0  23 0.00  0.0    0 12.8 31 120   M    M   0 3      36 130
18  97  77  87   3   0  22 0.02  0.0    0 11.5 32 190   M    M   1 3      37 190
19  84  68  76  -8   0  11 0.37  0.0    0  5.2 23 110   M    M   4 13     26 100
20  96  72  84   0   0  19 0.00  0.0    0 12.4 33 110   M    M   1 3      39 110
21  98  73  86   2   0  21 0.00  0.0    0 10.4 21 240   M    M   1 3      28 230
22 102  76  89   5   0  24 0.22  0.0    0 10.7 39 120   M    M   3 3      43 120
23 100  70  85   1   0  20 0.07  0.0    0 12.0 40  90   M    M   2 3      47  90
24  88  69  79  -5   0  14 0.00  0.0    0  9.5 20 220   M    M   4 3      23 220
================================================================================
SM 2415 1738         0 523  0.75     0.0 264.0          M       20
================================================================================
AV100.6 72.4                              11.0 FASTST   M    M   1    MAX(MPH)
                                 MISC ---->  # 40  90               # 47   90
================================================================================
NOTES:
# LAST OF SEVERAL OCCURRENCES

COLUMN 17 PEAK WIND IN M.P.H.

PRELIMINARY LOCAL CLIMATOLOGICAL DATA (WS FORM: F-6) , PAGE 2

                                          STATION:  KINGMAN AZ
                                          MONTH:    JULY
                                          YEAR:     2017
                                          LATITUDE:   35 16 N
                                          LONGITUDE: 113 57 W

[TEMPERATURE DATA]      [PRECIPITATION DATA]       SYMBOLS USED IN COLUMN 16

AVERAGE MONTHLY: 86.5   TOTAL FOR MONTH:   0.75    1 = FOG OR MIST
DPTR FM NORMAL:   3.1   DPTR FM NORMAL:    0.20    2 = FOG REDUCING VISIBILITY
HIGHEST:   112 ON  7    GRTST 24HR  0.37 ON 19-19      TO 1/4 MILE OR LESS
LOWEST:     60 ON  2                               3 = THUNDER
                        SNOW, ICE PELLETS, HAIL    4 = ICE PELLETS
                        TOTAL MONTH:   0.0 INCH    5 = HAIL
                        GRTST 24HR     0.0         6 = FREEZING RAIN OR DRIZZLE
                        GRTST DEPTH:   0           7 = DUSTSTORM OR SANDSTORM:
                                                       VSBY 1/2 MILE OR LESS
                                                   8 = SMOKE OR HAZE
[NO. OF DAYS WITH]      [WEATHER - DAYS WITH]      9 = BLOWING SNOW
                                                   X = TORNADO
MAX 32 OR BELOW:   0    0.01 INCH OR MORE:   6
MAX 90 OR ABOVE:  22    0.10 INCH OR MORE:   2
MIN 32 OR BELOW:   0    0.50 INCH OR MORE:   0
MIN  0 OR BELOW:   0    1.00 INCH OR MORE:   0

[HDD (BASE 65) ]
TOTAL THIS MO.     0    CLEAR  (SCALE 0-3)  22
DPTR FM NORMAL     0    PTCLDY (SCALE 4-7)   2
TOTAL FM JUL 1     0    CLOUDY (SCALE 8-10)  0
DPTR FM NORMAL     0

[CDD (BASE 65) ]
TOTAL THIS MO.   523
DPTR FM NORMAL    81    [PRESSURE DATA]
TOTAL FM JAN 1  1198    HIGHEST SLP M ON M
DPTR FM NORMAL   173    LOWEST  SLP 29.64 ON  1

[REMARKS]
