000
CXUS55 KVEF 250940
CF6IGM
PRELIMINARY LOCAL CLIMATOLOGICAL DATA (WS FORM: F-6)

                                          STATION:   KINGMAN AZ
                                          MONTH:     MAY
                                          YEAR:      2016
                                          LATITUDE:   35 16 N
                                          LONGITUDE: 113 57 W

  TEMPERATURE IN F:       :PCPN:    SNOW:  WIND      :SUNSHINE: SKY     :PK WND
================================================================================
1   2   3   4   5  6A  6B    7    8   9   10  11  12  13   14  15   16   17  18
                                     12Z  AVG MX 2MIN
DY MAX MIN AVG DEP HDD CDD  WTR  SNW DPTH SPD SPD DIR MIN PSBL S-S WX    SPD DR
================================================================================

 1  72  45  59  -5   6   0 0.00  0.0    0  6.5 23  80   M    M   5        26  90
 2  74  49  62  -2   3   0 0.00  0.0    0  8.3 33 140   M    M   1 3      39 140
 3  84  49  67   3   0   2 0.00  0.0    0  7.7 17 220   M    M   0        23  40
 4  90  57  74   9   0   9 0.00  0.0    0 12.9 25 200   M    M   0        37 150
 5  85  56  71   6   0   6 0.00  0.0    0 16.6 36 170   M    M   0        47 170
 6  63  48  56 -10   9   0 0.33    M    0 13.0 31 120   M    M   7 3      37 120
 7  67  47  57  -9   8   0 0.00  0.0    0  8.6 22 110   M    M   7        24 120
 8  71  45  58  -8   7   0 0.00  0.0    0  9.3 22 230   M    M   5        28 230
 9  77  49  63  -3   2   0 0.00  0.0    0 12.7 25 250   M    M   0        31 230
10  81  50  66  -1   0   1 0.00  0.0    0 11.0 25 240   M    M   0        32 220
11  85  54  70   3   0   5 0.00  0.0    0  7.7 18 360   M    M   0        24 240
12  90  53  72   4   0   7 0.00  0.0    0  6.2 15 240   M    M   0        25 280
13  94  55  75   7   0  10 0.00  0.0    0 10.9 25 230   M    M   0        33 220
14  92  66  79  11   0  14 0.00  0.0    0 13.9 31 220   M    M   0        37 220
15  83  62  73   5   0   8 0.00  0.0    0 14.4 30 220   M    M   0        36 230
16  82  52  67  -2   0   2 0.04  0.0    0 10.2 36 240   M    M   2        55 250
17  74  55  65  -4   0   0 0.01  0.0    0  9.9 31 200   M    M   5        37 200
18  81  51  66  -3   0   1    T  0.0    0  7.1 33  80   M    M   3 3      39  80
19  87  56  72   2   0   7 0.00  0.0    0 16.1 29 190   M    M   0        36 210
20  85  64  75   5   0  10 0.00  0.0    0 23.6 41 200   M    M   0        53 210
21  75  56  66  -4   0   1 0.00  0.0    0 18.0 33 220   M    M   0        40 210
22  76  46  61 -10   4   0 0.00  0.0    0  9.5 17 210   M    M   0        23 240
23  80  47  64  -7   1   0 0.00  0.0    0 13.2 29 220   M    M   0        35 250
24  75  53  64  -7   1   0 0.00  0.0    0 13.0 30 210   M    M   0        39 230
================================================================================
SM 1923 1265        41  83  0.38     0.0 280.3          M       35
================================================================================
AV 80.1 52.7                              11.7 FASTST   M    M   1    MAX(MPH)
                                 MISC ---->  # 41 200               # 55  250
================================================================================
NOTES:
# LAST OF SEVERAL OCCURRENCES

COLUMN 17 PEAK WIND IN M.P.H.

PRELIMINARY LOCAL CLIMATOLOGICAL DATA (WS FORM: F-6) , PAGE 2

                                          STATION:  KINGMAN AZ
                                          MONTH:    MAY
                                          YEAR:     2016
                                          LATITUDE:   35 16 N
                                          LONGITUDE: 113 57 W

[TEMPERATURE DATA]      [PRECIPITATION DATA]       SYMBOLS USED IN COLUMN 16

AVERAGE MONTHLY: 66.4   TOTAL FOR MONTH:   0.38    1 = FOG OR MIST
DPTR FM NORMAL:  -1.2   DPTR FM NORMAL:    0.27    2 = FOG REDUCING VISIBILITY
HIGHEST:    94 ON 13    GRTST 24HR  0.33 ON  6- 6      TO 1/4 MILE OR LESS
LOWEST:     45 ON  8, 1                            3 = THUNDER
                        SNOW, ICE PELLETS, HAIL    4 = ICE PELLETS
                        TOTAL MONTH:   0.0 INCH    5 = HAIL
                        GRTST 24HR     0.0         6 = FREEZING RAIN OR DRIZZLE
                        GRTST DEPTH:   0           7 = DUSTSTORM OR SANDSTORM:
                                                       VSBY 1/2 MILE OR LESS
                                                   8 = SMOKE OR HAZE
[NO. OF DAYS WITH]      [WEATHER - DAYS WITH]      9 = BLOWING SNOW
                                                   X = TORNADO
MAX 32 OR BELOW:   0    0.01 INCH OR MORE:   3
MAX 90 OR ABOVE:   4    0.10 INCH OR MORE:   1
MIN 32 OR BELOW:   0    0.50 INCH OR MORE:   0
MIN  0 OR BELOW:   0    1.00 INCH OR MORE:   0

[HDD (BASE 65) ]
TOTAL THIS MO.    41    CLEAR  (SCALE 0-3)  19
DPTR FM NORMAL    -8    PTCLDY (SCALE 4-7)   5
TOTAL FM JUL 1  2822    CLOUDY (SCALE 8-10)  0
DPTR FM NORMAL  -273

[CDD (BASE 65) ]
TOTAL THIS MO.    83
DPTR FM NORMAL   -29    [PRESSURE DATA]
TOTAL FM JAN 1   103    HIGHEST SLP M ON M
DPTR FM NORMAL   -40    LOWEST  SLP 29.52 ON 20

[REMARKS]
