042
CXUS54 KFWD 270730
CF6ILE
PRELIMINARY LOCAL CLIMATOLOGICAL DATA (WS FORM: F-6)

                                          STATION:   KILLEEN SKYLARK
                                          MONTH:     FEBRUARY
                                          YEAR:      2017
                                          LATITUDE:   31  4 N
                                          LONGITUDE:  97 41 W

  TEMPERATURE IN F:       :PCPN:    SNOW:  WIND      :SUNSHINE: SKY     :PK WND
================================================================================
1   2   3   4   5  6A  6B    7    8   9   10  11  12  13   14  15   16   17  18
                                     12Z  AVG MX 2MIN
DY MAX MIN AVG DEP HDD CDD  WTR  SNW DPTH SPD SPD DIR MIN PSBL S-S WX    SPD DR
================================================================================

 1  84  53  69  21   0   4 0.00  0.0    0  9.2 14 200   M    M   0        18 210
 2  57  39  48  -1  17   0 0.00  0.0    0 10.1 17 350   M    M   0        22 340
 3  50  38  44  -5  21   0 0.00  0.0    0  9.1 14  30   M    M   9         M  M
 4  52  48  50   1  15   0    T  0.0    0  6.2  9 130   M    M  10 1       M  M
 5  76  50  63  14   2   0    T  0.0    0  8.7 20 190   M    M   9 12     30 190
 6  77  65  71  22   0   6 0.00  0.0    0 11.2 22 190   M    M   8        28 190
 7  83  61  72  23   0   7 0.00  0.0    0  9.6 17 290   M    M   1        22 290
 8  82  52  67  18   0   2 0.00  0.0    0 11.3 21 360   M    M   0        32 360
 9  65  37  51   1  14   0 0.00  0.0    0  8.4 13 340   M    M   0         M  M
10  78  45  62  12   3   0 0.00  0.0    0 11.3 21 190   M    M   4        30 190
11  84  59  72  22   0   7 0.00  0.0    0 10.7 17 200   M    M   5        22 200
12  76  59  68  18   0   3 0.00  0.0    0 10.4 15  20   M    M   5 1      22  20
13  75  58  67  17   0   2    T  0.0    0 11.0 18 140   M    M  10        25 140
14  66  44  55   5  10   0 1.54  0.0    0 15.0 24 320   M    M  10 13     33 320
15  62  41  52   2  13   0 0.00  0.0    0  9.9 17 360   M    M   2        22 330
16  68  33  51   0  14   0 0.00  0.0    0  5.1  9 150   M    M   0         M  M
17  76  48  62  11   3   0 0.00  0.0    0 10.9 22 200   M    M   2        27 200
18  85  55  70  19   0   5 0.00  0.0    0  9.3 17 160   M    M   3        23 160
19  80  64  72  21   0   7 0.05  0.0    0 12.7 18 150   M    M   9 13     27 150
20  70  57  64  13   1   0 1.18  0.0    0  8.3 12 120   M    M   7 13      M  M
21  77  52  65  13   0   0 0.00  0.0    0  9.6 16 320   M    M   0        24 320
22  86  44  65  13   0   0 0.00  0.0    0  6.5 12 210   M    M   0        16 170
23  91  55  73  21   0   8 0.00  0.0    0 12.1 24 180   M    M   0        31 180
24  68  50  59   7   6   0 0.00  0.0    0 10.1 17 320   M    M   0        25 340
25  58  36  47  -5  18   0 0.00  0.0    0  7.8 14  30   M    M   1        18  50
26  65  38  52  -1  13   0    T    M    0  5.3 10 150   M    M   7         M  M
================================================================================
SM 1891 1281       150  51  2.77     0.0 249.8          M      102
================================================================================
AV 72.7 49.3                               9.6 FASTST   M    M   4    MAX(MPH)
                                 MISC ---->    24   M                 33    M
================================================================================
NOTES:
# LAST OF SEVERAL OCCURRENCES

COLUMN 17 PEAK WIND IN M.P.H.

PRELIMINARY LOCAL CLIMATOLOGICAL DATA (WS FORM: F-6) , PAGE 2

                                          STATION:  KILLEEN SKYLARK
                                          MONTH:    FEBRUARY
                                          YEAR:     2017
                                          LATITUDE:   31  4 N
                                          LONGITUDE:  97 41 W

[TEMPERATURE DATA]      [PRECIPITATION DATA]       SYMBOLS USED IN COLUMN 16

AVERAGE MONTHLY: 61.0   TOTAL FOR MONTH:   2.77    1 = FOG OR MIST
DPTR FM NORMAL:  10.7   DPTR FM NORMAL:    0.53    2 = FOG REDUCING VISIBILITY
HIGHEST:    91 ON 23    GRTST 24HR  1.54 ON 14-14      TO 1/4 MILE OR LESS
LOWEST:     33 ON 16                               3 = THUNDER
                        SNOW, ICE PELLETS, HAIL    4 = ICE PELLETS
                        TOTAL MONTH:   0.0 INCH    5 = HAIL
                        GRTST 24HR     0.0         6 = FREEZING RAIN OR DRIZZLE
                        GRTST DEPTH:   0           7 = DUSTSTORM OR SANDSTORM:
                                                       VSBY 1/2 MILE OR LESS
                                                   8 = SMOKE OR HAZE
[NO. OF DAYS WITH]      [WEATHER - DAYS WITH]      9 = BLOWING SNOW
                                                   X = TORNADO
MAX 32 OR BELOW:   0    0.01 INCH OR MORE:   3
MAX 90 OR ABOVE:   1    0.10 INCH OR MORE:   2
MIN 32 OR BELOW:   0    0.50 INCH OR MORE:   2
MIN  0 OR BELOW:   0    1.00 INCH OR MORE:   2

[HDD (BASE 65) ]
TOTAL THIS MO.   150    CLEAR  (SCALE 0-3)  14
DPTR FM NORMAL  -237    PTCLDY (SCALE 4-7)   6
TOTAL FM JUL 1  1049    CLOUDY (SCALE 8-10)  6
DPTR FM NORMAL  -738

[CDD (BASE 65) ]
TOTAL THIS MO.    51
DPTR FM NORMAL    51    [PRESSURE DATA]
TOTAL FM JAN 1    68    HIGHEST SLP M ON M
DPTR FM NORMAL    66    LOWEST  SLP M ON M

[REMARKS]
