000
CXUS51 KPHI 270800
CF6ILG
PRELIMINARY LOCAL CLIMATOLOGICAL DATA (WS FORM: F-6)

                                          STATION:   WILMINGTON DE
                                          MONTH:     AUGUST
                                          YEAR:      2016
                                          LATITUDE:   39 40 N
                                          LONGITUDE:  75 36 W

  TEMPERATURE IN F:       :PCPN:    SNOW:  WIND      :SUNSHINE: SKY     :PK WND
================================================================================
1   2   3   4   5  6A  6B    7    8   9   10  11  12  13   14  15   16   17  18
                                     12Z  AVG MX 2MIN
DY MAX MIN AVG DEP HDD CDD  WTR  SNW DPTH SPD SPD DIR MIN PSBL S-S WX    SPD DR
================================================================================

 1  83  74  79   2   0  14    T  0.0    0  7.7 16  30   M    M   8        18  30
 2  82  69  76   0   0  11 0.00  0.0    0  8.5 16 100   M    M   6        20  90
 3  83  64  74  -2   0   9    T  0.0    0  7.8 13 140   M    M   3        18  70
 4  82  64  73  -3   0   8 0.00  0.0    0  6.3 14 160   M    M   1        18 160
 5  83  65  74  -2   0   9    T  0.0    0  6.8 17 150   M    M   4        21 150
 6  90  75  83   7   0  18    T  0.0    0  6.8 13 250   M    M   5        17 240
 7  89  67  78   2   0  13 0.00  0.0    0  6.9 12 300   M    M   0        16  99
 8  85  67  76   0   0  11 0.00  0.0    0  4.2 10  80   M    M   1        12  70
 9  86  68  77   1   0  12    T  0.0    0  8.3 20 170   M    M   5 12     25 240
10  90  75  83   7   0  18 0.00  0.0    0  9.3 17 210   M    M   4        23 220
11  93  78  86  10   0  21 0.05  0.0    0  7.9 18 200   M    M   2 13     23 210
12  95  79  87  11   0  22 0.00  0.0    0  9.4 18 200   M    M   1 3      22 210
13  96  81  89  13   0  24 0.00  0.0    0  7.8 17 200   M    M   1        20 190
14  96  79  88  12   0  23    T  0.0    0  8.8 18 280   M    M   2 3      25 290
15  94  73  84   8   0  19 0.10  0.0    0  6.5 13 240   M    M   0 3      17 230
16  91  75  83   8   0  18    T  0.0    0  7.7 17 160   M    M   3 3      22 200
17  90  75  83   8   0  18 0.21  0.0    0  8.6 17 310   M    M   1 13     24 320
18  89  74  82   7   0  17 0.07  0.0    0  5.3 15  40   M    M   5 13     20 330
19  90  70  80   5   0  15 0.00  0.0    0  5.5 12 300   M    M   1        14 280
20  90  68  79   4   0  14 0.00  0.0    0  8.1 16 160   M    M   0        19 150
21  87  70  79   4   0  14 1.01  0.0    0  8.2 21 160   M    M   4 13     28 170
22  83  62  73  -2   0   8 0.00  0.0    0  8.8 21 310   M    M   1        25 310
23  83  56  70  -4   0   5 0.00  0.0    0  4.6 13 160   M    M   0        18 360
24  85  63  74   0   0   9 0.00  0.0    0  5.9 15 160   M    M   1        18 220
25  86  67  77   3   0  12    T  0.0    0  7.5 15 200   M    M   3        22 200
26  93  72  83   9   0  18 0.00  0.0    0  7.2 21 300   M    M   2        24 290
================================================================================
SM 2294 1830         0 380  1.44     0.0 190.4          M       64
================================================================================
AV 88.2 70.4                               7.3 FASTST   M    M   2    MAX(MPH)
                                 MISC ---->  # 21 160               # 28  170
================================================================================
NOTES:
# LAST OF SEVERAL OCCURRENCES

COLUMN 17 PEAK WIND IN M.P.H.

PRELIMINARY LOCAL CLIMATOLOGICAL DATA (WS FORM: F-6) , PAGE 2

                                          STATION:  WILMINGTON DE
                                          MONTH:    AUGUST
                                          YEAR:     2016
                                          LATITUDE:   39 40 N
                                          LONGITUDE:  75 36 W

[TEMPERATURE DATA]      [PRECIPITATION DATA]       SYMBOLS USED IN COLUMN 16

AVERAGE MONTHLY: 79.3   TOTAL FOR MONTH:   1.44    1 = FOG OR MIST
DPTR FM NORMAL:   3.8   DPTR FM NORMAL:   -1.34    2 = FOG REDUCING VISIBILITY
HIGHEST:    96 ON 14,13 GRTST 24HR  1.01 ON 21-21      TO 1/4 MILE OR LESS
LOWEST:     56 ON 23                               3 = THUNDER
                        SNOW, ICE PELLETS, HAIL    4 = ICE PELLETS
                        TOTAL MONTH:   0.0 INCH    5 = HAIL
                        GRTST 24HR     0.0         6 = FREEZING RAIN OR DRIZZLE
                        GRTST DEPTH:   0           7 = DUSTSTORM OR SANDSTORM:
                                                       VSBY 1/2 MILE OR LESS
                                                   8 = SMOKE OR HAZE
[NO. OF DAYS WITH]      [WEATHER - DAYS WITH]      9 = BLOWING SNOW
                                                   X = TORNADO
MAX 32 OR BELOW:   0    0.01 INCH OR MORE:   5
MAX 90 OR ABOVE:  12    0.10 INCH OR MORE:   3
MIN 32 OR BELOW:   0    0.50 INCH OR MORE:   1
MIN  0 OR BELOW:   0    1.00 INCH OR MORE:   1

[HDD (BASE 65) ]
TOTAL THIS MO.     0    CLEAR  (SCALE 0-3)  18
DPTR FM NORMAL     0    PTCLDY (SCALE 4-7)   8
TOTAL FM JUL 1     0    CLOUDY (SCALE 8-10)  0
DPTR FM NORMAL     0

[CDD (BASE 65) ]
TOTAL THIS MO.   380
DPTR FM NORMAL   107    [PRESSURE DATA]
TOTAL FM JAN 1  1153    HIGHEST SLP M ON M
DPTR FM NORMAL   203    LOWEST  SLP  0.00 ON M

[REMARKS]
