000
CXUS52 KILM 271000
CF6ILM
PRELIMINARY LOCAL CLIMATOLOGICAL DATA (WS FORM: F-6)

                                          STATION:   WILMINGTON NORTH CAROLINA
                                          MONTH:     MAY
                                          YEAR:      2017
                                          LATITUDE:   34 16 N
                                          LONGITUDE:  77 55 W

  TEMPERATURE IN F:       :PCPN:    SNOW:  WIND      :SUNSHINE: SKY     :PK WND
================================================================================
1   2   3   4   5  6A  6B    7    8   9   10  11  12  13   14  15   16   17  18
                                     12Z  AVG MX 2MIN
DY MAX MIN AVG DEP HDD CDD  WTR  SNW DPTH SPD SPD DIR MIN PSBL S-S WX    SPD DR
================================================================================

 1  84  71  78  11   0  13 0.00  0.0    0 17.3 30 190   M    M   5        41 200
 2  82  60  71   4   0   6 0.26  0.0    0 10.9 29 190   M    M   2 1      36 190
 3  84  56  70   3   0   5 0.00  0.0    0  4.2 14 170   M    M   0        18 170
 4  81  59  70   3   0   5 0.24  0.0    0 11.6 23 120   M    M   4 18     32 110
 5  77  57  67  -1   0   2 1.30  0.0    0 14.6 29 200   M    M   7 13     43 200
 6  70  53  62  -6   3   0    T  0.0    0 13.1 26 280   M    M   3        33 270
 7  72  52  62  -6   3   0 0.07  0.0    0 10.0 22 290   M    M   2        26 290
 8  77  48  63  -5   2   0 0.00  0.0    0  5.6 21 280   M    M   0        26 280
 9  73  49  61  -8   4   0    T  0.0    0  2.9 10  40   M    M   4        13  80
10  86  60  73   4   0   8 0.00  0.0    0  6.9 13 130   M    M   3        17  60
11  90  66  78   9   0  13    T  0.0    0  8.5 17 260   M    M   0        22 250
12  77  64  71   2   0   6 0.00  0.0    0  7.7 17  40   M    M   9        20  90
13  75  62  69  -1   0   4 0.01  0.0    0  5.9 12 330   M    M   9 13     14 320
14  83  55  69  -1   0   4 0.00  0.0    0  7.1 16 210   M    M   1        21 260
15  90  63  77   7   0  12 0.00  0.0    0  8.0 17 320   M    M   2        23 320
16  86  62  74   4   0   9 0.00  0.0    0  4.5 13 160   M    M   0 1      18 160
17  89  70  80   9   0  15 0.00  0.0    0  9.4 18 200   M    M   0        23 220
18  87  68  78   7   0  13 0.00  0.0    0  8.3 17 190   M    M   1 1      25 210
19  85  64  75   4   0  10 0.00  0.0    0  5.8 14 210   M    M   0        18 210
20  91  70  81  10   0  16 0.00  0.0    0  7.5 15 260   M    M   2 1      19 290
21  79  71  75   3   0  10 0.00  0.0    0  8.3 13  90   M    M   7        16 100
22  85  67  76   4   0  11 1.07  0.0    0  7.5 17 230   M    M   7 138    23 230
23  81  68  75   3   0  10 1.16  0.0    0  8.0 28 280   M    M   8 13     34 260
24  81  69  75   3   0  10 0.06  0.0    0 10.6 24 190   M    M   8 1      32 200
25  78  65  72  -1   0   7 0.31  0.0    0 14.5 28 240   M    M   4 138    35 230
26  84  62  73   0   0   8 0.00  0.0    0 10.2 20 280   M    M   0        24 280
================================================================================
SM 2127 1611        12 197  4.48     0.0 228.9          M       88
================================================================================
AV 81.8 62.0                               8.8 FASTST   M    M   3    MAX(MPH)
                                 MISC ---->  # 30 190               # 43  200
================================================================================
NOTES:
# LAST OF SEVERAL OCCURRENCES

COLUMN 17 PEAK WIND IN M.P.H.

PRELIMINARY LOCAL CLIMATOLOGICAL DATA (WS FORM: F-6) , PAGE 2

                                          STATION:  WILMINGTON NORTH CAROLINA
                                          MONTH:    MAY
                                          YEAR:     2017
                                          LATITUDE:   34 16 N
                                          LONGITUDE:  77 55 W

[TEMPERATURE DATA]      [PRECIPITATION DATA]       SYMBOLS USED IN COLUMN 16

AVERAGE MONTHLY: 71.9   TOTAL FOR MONTH:   4.48    1 = FOG OR MIST
DPTR FM NORMAL:   2.1   DPTR FM NORMAL:    0.84    2 = FOG REDUCING VISIBILITY
HIGHEST:    91 ON 20    GRTST 24HR  1.30 ON  5- 5      TO 1/4 MILE OR LESS
LOWEST:     48 ON  8                               3 = THUNDER
                        SNOW, ICE PELLETS, HAIL    4 = ICE PELLETS
                        TOTAL MONTH:   0.0 INCH    5 = HAIL
                        GRTST 24HR     0.0         6 = FREEZING RAIN OR DRIZZLE
                        GRTST DEPTH:   0           7 = DUSTSTORM OR SANDSTORM:
                                                       VSBY 1/2 MILE OR LESS
                                                   8 = SMOKE OR HAZE
[NO. OF DAYS WITH]      [WEATHER - DAYS WITH]      9 = BLOWING SNOW
                                                   X = TORNADO
MAX 32 OR BELOW:   0    0.01 INCH OR MORE:   9
MAX 90 OR ABOVE:   3    0.10 INCH OR MORE:   6
MIN 32 OR BELOW:   0    0.50 INCH OR MORE:   3
MIN  0 OR BELOW:   0    1.00 INCH OR MORE:   3

[HDD (BASE 65) ]
TOTAL THIS MO.    12    CLEAR  (SCALE 0-3)  14
DPTR FM NORMAL   -13    PTCLDY (SCALE 4-7)   9
TOTAL FM JUL 1  1944    CLOUDY (SCALE 8-10)  3
DPTR FM NORMAL  -463

[CDD (BASE 65) ]
TOTAL THIS MO.   197
DPTR FM NORMAL    48    [PRESSURE DATA]
TOTAL FM JAN 1   367    HIGHEST SLP M ON M
DPTR FM NORMAL   130    LOWEST  SLP 29.50 ON  5

[REMARKS]
