000
CXUS53 KILX 252300
CF6ILX
PRELIMINARY LOCAL CLIMATOLOGICAL DATA (WS FORM: F-6)

                                          STATION:   LINCOLN IL
                                          MONTH:     NOVEMBER
                                          YEAR:      2014
                                          LATITUDE:   40  9 N
                                          LONGITUDE:  89 20 W

  TEMPERATURE IN F:       :PCPN:    SNOW:  WIND      :SUNSHINE: SKY     :PK WND
================================================================================
1   2   3   4   5  6A  6B    7    8   9   10  11  12  13   14  15   16   17  18
                                     12Z  AVG MX 2MIN
DY MAX MIN AVG DEP HDD CDD  WTR  SNW DPTH SPD SPD DIR MIN PSBL S-S WX    SPD DR
================================================================================

 1  48  26  37 -11  28   0 0.00  0.0    0   M   M   M   M    M   M         M  M
 2  51  24  38 -10  27   0 0.00  0.0    0   M   M   M   M    M   M         M  M
 3  67  40  54   6  11   0 0.00  0.0    0   M   M   M   M    M   M         M  M
 4  57  37  47   0  18   0 0.27  0.0    0   M   M   M   M    M   M         M  M
 5  62  34  48   1  17   0    T  0.0    0   M   M   M   M    M   M         M  M
 6  50  30  40  -7  25   0 0.04  0.0    0   M   M   M   M    M   M         M  M
 7  49  23  36 -10  29   0 0.00  0.0    0   M   M   M   M    M   M         M  M
 8  48  34  41  -5  24   0 0.00  0.0    0   M   M   M   M    M   M         M  M
 9  58  26  42  -3  23   0 0.00  0.0    0   M   M   M   M    M   M         M  M
10  68  38  53   8  12   0 0.00  0.0    0   M   M   M   M    M   M         M  M
11  57  29  43  -1  22   0 0.32  0.0    0   M   M   M   M    M   M 35      M  M
12  30  23  27 -17  38   0    T    T    0   M   M   M   M    M   M         M  M
13  31  20  26 -18  39   0    T    T    0   M   M   M   M    M   M         M  M
14  30  15  23 -20  42   0    T    T    0   M   M   M   M    M   M         M  M
15  35  12  24 -18  41   0    T    T    0   M   M   M   M    M   M 1       M  M
16  33  20  27 -15  38   0    T    T    0   M   M   M   M    M   M 1       M  M
17  25  11  18 -24  47   0 0.01  0.1    T   M   M   M   M    M   M 1       M  M
18  21  10  16 -25  49   0    T    T    T   M   M   M   M    M   M         M  M
19  36  18  27 -14  38   0    T    T    0   M   M   M   M    M   M         M  M
20  34  15  25 -15  40   0    T    T    0   M   M   M   M    M   M         M  M
21  38   7  23 -17  42   0 0.04  0.0    0   M   M   M   M    M   M         M  M
22  57  35  46   7  19   0 0.01  0.0    0   M   M   M   M    M   M 1       M  M
23  53  47  50  12  15   0 0.91  0.0    0   M   M   M   M    M   M 1       M  M
24  51  31  41   3  24   0 0.54  0.1    0   M   M   M   M    M   M 1       M  M
================================================================================
SM 1089  605       708   0  2.14     0.2     M          M        M
================================================================================
AV 45.4 25.2                                 M FASTST   M    M   5    MAX(MPH)
                                 MISC ---->     M   M                  M    M
================================================================================
NOTES:
# LAST OF SEVERAL OCCURRENCES

COLUMN 17 PEAK WIND IN M.P.H.

PRELIMINARY LOCAL CLIMATOLOGICAL DATA (WS FORM: F-6) , PAGE 2

                                          STATION:  LINCOLN IL
                                          MONTH:    NOVEMBER
                                          YEAR:     2014
                                          LATITUDE:   40  9 N
                                          LONGITUDE:  89 20 W

[TEMPERATURE DATA]      [PRECIPITATION DATA]       SYMBOLS USED IN COLUMN 16

AVERAGE MONTHLY: 35.3   TOTAL FOR MONTH:   2.14    1 = FOG OR MIST
DPTR FM NORMAL:  -8.2   DPTR FM NORMAL:   -0.45    2 = FOG REDUCING VISIBILITY
HIGHEST:    68 ON 10    GRTST 24HR  0.91 ON 23-23      TO 1/4 MILE OR LESS
LOWEST:      7 ON 21                               3 = THUNDER
                        SNOW, ICE PELLETS, HAIL    4 = ICE PELLETS
                        TOTAL MONTH:   0.2 INCH    5 = HAIL
                        GRTST 24HR   0.1 ON   M    6 = FREEZING RAIN OR DRIZZLE
                        GRTST DEPTH:   0           7 = DUSTSTORM OR SANDSTORM:
                                                       VSBY 1/2 MILE OR LESS
                                                   8 = SMOKE OR HAZE
[NO. OF DAYS WITH]      [WEATHER - DAYS WITH]      9 = BLOWING SNOW
                                                   X = TORNADO
MAX 32 OR BELOW:   5    0.01 INCH OR MORE:   8
MAX 90 OR ABOVE:   0    0.10 INCH OR MORE:   4
MIN 32 OR BELOW:  17    0.50 INCH OR MORE:   2
MIN  0 OR BELOW:   0    1.00 INCH OR MORE:   0

[HDD (BASE 65) ]
TOTAL THIS MO.   708    CLEAR  (SCALE 0-3)   0
DPTR FM NORMAL   194    PTCLDY (SCALE 4-7)   0
TOTAL FM JUL 1  1194    CLOUDY (SCALE 8-10)  0
DPTR FM NORMAL   224

[CDD (BASE 65) ]
TOTAL THIS MO.     0
DPTR FM NORMAL     0    [PRESSURE DATA]
TOTAL FM JAN 1   838    HIGHEST SLP M ON M
DPTR FM NORMAL  -179    LOWEST  SLP M ON M

[REMARKS]
