000
CXUS55 KLBF 241200
CF6IML
PRELIMINARY LOCAL CLIMATOLOGICAL DATA (WS FORM: F-6)

                                          STATION:   IMPERIAL NE
                                          MONTH:     DECEMBER
                                          YEAR:      2014
                                          LATITUDE:   40 31 N
                                          LONGITUDE: 101 37 W

  TEMPERATURE IN F:       :PCPN:    SNOW:  WIND      :SUNSHINE: SKY     :PK WND
================================================================================
1   2   3   4   5  6A  6B    7    8   9   10  11  12  13   14  15   16   17  18
                                     12Z  AVG MX 2MIN
DY MAX MIN AVG DEP HDD CDD  WTR  SNW DPTH SPD SPD DIR MIN PSBL S-S WX    SPD DR
================================================================================

 1  31  12  22  -9  43   0 0.00    M    M 12.3 23 180   M    M   1        29 170
 2  67  14  41  10  24   0 0.00    M    M  9.3 28 310   M    M   0        35 310
 3  38  19  29  -2  36   0 0.00    M    M 10.9 23 160   M    M   1        29 150
 4  58  19  39   9  26   0 0.00    M    M   M   M   M   M    M   0 8       M  M
 5  58  24  41  11  24   0 0.00    M    M  9.0 21 360   M    M   1        24 360
 6  46  19  33   3  32   0 0.00    M    M  8.4 20 150   M    M   0        23 150
 7  63  20  42  12  23   0 0.00    M    M  9.3 28 310   M    M   0        33 300
 8  57  21  39  10  26   0 0.00    M    M  6.6 14 240   M    M   0        16 320
 9  48  14  31   2  34   0 0.00    M    M  7.3 20 160   M    M   0        23 160
10  61  15  38   9  27   0 0.00    M    M  4.9 10 140   M    M   0 8      12 340
11  57  14  36   7  29   0 0.00    M    M  4.4 14 140   M    M   1 128    15 140
12  54  19  37   9  28   0 0.00    M    M 11.5 23 150   M    M   8 128    27 170
13  57  40  49  21  16   0 0.00    M    M 10.8 20 160   M    M   7 12     23 160
14  40  29  35   7  30   0 0.27    M    M 15.0 30 350   M    M  10 126    37 350
15  30  18  24  -4  41   0    T    M    M 21.4 39 340   M    M   8 168    48 340
16  25  10  18 -10  47   0 0.00    M    M  6.5 15 140   M    M   7 1      18 140
17  25  21  23  -5  42   0 0.00    M    M  8.3 17 160   M    M  10 1      20 160
18  29  15  22  -6  43   0 0.00    M    M  3.9 10 240   M    M   6 18     11 270
19  41  11  26  -2  39   0 0.00    M    M  6.6 14 270   M    M   0 18     17 270
20  49  18  34   6  31   0 0.00    M    M  5.0 13 280   M    M   2 1      14 310
21  47  23  35   7  30   0    T    M    M  7.0 21 310   M    M   5 18     27 310
22  45  31  38  11  27   0    T    M    M 19.7 32 360   M    M   3 1      42 310
23  32  22  27   0  38   0 0.05    M    M 24.3 38 340   M    M   8 1      46 340
================================================================================
SM 1058  448       736   0  0.32    M    222.4          M       78
================================================================================
AV 46.0 19.5                              10.1 FASTST   M    M   3    MAX(MPH)
                                 MISC ---->  # 39 340               # 48  340
================================================================================
NOTES:
# LAST OF SEVERAL OCCURRENCES

COLUMN 17 PEAK WIND IN M.P.H.

PRELIMINARY LOCAL CLIMATOLOGICAL DATA (WS FORM: F-6) , PAGE 2

                                          STATION:  IMPERIAL NE
                                          MONTH:    DECEMBER
                                          YEAR:     2014
                                          LATITUDE:   40 31 N
                                          LONGITUDE: 101 37 W

[TEMPERATURE DATA]      [PRECIPITATION DATA]       SYMBOLS USED IN COLUMN 16

AVERAGE MONTHLY: 32.7   TOTAL FOR MONTH:   0.32    1 = FOG OR MIST
DPTR FM NORMAL:   3.9   DPTR FM NORMAL:    0.01    2 = FOG REDUCING VISIBILITY
HIGHEST:    67 ON  2    GRTST 24HR  0.27 ON 14-14      TO 1/4 MILE OR LESS
LOWEST:     10 ON 16                               3 = THUNDER
                        SNOW, ICE PELLETS, HAIL    4 = ICE PELLETS
                        TOTAL MONTH:    M          5 = HAIL
                        GRTST 24HR    M  ON   M    6 = FREEZING RAIN OR DRIZZLE
                        GRTST DEPTH:  M  ON   M    7 = DUSTSTORM OR SANDSTORM:
                                                       VSBY 1/2 MILE OR LESS
                                                   8 = SMOKE OR HAZE
[NO. OF DAYS WITH]      [WEATHER - DAYS WITH]      9 = BLOWING SNOW
                                                   X = TORNADO
MAX 32 OR BELOW:   6    0.01 INCH OR MORE:   2
MAX 90 OR ABOVE:   0    0.10 INCH OR MORE:   1
MIN 32 OR BELOW:  22    0.50 INCH OR MORE:   0
MIN  0 OR BELOW:   0    1.00 INCH OR MORE:   0

[HDD (BASE 65) ]
TOTAL THIS MO.   736    CLEAR  (SCALE 0-3)  14
DPTR FM NORMAL   -98    PTCLDY (SCALE 4-7)   7
TOTAL FM JUL 1  2050    CLOUDY (SCALE 8-10)  2
DPTR FM NORMAL  -165

[CDD (BASE 65) ]
TOTAL THIS MO.     0
DPTR FM NORMAL     0    [PRESSURE DATA]
TOTAL FM JAN 1   955    HIGHEST SLP M ON M
DPTR FM NORMAL    -8    LOWEST  SLP 29.53 ON 21

[REMARKS]
