000
CXUS55 KLBF 281200
CF6IML
PRELIMINARY LOCAL CLIMATOLOGICAL DATA (WS FORM: F-6)

                                          STATION:   IMPERIAL
                                          MONTH:     JULY
                                          YEAR:      2016
                                          LATITUDE:   40 31 N
                                          LONGITUDE: 101 37 W

  TEMPERATURE IN F:       :PCPN:    SNOW:  WIND      :SUNSHINE: SKY     :PK WND
================================================================================
1   2   3   4   5  6A  6B    7    8   9   10  11  12  13   14  15   16   17  18
                                     12Z  AVG MX 2MIN
DY MAX MIN AVG DEP HDD CDD  WTR  SNW DPTH SPD SPD DIR MIN PSBL S-S WX    SPD DR
================================================================================

 1  71  62  67  -7   0   2 0.18    M    M 12.7 21 130   M    M   9 1      26 120
 2  67  61  64 -11   1   0 0.00    M    M  6.1 15  20   M    M   9 128    18  20
 3  80  61  71  -4   0   6 0.00    M    M  5.9 13 130   M    M   6 1      20 160
 4  96  62  79   4   0  14    T    M    M  7.2 24 280   M    M   3 12     32 270
 5  95  63  79   4   0  14    T    M    M  7.8 24 320   M    M   0        32 320
 6  97  57  77   1   0  12 0.01    M    M 10.3 35 210   M    M   0 38     50 230
 7  89  63  76   0   0  11    T    M    M  6.6 22  30   M    M   1 38     26  30
 8  91  62  77   1   0  12 0.00    M    M 10.0 22 150   M    M   2        26 150
 9 100  66  83   7   0  18 0.00    M    M 12.3 23 160   M    M   0        29 160
10 101  67  84   8   0  19 0.00    M    M 15.0 24 170   M    M   0        36 170
11  91  57  74  -2   0   9 0.00    M    M 13.2 28 320   M    M   0        34 320
12  92  50  71  -5   0   6 0.00    M    M  9.8 18 170   M    M   M        24 190
13  91  63  77   0   0  12    T    M    M 11.1 36 160   M    M   M        48 160
14  86  62  74  -3   0   9 0.00    M    M  8.7 16 110   M    M   2 3      21 140
15  76  60  68  -9   0   3    T    M    M 13.4 36  80   M    M   5        42  90
16  95  59  77   0   0  12 0.00    M    M 14.0 25 160   M    M   2        33 150
17  88  65  77   0   0  12 0.00    M    M 11.8 21  20   M    M   2        26  10
18  95  67  81   4   0  16 0.53    M    M 10.4 38 340   M    M   4 138    45 340
19 100  67  84   7   0  19    T    M    M 13.2 28 120   M    M   2 3      34 120
20  99  68  84   7   0  19    T    M    M  5.8 17 230   M    M   0 3      23 230
21 101  72  87  10   0  22 0.00    M    M  5.3 13 310   M    M   0        17 310
22  99  69  84   7   0  19 0.32    M    M  9.0 33 360   M    M   1 138    49 360
23  98  71  85   8   0  20 0.02    M    M  8.3 29 170   M    M   1 3      38 190
24  89  66  78   1   0  13 0.07    M    M 10.4 25 120   M    M   1 3      30 130
25  91  60  76  -1   0  11 0.00    M    M  9.8 22 160   M    M   0        27 150
26  93  65  79   2   0  14 0.00    M    M 11.6 21 170   M    M   1        27 160
27  90  60  75  -2   0  10 0.00    M    M  8.0 23  80   M    M   1 8      29  70
================================================================================
SM 2461 1705         1 334  1.13    M    267.7          M       52
================================================================================
AV 91.1 63.1                               9.9 FASTST   M    M   2    MAX(MPH)
                                 MISC ---->  # 38 340               # 50  230
================================================================================
NOTES:
# LAST OF SEVERAL OCCURRENCES

COLUMN 17 PEAK WIND IN M.P.H.

PRELIMINARY LOCAL CLIMATOLOGICAL DATA (WS FORM: F-6) , PAGE 2

                                          STATION:  IMPERIAL
                                          MONTH:    JULY
                                          YEAR:     2016
                                          LATITUDE:   40 31 N
                                          LONGITUDE: 101 37 W

[TEMPERATURE DATA]      [PRECIPITATION DATA]       SYMBOLS USED IN COLUMN 16

AVERAGE MONTHLY: 77.1   TOTAL FOR MONTH:   1.13    1 = FOG OR MIST
DPTR FM NORMAL:   0.8   DPTR FM NORMAL:   -1.39    2 = FOG REDUCING VISIBILITY
HIGHEST:   101 ON 21,10 GRTST 24HR  0.53 ON 18-18      TO 1/4 MILE OR LESS
LOWEST:     50 ON 12                               3 = THUNDER
                        SNOW, ICE PELLETS, HAIL    4 = ICE PELLETS
                        TOTAL MONTH:    M          5 = HAIL
                        GRTST 24HR    M  ON   M    6 = FREEZING RAIN OR DRIZZLE
                        GRTST DEPTH:  M  ON   M    7 = DUSTSTORM OR SANDSTORM:
                                                       VSBY 1/2 MILE OR LESS
                                                   8 = SMOKE OR HAZE
[NO. OF DAYS WITH]      [WEATHER - DAYS WITH]      9 = BLOWING SNOW
                                                   X = TORNADO
MAX 32 OR BELOW:   0    0.01 INCH OR MORE:   6
MAX 90 OR ABOVE:  19    0.10 INCH OR MORE:   3
MIN 32 OR BELOW:   0    0.50 INCH OR MORE:   1
MIN  0 OR BELOW:   0    1.00 INCH OR MORE:   0

[HDD (BASE 65) ]
TOTAL THIS MO.     1    CLEAR  (SCALE 0-3)  20
DPTR FM NORMAL     1    PTCLDY (SCALE 4-7)   3
TOTAL FM JUL 1     1    CLOUDY (SCALE 8-10)  2
DPTR FM NORMAL     1

[CDD (BASE 65) ]
TOTAL THIS MO.   334
DPTR FM NORMAL    26    [PRESSURE DATA]
TOTAL FM JAN 1   636    HIGHEST SLP M ON M
DPTR FM NORMAL   100    LOWEST  SLP 29.43 ON 11

[REMARKS]
