000
CXUS53 KIND 300730
CF6IND
PRELIMINARY LOCAL CLIMATOLOGICAL DATA (WS FORM: F-6)

                                          STATION:   INDIANAPOLIS IN
                                          MONTH:     AUGUST
                                          YEAR:      2015
                                          LATITUDE:   39 43 N
                                          LONGITUDE:  86 17 W

  TEMPERATURE IN F:       :PCPN:    SNOW:  WIND      :SUNSHINE: SKY     :PK WND
================================================================================
1   2   3   4   5  6A  6B    7    8   9   10  11  12  13   14  15   16   17  18
                                     12Z  AVG MX 2MIN
DY MAX MIN AVG DEP HDD CDD  WTR  SNW DPTH SPD SPD DIR MIN PSBL S-S WX    SPD DR
================================================================================

 1  84  63  74  -1   0   9 0.00  0.0    0  8.1 15 290   M    M   3        19 290
 2  88  64  76   1   0  11 0.00  0.0    0 10.9 21 200   M    M   3        25 210
 3  89  69  79   4   0  14    T  0.0    0 11.8 24 350   M    M   6 3      30 350
 4  83  62  73  -2   0   8 0.00  0.0    0  6.1 16 290   M    M   5        20 240
 5  85  66  76   1   0  11 0.00  0.0    0  6.5 16  80   M    M   8        22  80
 6  75  65  70  -5   0   5 0.45  0.0    0 11.5 21  70   M    M   9 1      27  70
 7  83  59  71  -4   0   6 0.00  0.0    0  5.4 10 110   M    M   4        13 100
 8  83  64  74  -1   0   9 0.00  0.0    0  3.8 10 250   M    M   5        13 240
 9  81  69  75   0   0  10 0.01  0.0    0  6.3 14 160   M    M   8 1      19 180
10  86  70  78   3   0  13    T  0.0    0  9.3 20 330   M    M   8 18     26 300
11  85  66  76   1   0  11    T  0.0    0 10.4 17 340   M    M   4 18     22 340
12  81  58  70  -5   0   5 0.00  0.0    0  8.1 17 320   M    M   2        25 360
13  85  59  72  -3   0   7 0.00  0.0    0  3.4 10 210   M    M   2 1      12 210
14  84  65  75   0   0  10 0.00  0.0    0  6.2 13 220   M    M   7        16 220
15  85  67  76   2   0  11 0.22  0.0    0  4.7 22 330   M    M   6 3      26 330
16  85  68  77   3   0  12 0.11  0.0    0  5.0 16 290   M    M   5 13     19 250
17  84  68  76   2   0  11 0.15  0.0    0  4.5 25 180   M    M   7 13     29 170
18  84  65  75   1   0  10 0.00  0.0    0  7.9 15 180   M    M   6 18     18 180
19  85  67  76   2   0  11 0.61  0.0    0 11.6 20 260   M    M   8 1      26 220
20  77  59  68  -6   0   3    T  0.0    0 11.4 25 270   M    M   3        30 260
21  81  56  69  -5   0   4 0.00  0.0    0  3.1 12 140   M    M   2 1      14 130
22  80  60  70  -4   0   5 0.00  0.0    0  6.0 15 120   M    M   5        19 120
23  84  62  73  -1   0   8    T  0.0    0 10.4 23 300   M    M   5        29 300
24  76  55  66  -8   0   1 0.00  0.0    0 10.4 21 280   M    M   1        27 310
25  74  52  63 -11   2   0 0.00  0.0    0  9.2 18 280   M    M   5        24 270
26  78  62  70  -4   0   5 0.00  0.0    0  5.5 15  20   M    M   8        18  30
27  78  58  68  -5   0   3 0.00  0.0    0  5.7 10 140   M    M   5        14 130
28  80  59  70  -3   0   5 0.00  0.0    0  5.7 14 110   M    M   4 1      17 120
29  82  65  74   1   0   9    T  0.0    0  7.0 14 200   M    M   8        17 200
================================================================================
SM 2385 1822         2 227  1.55     0.0 215.9          M      152
================================================================================
AV 82.2 62.8                               7.4 FASTST   M    M   5    MAX(MPH)
                                 MISC ---->  # 25 180               # 30  350
================================================================================
NOTES:
# LAST OF SEVERAL OCCURRENCES

COLUMN 17 PEAK WIND IN M.P.H.

PRELIMINARY LOCAL CLIMATOLOGICAL DATA (WS FORM: F-6) , PAGE 2

                                          STATION:  INDIANAPOLIS IN
                                          MONTH:    AUGUST
                                          YEAR:     2015
                                          LATITUDE:   39 43 N
                                          LONGITUDE:  86 17 W

[TEMPERATURE DATA]      [PRECIPITATION DATA]       SYMBOLS USED IN COLUMN 16

AVERAGE MONTHLY: 72.5   TOTAL FOR MONTH:   1.55    1 = FOG OR MIST
DPTR FM NORMAL:  -1.8   DPTR FM NORMAL:   -1.38    2 = FOG REDUCING VISIBILITY
HIGHEST:    89 ON  3    GRTST 24HR  0.61 ON 19-19      TO 1/4 MILE OR LESS
LOWEST:     52 ON 25                               3 = THUNDER
                        SNOW, ICE PELLETS, HAIL    4 = ICE PELLETS
                        TOTAL MONTH:   0.0 INCH    5 = HAIL
                        GRTST 24HR     0.0         6 = FREEZING RAIN OR DRIZZLE
                        GRTST DEPTH:   0           7 = DUSTSTORM OR SANDSTORM:
                                                       VSBY 1/2 MILE OR LESS
                                                   8 = SMOKE OR HAZE
[NO. OF DAYS WITH]      [WEATHER - DAYS WITH]      9 = BLOWING SNOW
                                                   X = TORNADO
MAX 32 OR BELOW:   0    0.01 INCH OR MORE:   6
MAX 90 OR ABOVE:   0    0.10 INCH OR MORE:   5
MIN 32 OR BELOW:   0    0.50 INCH OR MORE:   1
MIN  0 OR BELOW:   0    1.00 INCH OR MORE:   0

[HDD (BASE 65) ]
TOTAL THIS MO.     2    CLEAR  (SCALE 0-3)   6
DPTR FM NORMAL     2    PTCLDY (SCALE 4-7)  20
TOTAL FM JUL 1     2    CLOUDY (SCALE 8-10)  3
DPTR FM NORMAL     1

[CDD (BASE 65) ]
TOTAL THIS MO.   227
DPTR FM NORMAL   -47    [PRESSURE DATA]
TOTAL FM JAN 1   930    HIGHEST SLP M ON M
DPTR FM NORMAL    23    LOWEST  SLP 29.72 ON 19

[REMARKS]
