000
CXUS53 KIND 291106
CF6IND
PRELIMINARY LOCAL CLIMATOLOGICAL DATA (WS FORM: F-6)

                                          STATION:   INDIANAPOLIS IN
                                          MONTH:     SEPTEMBER
                                          YEAR:      2016
                                          LATITUDE:   39 43 N
                                          LONGITUDE:  86 17 W

  TEMPERATURE IN F:       :PCPN:    SNOW:  WIND      :SUNSHINE: SKY     :PK WND
================================================================================
1   2   3   4   5  6A  6B    7    8   9   10  11  12  13   14  15   16   17  18
                                     12Z  AVG MX 2MIN
DY MAX MIN AVG DEP HDD CDD  WTR  SNW DPTH SPD SPD DIR MIN PSBL S-S WX    SPD DR
================================================================================

 1  77  63  70  -2   0   5 0.00  0.0    0 11.5 20  30   M    M   4        27  30
 2  78  59  69  -3   0   4 0.00  0.0    0 12.6 21  50   M    M   3        25  30
 3  80  57  69  -3   0   4 0.00  0.0    0  8.2 16  70   M    M   2        22 100
 4  81  60  71   0   0   6 0.00  0.0    0  5.9 15 130   M    M   3        18 140
 5  89  65  77   6   0  12 0.05  0.0    0  8.3 25 250   M    M   3        32 220
 6  88  70  79   8   0  14 0.00  0.0    0  8.8 18 220   M    M   3        23 210
 7  90  71  81  11   0  16 0.00  0.0    0 11.1 20 220   M    M   3        24 210
 8  85  72  79   9   0  14 0.41  0.0    0  8.9 24 300   M    M   9 13     29 300
 9  82  69  76   6   0  11 1.05  0.0    0  8.5 24 210   M    M   8 13     29 210
10  79  61  70   1   0   5 0.02  0.0    0 11.2 25 280   M    M   7 13     31 280
11  76  55  66  -3   0   1 0.00  0.0    0  4.5  8 120   M    M   2        11 100
12  79  58  69   0   0   4 0.00  0.0    0  4.9 13 180   M    M   1        17 170
13  82  58  70   2   0   5 0.00  0.0    0  4.9 13 200   M    M   4 1      15 190
14  83  65  74   6   0   9 0.00  0.0    0  6.4 16  40   M    M   6        21  40
15  80  64  72   5   0   7 0.00  0.0    0  8.0 14  60   M    M   6        16  70
16  87  64  76   9   0  11 0.39  0.0    0  7.2 43 250   M    M   9 13     50 260
17  79  68  74   8   0   9 1.09  0.0    0  8.1 17 260   M    M   8 13     23 250
18  82  66  74   8   0   9 0.00  0.0    0  3.3  8 290   M    M   6 12     11 260
19  85  57  71   5   0   6 0.00  0.0    0  2.7  9 230   M    M   1 1      11 220
20  86  61  74   9   0   9 0.00  0.0    0  1.6  8 200   M    M   5 1      10 250
21  88  62  75  10   0  10 0.00  0.0    0  3.1 12 160   M    M   3 18     14 130
22  88  64  76  12   0  11 0.00  0.0    0  2.7  8 190   M    M   5 8      11 210
23  87  64  76  12   0  11 0.00  0.0    0  4.0 10 360   M    M   5 1      12 270
24  83  67  75  12   0  10 0.00  0.0    0  7.1 14  70   M    M   4 18     16  70
25  86  64  75  12   0  10 0.01  0.0    0  7.1 18 270   M    M   2 38     23 270
26  74  52  63   1   2   0 0.54  0.0    0 11.2 28 290   M    M   6 13     35 310
27  75  48  62   0   3   0 0.00  0.0    0 11.1 25 240   M    M   2        31 270
28  63  54  59  -3   6   0 0.81    T    0  7.7 17 310   M    M  10 1358   20 310
================================================================================
SM 2292 1738        11 213  4.37    T    200.6          M      130
================================================================================
AV 81.9 62.1                               7.2 FASTST   M    M   5    MAX(MPH)
                                 MISC ---->  # 43 250               # 50  260
================================================================================
NOTES:
# LAST OF SEVERAL OCCURRENCES

COLUMN 17 PEAK WIND IN M.P.H.

PRELIMINARY LOCAL CLIMATOLOGICAL DATA (WS FORM: F-6) , PAGE 2

                                          STATION:  INDIANAPOLIS IN
                                          MONTH:    SEPTEMBER
                                          YEAR:     2016
                                          LATITUDE:   39 43 N
                                          LONGITUDE:  86 17 W

[TEMPERATURE DATA]      [PRECIPITATION DATA]       SYMBOLS USED IN COLUMN 16

AVERAGE MONTHLY: 72.0   TOTAL FOR MONTH:   4.37    1 = FOG OR MIST
DPTR FM NORMAL:   4.7   DPTR FM NORMAL:    1.46    2 = FOG REDUCING VISIBILITY
HIGHEST:    90 ON  7    GRTST 24HR  1.48 ON 16-17      TO 1/4 MILE OR LESS
LOWEST:     48 ON 27                               3 = THUNDER
                        SNOW, ICE PELLETS, HAIL    4 = ICE PELLETS
                        TOTAL MONTH:    T          5 = HAIL
                        GRTST 24HR    T  ON 28-28  6 = FREEZING RAIN OR DRIZZLE
                        GRTST DEPTH:   0           7 = DUSTSTORM OR SANDSTORM:
                                                       VSBY 1/2 MILE OR LESS
                                                   8 = SMOKE OR HAZE
[NO. OF DAYS WITH]      [WEATHER - DAYS WITH]      9 = BLOWING SNOW
                                                   X = TORNADO
MAX 32 OR BELOW:   0    0.01 INCH OR MORE:   9
MAX 90 OR ABOVE:   1    0.10 INCH OR MORE:   6
MIN 32 OR BELOW:   0    0.50 INCH OR MORE:   4
MIN  0 OR BELOW:   0    1.00 INCH OR MORE:   2

[HDD (BASE 65) ]
TOTAL THIS MO.    11    CLEAR  (SCALE 0-3)   8
DPTR FM NORMAL   -47    PTCLDY (SCALE 4-7)  17
TOTAL FM JUL 1    13    CLOUDY (SCALE 8-10)  3
DPTR FM NORMAL   -49

[CDD (BASE 65) ]
TOTAL THIS MO.   213
DPTR FM NORMAL    88    [PRESSURE DATA]
TOTAL FM JAN 1  1393    HIGHEST SLP M ON M
DPTR FM NORMAL   347    LOWEST  SLP 29.74 ON 28

[REMARKS]
