000
CXUS53 KIND 290730
CF6IND
PRELIMINARY LOCAL CLIMATOLOGICAL DATA (WS FORM: F-6)

                                          STATION:   INDIANAPOLIS IN
                                          MONTH:     APRIL
                                          YEAR:      2016
                                          LATITUDE:   39 43 N
                                          LONGITUDE:  86 17 W

  TEMPERATURE IN F:       :PCPN:    SNOW:  WIND      :SUNSHINE: SKY     :PK WND
================================================================================
1   2   3   4   5  6A  6B    7    8   9   10  11  12  13   14  15   16   17  18
                                     12Z  AVG MX 2MIN
DY MAX MIN AVG DEP HDD CDD  WTR  SNW DPTH SPD SPD DIR MIN PSBL S-S WX    SPD DR
================================================================================

 1  55  40  48   0  17   0    T  0.0    0 13.5 33 270   M    M   5        40 280
 2  50  31  41  -7  24   0    T  0.0    0 20.6 45 290   M    M   5        57 290
 3  62  26  44  -5  21   0 0.00  0.0    0 15.5 31 220   M    M   1        38 210
 4  58  32  45  -4  20   0    T  0.0    0 16.2 26 230   M    M   9        35 230
 5  47  26  37 -13  28   0 0.00  0.0    0 11.0 21 130   M    M   4        27 140
 6  64  39  52   2  13   0 0.16  0.0    0 16.7 45 250   M    M   9 13     57 250
 7  47  34  41  -9  24   0 0.08    T    0 14.9 26 300   M    M   8 148    34 300
 8  45  29  37 -13  28   0 0.07    T    0 13.7 38 280   M    M   8 14     48 270
 9  41  27  34 -17  31   0    T    T    0 12.4 25 320   M    M   5        35 320
10  63  30  47  -4  18   0 0.53  0.0    0 14.7 35 200   M    M   9 1      42 190
11  55  36  46  -6  19   0 1.07  0.0    0 11.3 21 190   M    M   8 1      25 310
12  53  32  43  -9  22   0 0.00  0.0    0  7.4 17 360   M    M   0        22  20
13  59  37  48  -4  17   0 0.00  0.0    0  9.5 18 110   M    M   1        26 120
14  67  39  53   0  12   0 0.00  0.0    0 11.0 18 100   M    M   1        26  80
15  75  42  59   6   6   0 0.00  0.0    0  6.9 13  70   M    M   1        26 130
16  77  51  64  11   1   0 0.00  0.0    0  6.4 15 120   M    M   1        19 110
17  80  51  66  12   0   1 0.00  0.0    0  4.6 12 100   M    M   0        15 100
18  83  52  68  14   0   3 0.00  0.0    0  4.2 10 270   M    M   6        16 280
19  81  55  68  14   0   3 0.00  0.0    0  4.6 17  70   M    M   8        22  70
20  80  53  67  12   0   2 0.01  0.0    0  9.1 18 340   M    M   8        24 350
21  68  54  61   6   4   0 1.41  0.0    0  8.1 24 280   M    M   9 13     32 280
22  67  50  59   4   6   0 0.37  0.0    0  8.7 21 310   M    M   8 138    28 320
23  66  49  58   2   7   0 0.00  0.0    0  6.4 13 350   M    M   7 1      15 360
24  76  46  61   5   4   0 0.00  0.0    0  8.2 13 120   M    M   3        22 200
25  79  57  68  12   0   3 0.00  0.0    0 13.5 29 230   M    M   6        35 230
26  82  60  71  15   0   6 0.19  0.0    0 11.1 24 230   M    M   7 13     32 240
27  61  49  55  -2  10   0 0.35  0.0    0 12.3 18  70   M    M  10 138    22  70
28  75  51  63   6   2   0 0.69  0.0    0  9.3 25 210   M    M   7 138    31 200
================================================================================
SM 1816 1178       334  18  4.93    T    301.8          M      154
================================================================================
AV 64.9 42.1                              10.8 FASTST   M    M   6    MAX(MPH)
                                 MISC ---->  # 45 290               # 57  290
================================================================================
NOTES:
# LAST OF SEVERAL OCCURRENCES

COLUMN 17 PEAK WIND IN M.P.H.

PRELIMINARY LOCAL CLIMATOLOGICAL DATA (WS FORM: F-6) , PAGE 2

                                          STATION:  INDIANAPOLIS IN
                                          MONTH:    APRIL
                                          YEAR:     2016
                                          LATITUDE:   39 43 N
                                          LONGITUDE:  86 17 W

[TEMPERATURE DATA]      [PRECIPITATION DATA]       SYMBOLS USED IN COLUMN 16

AVERAGE MONTHLY: 53.5   TOTAL FOR MONTH:   4.93    1 = FOG OR MIST
DPTR FM NORMAL:   0.8   DPTR FM NORMAL:    1.40    2 = FOG REDUCING VISIBILITY
HIGHEST:    83 ON 18    GRTST 24HR  1.60 ON 10-11      TO 1/4 MILE OR LESS
LOWEST:     26 ON  5, 3                            3 = THUNDER
                        SNOW, ICE PELLETS, HAIL    4 = ICE PELLETS
                        TOTAL MONTH:    T          5 = HAIL
                        GRTST 24HR    T  ON  9- 9  6 = FREEZING RAIN OR DRIZZLE
                        GRTST DEPTH:   0           7 = DUSTSTORM OR SANDSTORM:
                                                       VSBY 1/2 MILE OR LESS
                                                   8 = SMOKE OR HAZE
[NO. OF DAYS WITH]      [WEATHER - DAYS WITH]      9 = BLOWING SNOW
                                                   X = TORNADO
MAX 32 OR BELOW:   0    0.01 INCH OR MORE:  11
MAX 90 OR ABOVE:   0    0.10 INCH OR MORE:   8
MIN 32 OR BELOW:   8    0.50 INCH OR MORE:   4
MIN  0 OR BELOW:   0    1.00 INCH OR MORE:   2

[HDD (BASE 65) ]
TOTAL THIS MO.   334    CLEAR  (SCALE 0-3)   8
DPTR FM NORMAL   -20    PTCLDY (SCALE 4-7)  14
TOTAL FM JUL 1  4269    CLOUDY (SCALE 8-10)  6
DPTR FM NORMAL  -935

[CDD (BASE 65) ]
TOTAL THIS MO.    18
DPTR FM NORMAL     7    [PRESSURE DATA]
TOTAL FM JAN 1    18    HIGHEST SLP  0.00 ON 24
DPTR FM NORMAL     5    LOWEST  SLP  0.00 ON 24

[REMARKS]
