000
CXUS54 KFWD 230730
CF6INJ
PRELIMINARY LOCAL CLIMATOLOGICAL DATA (WS FORM: F-6)

                                          STATION:   HILLSBORO
                                          MONTH:     APRIL
                                          YEAR:      2017
                                          LATITUDE:   32  0 N
                                          LONGITUDE:  97  6 W

  TEMPERATURE IN F:       :PCPN:    SNOW:  WIND      :SUNSHINE: SKY     :PK WND
================================================================================
1   2   3   4   5  6A  6B    7    8   9   10  11  12  13   14  15   16   17  18
                                     12Z  AVG MX 2MIN
DY MAX MIN AVG DEP HDD CDD  WTR  SNW DPTH SPD SPD DIR MIN PSBL S-S WX    SPD DR
================================================================================

 1  74  59  67   5   0   2 0.00  0.0    0 10.3 16 120   M    M   7        21 130
 2  71  57  64   2   1   0 1.60  0.0    0 13.5 29 310   M    M   8 3      35 310
 3  80  49  65   3   0   0 0.00  0.0    0  5.7 10 260   M    M   1         M  M
 4  82  60  71   9   0   6 0.00  0.0    0 11.6 22 190   M    M   0        25 190
 5  70  46  58  -5   7   0 0.00  0.0    M 15.2 25 320   M    M   1        33 310
 6  74  39  57  -6   8   0 0.00  0.0    0  1.5  6 120   M    M   0         M  M
 7  77  52  65   2   0   0 0.00  0.0    0  6.6 13 160   M    M   0        18 180
 8  79  58  69   5   0   4 0.00  0.0    0 15.7 27 180   M    M   2        32 180
 9  80  64  72   8   0   7 0.00  0.0    0 17.3 24 170   M    M   7        31 170
10  80  64  72   8   0   7 1.02  0.0    0 10.1 16 180   M    M  10 3      25 160
11  71  60  66   2   0   1 1.18  0.0    0  3.2 10 360   M    M  10 123     M  M
12  74  58  66   2   0   1 0.00  0.0    0  4.7 10 140   M    M   6 12      M  M
13  78  64  71   6   0   6 0.00  0.0    0  8.9 17 170   M    M   6 1      21 150
14  78  64  71   6   0   6 0.00  0.0    0  9.8 15 150   M    M   8        22 170
15  79  64  72   7   0   7 0.00  0.0    0   M   M   M   M    M   M         M  M
16  78  66  72   7   0   7 0.00  0.0    0  9.3 16 170   M    M   4        22 170
17  80  63  72   6   0   7 0.25  0.0    0  9.5 28 330   M    M   7 3      33 330
18  78  62  70   4   0   5 0.00  0.0    0  5.8 12 160   M    M   6 1       M  M
19  82  64  73   7   0   8 0.00  0.0    0 10.2 15 160   M    M   6 1      20 170
20  82  68  75   9   0  10 0.00  0.0    0 10.4 16 180   M    M   6        22 180
21  84  67  76   9   0  11    T  0.0    0 13.3 21 160   M    M   5        30 180
22  69  48  59  -8   6   0 0.01    M    0 15.1 23 340   M    M   8        30 340
================================================================================
SM 1700 1296        22  95  4.06     0.0 207.7          M      108
================================================================================
AV 77.3 58.9                               9.9 FASTST   M    M   5    MAX(MPH)
                                 MISC ---->  # 29 310               # 35  310
================================================================================
NOTES:
# LAST OF SEVERAL OCCURRENCES

COLUMN 17 PEAK WIND IN M.P.H.

PRELIMINARY LOCAL CLIMATOLOGICAL DATA (WS FORM: F-6) , PAGE 2

                                          STATION:  HILLSBORO
                                          MONTH:    APRIL
                                          YEAR:     2017
                                          LATITUDE:   32  0 N
                                          LONGITUDE:  97  6 W

[TEMPERATURE DATA]      [PRECIPITATION DATA]       SYMBOLS USED IN COLUMN 16

AVERAGE MONTHLY: 68.1   TOTAL FOR MONTH:   4.06    1 = FOG OR MIST
DPTR FM NORMAL:   3.8   DPTR FM NORMAL:    1.97    2 = FOG REDUCING VISIBILITY
HIGHEST:    84 ON 21    GRTST 24HR  1.60 ON  2- 2      TO 1/4 MILE OR LESS
LOWEST:     39 ON  6                               3 = THUNDER
                        SNOW, ICE PELLETS, HAIL    4 = ICE PELLETS
                        TOTAL MONTH:   0.0 INCH    5 = HAIL
                        GRTST 24HR     0.0         6 = FREEZING RAIN OR DRIZZLE
                        GRTST DEPTH:   0           7 = DUSTSTORM OR SANDSTORM:
                                                       VSBY 1/2 MILE OR LESS
                                                   8 = SMOKE OR HAZE
[NO. OF DAYS WITH]      [WEATHER - DAYS WITH]      9 = BLOWING SNOW
                                                   X = TORNADO
MAX 32 OR BELOW:   0    0.01 INCH OR MORE:   5
MAX 90 OR ABOVE:   0    0.10 INCH OR MORE:   4
MIN 32 OR BELOW:   0    0.50 INCH OR MORE:   3
MIN  0 OR BELOW:   0    1.00 INCH OR MORE:   3

[HDD (BASE 65) ]
TOTAL THIS MO.    22    CLEAR  (SCALE 0-3)   6
DPTR FM NORMAL   -54    PTCLDY (SCALE 4-7)  13
TOTAL FM JUL 1  1325    CLOUDY (SCALE 8-10)  2
DPTR FM NORMAL  -868

[CDD (BASE 65) ]
TOTAL THIS MO.    95
DPTR FM NORMAL    34    [PRESSURE DATA]
TOTAL FM JAN 1   248    HIGHEST SLP M ON M
DPTR FM NORMAL   150    LOWEST  SLP M ON M

[REMARKS]
