000
CXUS53 KDLH 280628
CF6INL
PRELIMINARY LOCAL CLIMATOLOGICAL DATA (WS FORM: F-6)

                                          STATION:   INTERNATIONAL FLS
                                          MONTH:     APRIL
                                          YEAR:      2017
                                          LATITUDE:   48 34 N
                                          LONGITUDE:  93 23 W

  TEMPERATURE IN F:       :PCPN:    SNOW:  WIND      :SUNSHINE: SKY     :PK WND
================================================================================
1   2   3   4   5  6A  6B    7    8   9   10  11  12  13   14  15   16   17  18
                                     12Z  AVG MX 2MIN
DY MAX MIN AVG DEP HDD CDD  WTR  SNW DPTH SPD SPD DIR MIN PSBL S-S WX    SPD DR
================================================================================

 1  49  31  40   8  25   0    T  0.0    T  3.0 10 330   M    M   7        14 320
 2  61  32  47  15  18   0 0.00  0.0    T  8.7 22 210   M    M   5        33 210
 3  59  31  45  12  20   0 0.00  0.0    T  5.9 14  30   M    M   2        20  30
 4  57  28  43   9  22   0 0.00  0.0    T  8.6 21 320   M    M   1        27 320
 5  47  22  35   1  30   0 0.00  0.0    T  6.0 17 350   M    M   2        22 360
 6  49  24  37   3  28   0 0.00  0.0    T  4.7 15 350   M    M   0        21 330
 7  59  21  40   5  25   0 0.00  0.0    T  5.8 15 200   M    M   1        23 200
 8  68  39  54  18  11   0    T  0.0    T  7.5 18 210   M    M   2        24 220
 9  60  32  46  10  19   0 0.00  0.0    T  9.0 20 360   M    M   0        28  30
10  45  26  36  -1  29   0 0.00  0.0    T 10.7 21  20   M    M   1        25  10
11  50  18  34  -3  31   0 0.00  0.0    T  3.5 10  50   M    M   0 18     14  50
12  62  22  42   4  23   0 0.00  0.0    0  2.6 14 330   M    M   2        17 320
13  64  24  44   6  21   0 0.00  0.0    0  4.5 12  70   M    M   2        16  50
14  67  34  51  12  14   0 0.00  0.0    0 10.6 23 140   M    M   5        31 140
15  64  35  50  11  15   0 0.28  0.0    0  7.3 17 320   M    M   6 1      22 300
16  47  34  41   1  24   0 0.16  0.0    0  6.6 17 280   M    M   8 18     21 280
17  46  31  39  -1  26   0 0.00  0.0    0  7.9 14 110   M    M   7        18 120
18  41  28  35  -6  30   0 0.07  0.0    0  7.2 16  70   M    M   8 16     21  90
19  52  24  38  -3  27   0 0.00  0.0    0  5.1 15 110   M    M   0 12     21 100
20  56  37  47   5  18   0 0.00  0.0    0  6.6 16 350   M    M   5        21 360
21  63  26  45   3  20   0 0.00  0.0    0  3.3 10 100   M    M   1        14  20
22  64  28  46   3  19   0 0.11    T    T  9.0 25 330   M    M   6 1      31 330
23  38  28  33 -10  32   0 0.00  0.0    0  7.6 14  40   M    M   6        20  40
24  40  31  36  -8  29   0 0.67  0.9    1 12.5 24 100   M    M  10 18     32  90
25  36  26  31 -13  34   0 0.03  0.0    0 12.8 21  60   M    M  10 18     29  40
26  28  23  26 -18  39   0 0.23  1.4    T 14.5 21  40   M    M  10 18     30  40
27  29  21  25 -20  40   0    T    T    2 10.6 20 330   M    M  10 18     23  30
================================================================================
SM 1401  756       669   0  1.55     2.3 202.1          M      117
================================================================================
AV 51.9 28.0                               7.5 FASTST   M    M   4    MAX(MPH)
                                 MISC ---->  # 25 330               # 33  210
================================================================================
NOTES:
# LAST OF SEVERAL OCCURRENCES

COLUMN 17 PEAK WIND IN M.P.H.

PRELIMINARY LOCAL CLIMATOLOGICAL DATA (WS FORM: F-6) , PAGE 2

                                          STATION:  INTERNATIONAL FLS
                                          MONTH:    APRIL
                                          YEAR:     2017
                                          LATITUDE:   48 34 N
                                          LONGITUDE:  93 23 W

[TEMPERATURE DATA]      [PRECIPITATION DATA]       SYMBOLS USED IN COLUMN 16

AVERAGE MONTHLY: 39.9   TOTAL FOR MONTH:   1.55    1 = FOG OR MIST
DPTR FM NORMAL:   1.3   DPTR FM NORMAL:    0.23    2 = FOG REDUCING VISIBILITY
HIGHEST:    68 ON  8    GRTST 24HR  0.67 ON 24-24      TO 1/4 MILE OR LESS
LOWEST:     18 ON 11                               3 = THUNDER
                        SNOW, ICE PELLETS, HAIL    4 = ICE PELLETS
                        TOTAL MONTH:   2.3 INCHES  5 = HAIL
                        GRTST 24HR   1.4 ON   M    6 = FREEZING RAIN OR DRIZZLE
                        GRTST DEPTH:   2 ON 27     7 = DUSTSTORM OR SANDSTORM:
                                                       VSBY 1/2 MILE OR LESS
                                                   8 = SMOKE OR HAZE
[NO. OF DAYS WITH]      [WEATHER - DAYS WITH]      9 = BLOWING SNOW
                                                   X = TORNADO
MAX 32 OR BELOW:   2    0.01 INCH OR MORE:   7
MAX 90 OR ABOVE:   0    0.10 INCH OR MORE:   5
MIN 32 OR BELOW:  22    0.50 INCH OR MORE:   1
MIN  0 OR BELOW:   0    1.00 INCH OR MORE:   0

[HDD (BASE 65) ]
TOTAL THIS MO.   669    CLEAR  (SCALE 0-3)  13
DPTR FM NORMAL   -44    PTCLDY (SCALE 4-7)  10
TOTAL FM JUL 1  8400    CLOUDY (SCALE 8-10)  4
DPTR FM NORMAL -1179

[CDD (BASE 65) ]
TOTAL THIS MO.     0
DPTR FM NORMAL     0    [PRESSURE DATA]
TOTAL FM JAN 1     0    HIGHEST SLP M ON M
DPTR FM NORMAL     0    LOWEST  SLP 29.52 ON M

[REMARKS]
