000
CXUS56 KFGZ 230900
CF6INW
PRELIMINARY LOCAL CLIMATOLOGICAL DATA (WS FORM: F-6)

                                          STATION:   WINSLOW AZ AIRPORT
                                          MONTH:     JANUARY
                                          YEAR:      2017
                                          LATITUDE:   35  1 N
                                          LONGITUDE: 110 44 W

  TEMPERATURE IN F:       :PCPN:    SNOW:  WIND      :SUNSHINE: SKY     :PK WND
================================================================================
1   2   3   4   5  6A  6B    7    8   9   10  11  12  13   14  15   16   17  18
                                     12Z  AVG MX 2MIN
DY MAX MIN AVG DEP HDD CDD  WTR  SNW DPTH SPD SPD DIR MIN PSBL S-S WX    SPD DR
================================================================================

 1  50  33  42   8  23   0 0.38    M    M  6.9 18 230   M    M   6 1      23 220
 2  46  36  41   7  24   0 0.00    M    M 13.3 29 220   M    M   4        35 200
 3  51  31  41   7  24   0 0.00    M    M  6.1 16 200   M    M   0        19 190
 4  59  32  46  12  19   0 0.00    M    M 10.2 23 230   M    M   1        30 240
 5  58  40  49  15  16   0 0.00    M    M 21.4 41 230   M    M   2        51 230
 6  45  20  33  -1  32   0    T    M    M  8.7 25 290   M    M   2 1      33 290
 7  39  16  28  -6  37   0 0.00    M    M  2.3  7 300   M    M   5         9 120
 8  60  27  44  10  21   0 0.01    M    M  6.0 12 130   M    M   1        13 130
 9  67  37  52  18  13   0 0.02    M    M 11.7 39 240   M    M   0 1      50 250
10  64  36  50  16  15   0 0.00    M    M  9.8 23 230   M    M   1        27 230
11  61  38  50  16  15   0 0.00    M    M 13.0 31 210   M    M   0        42 230
12  60  32  46  11  19   0 0.00    M    M  6.3 24 240   M    M   0        29 250
13  50  33  42   7  23   0    T    M    M  5.4 16 300   M    M   7        22 270
14  44  39  42   7  23   0 0.22    M    M 10.1 20 320   M    M  10 13     25 320
15  49  38  44   9  21   0 0.00    M    M  7.2 13 320   M    M   9        15 310
16  50  34  42   7  23   0 0.00  0.0    M  5.8 13 320   M    M   9        17 310
17  48  31  40   5  25   0 0.00    M    M  4.8  9 330   M    M   6        12 310
18  56  26  41   6  24   0 0.00    M    M  4.5 18 230   M    M   2        23 230
19  50  31  41   6  24   0    T    M    M  9.1 30 230   M    M   4        36 220
20  47  31  39   3  26   0 0.01    M    M 10.5 26 210   M    M   7        35 210
21  45  29  37   1  28   0 0.13    M    M 16.7 32 270   M    M   3 1      40 270
22  42  22  32  -4  33   0    T    M    M  5.3 13 150   M    M   6 1      17 160
================================================================================
SM 1141  692       508   0  0.77     0.0 195.1          M       85
================================================================================
AV 51.9 31.5                               8.9 FASTST   M    M   4    MAX(MPH)
                                 MISC ---->  # 41 230               # 51  230
================================================================================
NOTES:
# LAST OF SEVERAL OCCURRENCES

COLUMN 17 PEAK WIND IN M.P.H.

PRELIMINARY LOCAL CLIMATOLOGICAL DATA (WS FORM: F-6) , PAGE 2

                                          STATION:  WINSLOW AZ AIRPORT
                                          MONTH:    JANUARY
                                          YEAR:     2017
                                          LATITUDE:   35  1 N
                                          LONGITUDE: 110 44 W

[TEMPERATURE DATA]      [PRECIPITATION DATA]       SYMBOLS USED IN COLUMN 16

AVERAGE MONTHLY: 41.7   TOTAL FOR MONTH:   0.77    1 = FOG OR MIST
DPTR FM NORMAL:   7.0   DPTR FM NORMAL:    0.39    2 = FOG REDUCING VISIBILITY
HIGHEST:    67 ON  9    GRTST 24HR  0.38 ON  1- 1      TO 1/4 MILE OR LESS
LOWEST:     16 ON  7                               3 = THUNDER
                        SNOW, ICE PELLETS, HAIL    4 = ICE PELLETS
                        TOTAL MONTH:   0.0 INCH    5 = HAIL
                        GRTST 24HR     0.0         6 = FREEZING RAIN OR DRIZZLE
                        GRTST DEPTH:  M  ON   M    7 = DUSTSTORM OR SANDSTORM:
                                                       VSBY 1/2 MILE OR LESS
                                                   8 = SMOKE OR HAZE
[NO. OF DAYS WITH]      [WEATHER - DAYS WITH]      9 = BLOWING SNOW
                                                   X = TORNADO
MAX 32 OR BELOW:   0    0.01 INCH OR MORE:   6
MAX 90 OR ABOVE:   0    0.10 INCH OR MORE:   3
MIN 32 OR BELOW:  12    0.50 INCH OR MORE:   0
MIN  0 OR BELOW:   0    1.00 INCH OR MORE:   0

[HDD (BASE 65) ]
TOTAL THIS MO.   508    CLEAR  (SCALE 0-3)  11
DPTR FM NORMAL  -160    PTCLDY (SCALE 4-7)   8
TOTAL FM JUL 1  2007    CLOUDY (SCALE 8-10)  3
DPTR FM NORMAL  -539

[CDD (BASE 65) ]
TOTAL THIS MO.     0
DPTR FM NORMAL     0    [PRESSURE DATA]
TOTAL FM JAN 1     0    HIGHEST SLP M ON M
DPTR FM NORMAL     0    LOWEST  SLP 29.29 ON 21

[REMARKS]
