000
CXUS56 KFGZ 011931
CF6INW
PRELIMINARY LOCAL CLIMATOLOGICAL DATA (WS FORM: F-6)

                                          STATION:   WINSLOW AZ AIRPORT
                                          MONTH:     SEPTEMBER
                                          YEAR:      2014
                                          LATITUDE:   35  1 N
                                          LONGITUDE: 110 44 W

  TEMPERATURE IN F:       :PCPN:    SNOW:  WIND      :SUNSHINE: SKY     :PK WND
================================================================================
1   2   3   4   5  6A  6B    7    8   9   10  11  12  13   14  15   16   17  18
                                     12Z  AVG MX 2MIN
DY MAX MIN AVG DEP HDD CDD  WTR  SNW DPTH SPD SPD DIR MIN PSBL S-S WX    SPD DR
================================================================================

 1  93  59  76   2   0  11 0.00    M    M  8.1 16 210   M    M   0        22 170
 2  95  56  76   3   0  11 0.00    M    M  6.5 17 250   M    M   0        28 210
 3  94  58  76   3   0  11 0.00    M    M  8.9 21 240   M    M   0        26 230
 4  78  56  67  -6   0   2 0.03    M    M  7.5 25 300   M    M   6        30 300
 5  89  56  73   1   0   8 0.00    M    M  5.8 17 270   M    M   0        21 270
 6  93  55  74   2   0   9 0.00    M    M  4.6 15 260   M    M   1        20 200
 7  90  65  78   6   0  13 0.00    M    M  7.9 16 310   M    M   1        21 200
 8  82  65  74   2   0   9 0.07    M    M  7.7 21 140   M    M   7        27 150
 9  84  62  73   2   0   8    T    M    M 11.6 28 230   M    M   3        36 240
10  85  53  69  -2   0   4 0.00    M    M  3.7 13 320   M    M   1        18 290
11  88  46  67  -4   0   2 0.00    M    M  4.2 13 290   M    M   0        17 290
12  92  46  69  -1   0   4 0.00    M    M  4.5 14 230   M    M   0        17 320
13  91  51  71   1   0   6 0.00    M    M  7.8 31 170   M    M   1        37 170
14  90  57  74   4   0   9 0.00    M    M  7.1 14 130   M    M   0        19 130
15  92  60  76   7   0  11 0.00    M    M  6.6 21 120   M    M   1        26 120
16  87  65  76   7   0  11    T    M    M  9.4 26 160   M    M   3        33 170
17  77  60  69   1   0   4 0.27    M    M  6.8 16 200   M    M   6 1      20 190
18  85  54  70   2   0   5 0.00    M    M  3.5 14 230   M    M   1        18 230
19  89  61  75   7   0  10 0.00    M    M  4.6 13 360   M    M   1        19  10
20  93  57  75   8   0  10    T    M    M  4.7 29 160   M    M   2 3      37 160
21  88  62  75   8   0  10    T    M    M  4.7 20 220   M    M   3 3      23 220
22  89  57  73   7   0   8 0.00    M    M  5.8 18 260   M    M   2        25 260
23  91  54  73   7   0   8 0.00    M    M  3.7 15 260   M    M   0        20 260
24  91  48  70   4   0   5 0.00    M    M  3.6  9 240   M    M   0        13 100
25  92  53  73   8   0   8    T    M    M  5.9 28 230   M    M   1 3      33 210
26  89  57  73   8   0   8 0.23    M    M  8.9 32 200   M    M   4 3      39 190
27  82  58  70   6   0   5 0.67    M    M 12.9 36 240   M    M   4 13     45 230
28  75  49  62  -2   3   0 0.07    M    M 11.1 26 200   M    M   0 1      33 210
29  75  43  59  -4   6   0 0.00    M    M  6.9 20 250   M    M   0        30 250
30  77  44  61  -2   4   0 0.00    M    M  4.2 15 230   M    M   0        26 220
================================================================================
SM 2616 1667        13 210  1.34    M    199.2          M       48
================================================================================
AV 87.2 55.6                               6.6 FASTST   M    M   2    MAX(MPH)
                                 MISC ---->  # 36 240               # 45  230
================================================================================
NOTES:
# LAST OF SEVERAL OCCURRENCES

COLUMN 17 PEAK WIND IN M.P.H.

PRELIMINARY LOCAL CLIMATOLOGICAL DATA (WS FORM: F-6) , PAGE 2

                                          STATION:  WINSLOW AZ AIRPORT
                                          MONTH:    SEPTEMBER
                                          YEAR:     2014
                                          LATITUDE:   35  1 N
                                          LONGITUDE: 110 44 W

[TEMPERATURE DATA]      [PRECIPITATION DATA]       SYMBOLS USED IN COLUMN 16

AVERAGE MONTHLY: 71.4   TOTAL FOR MONTH:   1.34    1 = FOG OR MIST
DPTR FM NORMAL:   2.7   DPTR FM NORMAL:    0.46    2 = FOG REDUCING VISIBILITY
HIGHEST:    95 ON  2    GRTST 24HR  0.74 ON 27-28      TO 1/4 MILE OR LESS
LOWEST:     43 ON 29                               3 = THUNDER
                        SNOW, ICE PELLETS, HAIL    4 = ICE PELLETS
                        TOTAL MONTH:    M          5 = HAIL
                        GRTST 24HR    M  ON   M    6 = FREEZING RAIN OR DRIZZLE
                        GRTST DEPTH:  M  ON   M    7 = DUSTSTORM OR SANDSTORM:
                                                       VSBY 1/2 MILE OR LESS
                                                   8 = SMOKE OR HAZE
[NO. OF DAYS WITH]      [WEATHER - DAYS WITH]      9 = BLOWING SNOW
                                                   X = TORNADO
MAX 32 OR BELOW:   0    0.01 INCH OR MORE:   6
MAX 90 OR ABOVE:  13    0.10 INCH OR MORE:   3
MIN 32 OR BELOW:   0    0.50 INCH OR MORE:   1
MIN  0 OR BELOW:   0    1.00 INCH OR MORE:   0

[HDD (BASE 65) ]
TOTAL THIS MO.    13    CLEAR  (SCALE 0-3)  24
DPTR FM NORMAL   -18    PTCLDY (SCALE 4-7)   6
TOTAL FM JUL 1    13    CLOUDY (SCALE 8-10)  0
DPTR FM NORMAL   -18

[CDD (BASE 65) ]
TOTAL THIS MO.   210
DPTR FM NORMAL    67    [PRESSURE DATA]
TOTAL FM JAN 1  1326    HIGHEST SLP 30.08 ON 24
DPTR FM NORMAL   125    LOWEST  SLP 29.65 ON 27

[REMARKS]
#FINAL-09-14#
