000
CXUS55 KCTP 210700
CF6IPT
PRELIMINARY LOCAL CLIMATOLOGICAL DATA (WS FORM: F-6)

                                          STATION:   WILLIAMSPORT PA
                                          MONTH:     SEPTEMBER
                                          YEAR:      2017
                                          LATITUDE:   41 15 N
                                          LONGITUDE:  76 55 W

  TEMPERATURE IN F:       :PCPN:    SNOW:  WIND      :SUNSHINE: SKY     :PK WND
================================================================================
1   2   3   4   5  6A  6B    7    8   9   10  11  12  13   14  15   16   17  18
                                     12Z  AVG MX 2MIN
DY MAX MIN AVG DEP HDD CDD  WTR  SNW DPTH SPD SPD DIR MIN PSBL S-S WX    SPD DR
================================================================================

 1  70  49  60  -8   5   0 0.00  0.0    0  3.5 10 330   M    M   0        15 350
 2  60  44  52 -16  13   0 0.09  0.0    0  4.0 13  90   M    M   6 1      16  90
 3  71  55  63  -5   2   0 0.50  0.0    0  2.5 15 250   M    M   8 138    23 240
 4  82  51  67  -1   0   2 0.00  0.0    0  4.7 17 190   M    M   4 12     28 210
 5  76  61  69   2   0   4 0.09  0.0    0  2.9 13 210   M    M   7 13     15 220
 6  65  59  62  -5   3   0 0.17  0.0    0  2.5 12 100   M    M   8 1      14 100
 7  73  54  64  -3   1   0    T  0.0    0  7.3 23 290   M    M   7 1      28 290
 8  71  51  61  -5   4   0 0.18  0.0    0  5.4 20 310   M    M   6 13     26 330
 9  68  50  59  -7   6   0 0.00  0.0    0  6.0 13  10   M    M   8 18     18  10
10  74  48  61  -5   4   0 0.00  0.0    0  3.5 12  20   M    M   3 1      17 330
11  76  48  62  -3   3   0 0.00  0.0    0  2.9  8 300   M    M   3 12      9 260
12  79  51  65   0   0   0 0.00  0.0    0  1.7  7 360   M    M   1 1      11 100
13  70  54  62  -2   3   0 0.02  0.0    0  2.6  9  80   M    M   8 18     11 140
14  77  66  72   8   0   7 0.12  0.0    0  6.3 14 270   M    M   9 1      18 270
15  83  63  73   9   0   8    T  0.0    0  5.8 12 270   M    M   5 1      15 290
16  84  62  73  10   0   8    T  0.0    0  3.3 15 110   M    M   7 12     17 100
17  84  66  75  12   0  10 0.00  0.0    0  1.8  9 100   M    M   6 1      13 200
18  84  64  74  12   0   9 0.00  0.0    0  2.1 10  60   M    M   5 12     13  60
19  84  62  73  11   0   8 0.00  0.0    0  1.7  9 260   M    M   4        11 250
20  88  60  74  12   0   9 0.00  0.0    0  5.0 13 290   M    M   3 1      19  40
================================================================================
SM 1519 1118        44  65  1.17     0.0  75.5          M      108
================================================================================
AV 76.0 55.9                               3.8 FASTST   M    M   5    MAX(MPH)
                                 MISC ---->  # 23 290               # 28  210
================================================================================
NOTES:
# LAST OF SEVERAL OCCURRENCES

COLUMN 17 PEAK WIND IN M.P.H.

PRELIMINARY LOCAL CLIMATOLOGICAL DATA (WS FORM: F-6) , PAGE 2

                                          STATION:  WILLIAMSPORT PA
                                          MONTH:    SEPTEMBER
                                          YEAR:     2017
                                          LATITUDE:   41 15 N
                                          LONGITUDE:  76 55 W

[TEMPERATURE DATA]      [PRECIPITATION DATA]       SYMBOLS USED IN COLUMN 16

AVERAGE MONTHLY: 65.9   TOTAL FOR MONTH:   1.17    1 = FOG OR MIST
DPTR FM NORMAL:   0.7   DPTR FM NORMAL:   -1.61    2 = FOG REDUCING VISIBILITY
HIGHEST:    88 ON 20    GRTST 24HR  0.50 ON  3- 3      TO 1/4 MILE OR LESS
LOWEST:     44 ON  2                               3 = THUNDER
                        SNOW, ICE PELLETS, HAIL    4 = ICE PELLETS
                        TOTAL MONTH:   0.0 INCH    5 = HAIL
                        GRTST 24HR     0.0         6 = FREEZING RAIN OR DRIZZLE
                        GRTST DEPTH:   0           7 = DUSTSTORM OR SANDSTORM:
                                                       VSBY 1/2 MILE OR LESS
                                                   8 = SMOKE OR HAZE
[NO. OF DAYS WITH]      [WEATHER - DAYS WITH]      9 = BLOWING SNOW
                                                   X = TORNADO
MAX 32 OR BELOW:   0    0.01 INCH OR MORE:   7
MAX 90 OR ABOVE:   0    0.10 INCH OR MORE:   4
MIN 32 OR BELOW:   0    0.50 INCH OR MORE:   1
MIN  0 OR BELOW:   0    1.00 INCH OR MORE:   0

[HDD (BASE 65) ]
TOTAL THIS MO.    44    CLEAR  (SCALE 0-3)   3
DPTR FM NORMAL    -6    PTCLDY (SCALE 4-7)  15
TOTAL FM JUL 1    46    CLOUDY (SCALE 8-10)  2
DPTR FM NORMAL   -18

[CDD (BASE 65) ]
TOTAL THIS MO.    65
DPTR FM NORMAL    11    [PRESSURE DATA]
TOTAL FM JAN 1   807    HIGHEST SLP M ON M
DPTR FM NORMAL   119    LOWEST  SLP 29.70 ON  5

[REMARKS]
