000
CXUS55 KEAX 300736
CF6IRK
PRELIMINARY LOCAL CLIMATOLOGICAL DATA (WS FORM: F-6)

                                          STATION:   KIRKSVILLE MO
                                          MONTH:     AUGUST
                                          YEAR:      2015
                                          LATITUDE:   40  5 N
                                          LONGITUDE:  92 33 W

  TEMPERATURE IN F:       :PCPN:    SNOW:  WIND      :SUNSHINE: SKY     :PK WND
================================================================================
1   2   3   4   5  6A  6B    7    8   9   10  11  12  13   14  15   16   17  18
                                     12Z  AVG MX 2MIN
DY MAX MIN AVG DEP HDD CDD  WTR  SNW DPTH SPD SPD DIR MIN PSBL S-S WX    SPD DR
================================================================================

 1  90  64  77   1   0  12    T    M    M  4.8 17 190   M    M   2 3      23 180
 2  90  66  78   2   0  13 0.24    M    M  9.0 35 340   M    M   0 3      50 320
 3  82  66  74  -2   0   9 0.02    M    M  5.0 10 330   M    M   1 3      17 240
 4  77  65  71  -4   0   6 0.50    M    M  6.1 13 120   M    M   3 13     19  70
 5  79  64  72  -3   0   7 0.17    M    M  4.3 23 140   M    M   4 13     27 140
 6  83  64  74  -1   0   9 0.00    M    M  4.1 13 120   M    M   1 1      16 120
 7  89  66  78   3   0  13 0.00    M    M  4.5 12 190   M    M   3 12     14 200
 8  86  70  78   3   0  13    T    M    M  5.9 16 120   M    M   2 1      19 120
 9  85  71  78   3   0  13 0.91    M    M  6.6 23 310   M    M   3 13     31 310
10  87  68  78   3   0  13 0.00    M    M  7.5 14 350   M    M   2 12     19 280
11  83  64  74  -1   0   9 0.00    M    M  6.4 15 350   M    M   1        19  20
12  84  62  73  -2   0   8 0.00    M    M  2.6 10 360   M    M   1 1      15 340
13  85  60  73  -2   0   8 0.00    M    M  3.3 10 230   M    M   1 1      14 260
14  87  65  76   2   0  11 0.00    M    M  1.4  8 220   M    M   0 1      11 190
15  88  63  76   2   0  11 0.00    M    M  2.0  9 160   M    M   1 1      12 180
16  88  64  76   2   0  11 0.00    M    M  5.9 14 180   M    M   1 1      20 160
17  87  68  78   4   0  13 0.00    M    M  5.7 17  20   M    M   0        20  20
18  79  67  73  -1   0   8 0.07    M    M  7.6 25 210   M    M   4 1      33 210
19  68  56  62 -12   3   0 0.00    M    M  9.9 22 290   M    M   5        30 310
20  81  53  67  -6   0   2 0.00    M    M  5.8 12 220   M    M   0        16 270
21  83  60  72  -1   0   7 0.00    M    M 10.3 21 160   M    M   0        26 160
22  80  62  71  -2   0   6 0.07    M    M  9.3 18 140   M    M   4 13     23 140
23  76  52  64  -9   1   0 0.44    M    M 10.2 20 290   M    M   3 13     28 290
24  78  50  64  -8   1   0 0.00    M    M  8.3 18 280   M    M   0        27 280
25  77  49  63  -9   2   0 0.00    M    M  6.0 14 300   M    M   0        20 340
26  79  48  64  -8   1   0 0.00    M    M  1.7  8 330   M    M   0 1      11  60
27  76  53  65  -7   0   0 0.00    M    M  7.5 17 120   M    M   0        22 120
28  74  60  67  -4   0   2 0.01    M    M  9.9 22 160   M    M   4 1      24 170
29  79  65  72   1   0   7 0.00    M    M  3.7  9  10   M    M   9 12     12 350
================================================================================
SM 2380 1785         8 211  2.43    M    175.3          M       55
================================================================================
AV 82.1 61.6                               6.0 FASTST   M    M   2    MAX(MPH)
                                 MISC ---->  # 35 340               # 50  320
================================================================================
NOTES:
# LAST OF SEVERAL OCCURRENCES

COLUMN 17 PEAK WIND IN M.P.H.

PRELIMINARY LOCAL CLIMATOLOGICAL DATA (WS FORM: F-6) , PAGE 2

                                          STATION:  KIRKSVILLE MO
                                          MONTH:    AUGUST
                                          YEAR:     2015
                                          LATITUDE:   40  5 N
                                          LONGITUDE:  92 33 W

[TEMPERATURE DATA]      [PRECIPITATION DATA]       SYMBOLS USED IN COLUMN 16

AVERAGE MONTHLY: 71.8   TOTAL FOR MONTH:   2.43    1 = FOG OR MIST
DPTR FM NORMAL:  -2.1   DPTR FM NORMAL:   -1.05    2 = FOG REDUCING VISIBILITY
HIGHEST:    90 ON  2, 1 GRTST 24HR  0.91 ON  9- 9      TO 1/4 MILE OR LESS
LOWEST:     48 ON 26                               3 = THUNDER
                        SNOW, ICE PELLETS, HAIL    4 = ICE PELLETS
                        TOTAL MONTH:    M          5 = HAIL
                        GRTST 24HR    M  ON   M    6 = FREEZING RAIN OR DRIZZLE
                        GRTST DEPTH:  M  ON   M    7 = DUSTSTORM OR SANDSTORM:
                                                       VSBY 1/2 MILE OR LESS
                                                   8 = SMOKE OR HAZE
[NO. OF DAYS WITH]      [WEATHER - DAYS WITH]      9 = BLOWING SNOW
                                                   X = TORNADO
MAX 32 OR BELOW:   0    0.01 INCH OR MORE:   9
MAX 90 OR ABOVE:   2    0.10 INCH OR MORE:   5
MIN 32 OR BELOW:   0    0.50 INCH OR MORE:   2
MIN  0 OR BELOW:   0    1.00 INCH OR MORE:   0

[HDD (BASE 65) ]
TOTAL THIS MO.     8    CLEAR  (SCALE 0-3)  22
DPTR FM NORMAL     8    PTCLDY (SCALE 4-7)   6
TOTAL FM JUL 1    13    CLOUDY (SCALE 8-10)  1
DPTR FM NORMAL    12

[CDD (BASE 65) ]
TOTAL THIS MO.   211
DPTR FM NORMAL   -52    [PRESSURE DATA]
TOTAL FM JAN 1   853    HIGHEST SLP  0.00 ON M
DPTR FM NORMAL    23    LOWEST  SLP  0.00 ON M

[REMARKS]
