000
CXUS55 KEAX 290736
CF6IRK
PRELIMINARY LOCAL CLIMATOLOGICAL DATA (WS FORM: F-6)

                                          STATION:   KIRKSVILLE MO
                                          MONTH:     MARCH
                                          YEAR:      2017
                                          LATITUDE:   40  5 N
                                          LONGITUDE:  92 33 W

  TEMPERATURE IN F:       :PCPN:    SNOW:  WIND      :SUNSHINE: SKY     :PK WND
================================================================================
1   2   3   4   5  6A  6B    7    8   9   10  11  12  13   14  15   16   17  18
                                     12Z  AVG MX 2MIN
DY MAX MIN AVG DEP HDD CDD  WTR  SNW DPTH SPD SPD DIR MIN PSBL S-S WX    SPD DR
================================================================================

 1  50  32  41   7  24   0 0.01    M    M 16.0 28 290   M    M   8 1      38 290
 2  45  20  33  -2  32   0 0.00    M    M  7.2 15 340   M    M   3        20 350
 3  45  12  29  -6  36   0 0.00    M    M  8.8 22 140   M    M   0 1      27 120
 4  70  26  48  12  17   0 0.00    M    M 10.4 21 200   M    M   0        27 210
 5  64  55  60  24   5   0 0.00    M    M 17.1 25 210   M    M  10        35 210
 6  72  52  62  26   3   0 0.31    M    M 20.0 36 260   M    M   9 13     60 260
 7  57  36  47  10  18   0 0.00    M    M 11.7 26 240   M    M   1        36 240
 8  61  36  49  12  16   0 0.00    M    M  8.1 18 290   M    M   0        25 290
 9  54  32  43   5  22   0 0.00    M    M 12.3 21  10   M    M   0        26  10
10  38  23  31  -7  34   0 0.00    M    M 11.3 20 360   M    M   4        24 350
11  33  22  28 -11  37   0 0.03    M    M  7.3 16  40   M    M   8 1      19  40
12  41  27  34  -5  31   0 0.01    M    M  8.2 21 140   M    M   8 1      28 140
13  35  26  31  -9  34   0 0.11    M    M 11.9 21  10   M    M  10 1      25  20
14  34  13  24 -16  41   0 0.00    M    M 10.1 16  20   M    M   5 1      21  30
15  39   7  23 -17  42   0 0.00    M    M  4.6 10 210   M    M   2        13 210
16  56  30  43   2  22   0 0.00    M    M 12.4 22 140   M    M   6        27 130
17  71  41  56  15   9   0 0.00    M    M 11.9 23 320   M    M   4        33 330
18  59  33  46   4  19   0 0.00    M    M  9.0 17 320   M    M   0        22 330
19  63  36  50   8  15   0 0.00    M    M 13.7 25 140   M    M   4        31 140
20  73  47  60  18   5   0 0.00    M    M  9.9 20  20   M    M   0        26 360
21  59  37  48   5  17   0 0.00    M    M 12.7 26  20   M    M   1        34  30
22  47  29  38  -5  27   0 0.00    M    M 12.4 20 140   M    M   5        25  90
23  65  39  52   8  13   0 0.02    M    M 14.4 24 140   M    M   5 8      29 140
24  72  50  61  17   4   0 0.89    M    M  9.4 23 210   M    M   5 1      32 180
25  56  47  52   8  13   0 0.71    M    M  9.7 16  30   M    M  10 1      20  10
26  50  44  47   2  18   0 0.00    M    M  7.0 14 270   M    M  10 1      18 280
27  53  45  49   4  16   0 0.14    M    M  8.0 15 350   M    M  10 1      18 350
28  55  47  51   5  14   0 0.00    M    M  7.5 16  70   M    M  10 18     20  70
================================================================================
SM 1517  944       584   0  2.23    M    303.0          M      138
================================================================================
AV 54.2 33.7                              10.8 FASTST   M    M   5    MAX(MPH)
                                 MISC ---->  # 36 260               # 60  260
================================================================================
NOTES:
# LAST OF SEVERAL OCCURRENCES

COLUMN 17 PEAK WIND IN M.P.H.

PRELIMINARY LOCAL CLIMATOLOGICAL DATA (WS FORM: F-6) , PAGE 2

                                          STATION:  KIRKSVILLE MO
                                          MONTH:    MARCH
                                          YEAR:     2017
                                          LATITUDE:   40  5 N
                                          LONGITUDE:  92 33 W

[TEMPERATURE DATA]      [PRECIPITATION DATA]       SYMBOLS USED IN COLUMN 16

AVERAGE MONTHLY: 44.0   TOTAL FOR MONTH:   2.23    1 = FOG OR MIST
DPTR FM NORMAL:   3.9   DPTR FM NORMAL:   -0.08    2 = FOG REDUCING VISIBILITY
HIGHEST:    73 ON 20    GRTST 24HR  0.89 ON 24-24      TO 1/4 MILE OR LESS
LOWEST:      7 ON 15                               3 = THUNDER
                        SNOW, ICE PELLETS, HAIL    4 = ICE PELLETS
                        TOTAL MONTH:    M          5 = HAIL
                        GRTST 24HR    M  ON   M    6 = FREEZING RAIN OR DRIZZLE
                        GRTST DEPTH:  M  ON   M    7 = DUSTSTORM OR SANDSTORM:
                                                       VSBY 1/2 MILE OR LESS
                                                   8 = SMOKE OR HAZE
[NO. OF DAYS WITH]      [WEATHER - DAYS WITH]      9 = BLOWING SNOW
                                                   X = TORNADO
MAX 32 OR BELOW:   0    0.01 INCH OR MORE:   9
MAX 90 OR ABOVE:   0    0.10 INCH OR MORE:   5
MIN 32 OR BELOW:  13    0.50 INCH OR MORE:   2
MIN  0 OR BELOW:   0    1.00 INCH OR MORE:   0

[HDD (BASE 65) ]
TOTAL THIS MO.   584    CLEAR  (SCALE 0-3)  10
DPTR FM NORMAL  -113    PTCLDY (SCALE 4-7)  11
TOTAL FM JUL 1  4113    CLOUDY (SCALE 8-10)  7
DPTR FM NORMAL -1117

[CDD (BASE 65) ]
TOTAL THIS MO.     0
DPTR FM NORMAL     0    [PRESSURE DATA]
TOTAL FM JAN 1     0    HIGHEST SLP  0.00 ON M
DPTR FM NORMAL     0    LOWEST  SLP  0.00 ON M

[REMARKS]
