000
CXUS53 KBIS 300805
CF6ISN
PRELIMINARY LOCAL CLIMATOLOGICAL DATA (WS FORM: F-6)

                                          STATION:   WILLISTON ND
                                          MONTH:     OCTOBER
                                          YEAR:      2014
                                          LATITUDE:   48 10 N
                                          LONGITUDE: 103 38 W

  TEMPERATURE IN F:       :PCPN:    SNOW:  WIND      :SUNSHINE: SKY     :PK WND
================================================================================
1   2   3   4   5  6A  6B    7    8   9   10  11  12  13   14  15   16   17  18
                                     12Z  AVG MX 2MIN
DY MAX MIN AVG DEP HDD CDD  WTR  SNW DPTH SPD SPD DIR MIN PSBL S-S WX    SPD DR
================================================================================

 1  59  44  52   2  13   0 0.03    M    M 14.7 26 300   M    M   8 1      31 310
 2  48  37  43  -6  22   0    T    M    M 15.6 31 310   M    M   7        39 310
 3  46  26  36 -13  29   0 0.00    M    M 15.7 32 320   M    M   3        39 320
 4  52  22  37 -11  28   0    T    M    M  2.8 12 290   M    M   8        14 300
 5  58  39  49   1  16   0 0.06    M    M 14.0 35 320   M    M   6 1      43 320
 6  59  42  51   3  14   0 0.01    M    M 13.4 23 310   M    M   4        31 280
 7  62  38  50   3  15   0 0.00    M    M 13.9 28 330   M    M   0        38 310
 8  52  30  41  -6  24   0    T    M    M  5.2 13  60   M    M   6        17 110
 9  58  27  43  -3  22   0 0.00    M    M  4.2  9  10   M    M   0        10  50
10  65  25  45  -1  20   0 0.00    M    M  5.1 15 160   M    M   0        20 140
11  74  40  57  12   8   0    T    M    M  6.6 20 250   M    M   1        24 240
12  64  43  54   9  11   0 0.06    M    M 12.1 26 320   M    M   4        32 320
13  67  34  51   7  14   0 0.00    M    M  8.3 16 280   M    M   0        21 280
14  71  31  51   7  14   0 0.00    M    M  5.7 15 220   M    M   0        21 200
15  70  36  53   9  12   0 0.01    M    M  2.4  9 360   M    M   0 8      10 150
16  55  39  47   4  18   0    T    M    M 15.9 25 330   0    0   0        36 340
17  55  31  43   0  22   0 0.00    M    M  5.8 28 330   M    M   6        36 340
18  67  33  50   8  15   0 0.00    M    M  8.0 16 230   M    M   0 1      22 160
19  70  36  53  11  12   0 0.00    M    M  2.6  9 190   M    M   0        11 190
20  78  33  56  15   9   0 0.00    M    M  4.8 16 150   M    M   0 1      24 140
21  75  36  56  15   9   0 0.00    M    M  3.4 15 210   M    M   0 18     18 150
22  63  40  52  12  13   0    T    M    M 13.3 26 280   M    M   2        35 280
23  67  33  50  10  15   0 0.00    M    M  5.8 15 220   M    M   0        19 230
24  63  38  51  11  14   0 0.00    M    M 11.2 31 280   M    M   1        39 290
25  64  31  48   9  17   0 0.00    M    M  6.7 15 140   M    M   2        20 130
26  71  38  55  17  10   0 0.01    M    M 11.4 28 260   M    M   0        36 270
27  45  34  40   2  25   0 0.06    M    M 16.7 29 300   M    M   7 1      40 310
28  40  22  31  -7  34   0 0.01    M    M 10.1 21 320   M    M   8        25 320
29  50  21  36  -1  29   0 0.00    M    M  6.9 16 340   M    M   2        20 340
================================================================================
SM 1768  979       504   0  0.25    M    262.3            0     75
================================================================================
AV 61.0 33.8                               9.0 FASTST    0   0   3    MAX(MPH)
                                 MISC ---->  # 35 320               # 43  320
================================================================================
NOTES:
# LAST OF SEVERAL OCCURRENCES

COLUMN 17 PEAK WIND IN M.P.H.

PRELIMINARY LOCAL CLIMATOLOGICAL DATA (WS FORM: F-6) , PAGE 2

                                          STATION:  WILLISTON ND
                                          MONTH:    OCTOBER
                                          YEAR:     2014
                                          LATITUDE:   48 10 N
                                          LONGITUDE: 103 38 W

[TEMPERATURE DATA]      [PRECIPITATION DATA]       SYMBOLS USED IN COLUMN 16

AVERAGE MONTHLY: 47.4   TOTAL FOR MONTH:   0.25    1 = FOG OR MIST
DPTR FM NORMAL:   3.8   DPTR FM NORMAL:   -0.62    2 = FOG REDUCING VISIBILITY
HIGHEST:    78 ON 20    GRTST 24HR  0.92 ON 30- 1      TO 1/4 MILE OR LESS
LOWEST:     21 ON 29                               3 = THUNDER
                        SNOW, ICE PELLETS, HAIL    4 = ICE PELLETS
                        TOTAL MONTH:    M          5 = HAIL
                        GRTST 24HR    M  ON   M    6 = FREEZING RAIN OR DRIZZLE
                        GRTST DEPTH:  M  ON   M    7 = DUSTSTORM OR SANDSTORM:
                                                       VSBY 1/2 MILE OR LESS
                                                   8 = SMOKE OR HAZE
[NO. OF DAYS WITH]      [WEATHER - DAYS WITH]      9 = BLOWING SNOW
                                                   X = TORNADO
MAX 32 OR BELOW:   0    0.01 INCH OR MORE:   8
MAX 90 OR ABOVE:   0    0.10 INCH OR MORE:   0
MIN 32 OR BELOW:  10    0.50 INCH OR MORE:   0
MIN  0 OR BELOW:   0    1.00 INCH OR MORE:   0

[HDD (BASE 65) ]
TOTAL THIS MO.   504    CLEAR  (SCALE 0-3)  18
DPTR FM NORMAL  -121    PTCLDY (SCALE 4-7)  11
TOTAL FM JUL 1   811    CLOUDY (SCALE 8-10)  0
DPTR FM NORMAL  -160

[CDD (BASE 65) ]
TOTAL THIS MO.     0
DPTR FM NORMAL     0    [PRESSURE DATA]
TOTAL FM JAN 1   425    HIGHEST SLP  0.00 ON 22
DPTR FM NORMAL   -30    LOWEST  SLP 29.46 ON 16

[REMARKS]
