000
CXUS53 KBIS 270846
CF6ISN
PRELIMINARY LOCAL CLIMATOLOGICAL DATA (WS FORM: F-6)

                                          STATION:   WILLISTON ND
                                          MONTH:     JUNE
                                          YEAR:      2017
                                          LATITUDE:   48 10 N
                                          LONGITUDE: 103 38 W

  TEMPERATURE IN F:       :PCPN:    SNOW:  WIND      :SUNSHINE: SKY     :PK WND
================================================================================
1   2   3   4   5  6A  6B    7    8   9   10  11  12  13   14  15   16   17  18
                                     12Z  AVG MX 2MIN
DY MAX MIN AVG DEP HDD CDD  WTR  SNW DPTH SPD SPD DIR MIN PSBL S-S WX    SPD DR
================================================================================

 1  93  52  73  14   0   8 0.00    M    M  7.2 15 150   M    M   0        20 150
 2  88  58  73  14   0   8    T    M    M 11.6 25 280   M    M   2        32 290
 3  87  50  69   9   0   4 0.00    M    M  9.9 22 300   M    M   0        27 300
 4  95  42  69   9   0   4 0.00    M    M  8.0 20  80   M    M   0        26  80
 5  96  61  79  19   0  14 0.01    M    M 15.5 28 300   M    M   1        34 300
 6  80  52  66   6   0   1 0.00    M    M 12.7 27 330   0    0   0        37 330
 7  81  44  63   2   2   0 0.00    M    M  5.2 12 140   M    M   0 8      16  30
 8  86  53  70   9   0   5 0.00    M    M 11.9 23 110   M    M   0 8      29 110
 9  92  61  77  16   0  12 0.06    M    M 11.6 29 320   M    M   0        36 310
10  83  57  70   8   0   5 0.21    M    M 12.4 23 230   M    M   4 1      29 270
11  80  51  66   4   0   1 0.01    M    M 12.7 28 250   M    M   2        41 230
12  85  47  66   4   0   1 0.00    M    M  9.2 23 110   M    M   2        29 110
13  73  59  66   3   0   1    T    M    M 14.6 30  70   M    M   7        34  70
14  68  56  62  -1   3   0 0.54    M    M 16.8 28 260   M    M  10 13     36 280
15  81  55  68   5   0   3    T    M    M 15.0 37 280   M    M   4        46 280
16  77  51  64   0   1   0 0.01    M    M  8.6 25 290   M    M   5 3      31 290
17  71  52  62  -2   3   0 0.23    M    M 10.9 26 330   M    M   5 138    38 330
18  80  48  64   0   1   0    T    M    M  8.7 26 350   M    M   2        33 350
19  84  46  65   1   0   0 0.00    M    M  8.9 24 330   M    M   2        32 300
20  81  49  65   0   0   0 0.00    M    M  6.6 15 110   M    M   1        19 120
21  82  55  69   4   0   4 0.04    M    M 12.9 29 310   M    M   3        38 310
22  75  52  64  -1   1   0 0.04    M    M 20.8 38 300   M    M   6 1      46 300
23  70  47  59  -6   6   0 0.00    M    M 16.2 31 330   M    M   7        40 320
24  71  45  58  -8   7   0 0.00    M    M 12.7 25 350   M    M   3        34 340
25  76  46  61  -5   4   0 0.14    M    M  5.3 16  40   M    M   4 1      20  10
26  85  44  65  -1   0   0 0.00    M    M  8.2 17 120   M    M   0        23 140
================================================================================
SM 2120 1333        28  71  1.29    M    294.1            0     70
================================================================================
AV 81.5 51.3                              11.3 FASTST    0   0   3    MAX(MPH)
                                 MISC ---->  # 38 300               # 46  280
================================================================================
NOTES:
# LAST OF SEVERAL OCCURRENCES

COLUMN 17 PEAK WIND IN M.P.H.

PRELIMINARY LOCAL CLIMATOLOGICAL DATA (WS FORM: F-6) , PAGE 2

                                          STATION:  WILLISTON ND
                                          MONTH:    JUNE
                                          YEAR:     2017
                                          LATITUDE:   48 10 N
                                          LONGITUDE: 103 38 W

[TEMPERATURE DATA]      [PRECIPITATION DATA]       SYMBOLS USED IN COLUMN 16

AVERAGE MONTHLY: 66.4   TOTAL FOR MONTH:   1.29    1 = FOG OR MIST
DPTR FM NORMAL:   3.7   DPTR FM NORMAL:   -0.88    2 = FOG REDUCING VISIBILITY
HIGHEST:    96 ON  5    GRTST 24HR  0.54 ON 14-14      TO 1/4 MILE OR LESS
LOWEST:     42 ON  4                               3 = THUNDER
                        SNOW, ICE PELLETS, HAIL    4 = ICE PELLETS
                        TOTAL MONTH:    M          5 = HAIL
                        GRTST 24HR    M  ON   M    6 = FREEZING RAIN OR DRIZZLE
                        GRTST DEPTH:  M  ON   M    7 = DUSTSTORM OR SANDSTORM:
                                                       VSBY 1/2 MILE OR LESS
                                                   8 = SMOKE OR HAZE
[NO. OF DAYS WITH]      [WEATHER - DAYS WITH]      9 = BLOWING SNOW
                                                   X = TORNADO
MAX 32 OR BELOW:   0    0.01 INCH OR MORE:  10
MAX 90 OR ABOVE:   4    0.10 INCH OR MORE:   4
MIN 32 OR BELOW:   0    0.50 INCH OR MORE:   1
MIN  0 OR BELOW:   0    1.00 INCH OR MORE:   0

[HDD (BASE 65) ]
TOTAL THIS MO.    28    CLEAR  (SCALE 0-3)  17
DPTR FM NORMAL   -84    PTCLDY (SCALE 4-7)   8
TOTAL FM JUL 1  7958    CLOUDY (SCALE 8-10)  1
DPTR FM NORMAL -1028

[CDD (BASE 65) ]
TOTAL THIS MO.    71
DPTR FM NORMAL    19    [PRESSURE DATA]
TOTAL FM JAN 1    94    HIGHEST SLP  0.00 ON M
DPTR FM NORMAL    29    LOWEST  SLP 29.25 ON 10

[REMARKS]
