000
CXUS52 TJSJ 250430
CF6IST
PRELIMINARY LOCAL CLIMATOLOGICAL DATA (WS FORM: F-6)

                                          STATION:   CYRIL E. KING AP/ST THOMAS
                                          MONTH:     JUNE
                                          YEAR:      2017
                                          LATITUDE:   18 19 N
                                          LONGITUDE:  64 58 W

  TEMPERATURE IN F:       :PCPN:    SNOW:  WIND      :SUNSHINE: SKY     :PK WND
================================================================================
1   2   3   4   5  6A  6B    7    8   9   10  11  12  13   14  15   16   17  18
                                     12Z  AVG MX 2MIN
DY MAX MIN AVG DEP HDD CDD  WTR  SNW DPTH SPD SPD DIR MIN PSBL S-S WX    SPD DR
================================================================================

 1  90  80  85   2   0  20    T  0.0    0 11.6 18  30   M    M   1        32  20
 2  90  78  84   1   0  19 0.17  0.0    0 11.7 22 120   M    M   5 18     28 110
 3  90  80  85   2   0  20    T  0.0    0 11.5 17 130   M    M   2        24 120
 4  91  82  87   4   0  22 0.05  0.0    0 11.8 18 120   M    M   4 18     25 130
 5  90  82  86   3   0  21 0.00  0.0    0 13.4 18 130   M    M   4        25 130
 6  91  80  86   3   0  21 0.00  0.0    0 11.6 18 130   M    M   2        20 120
 7  90  82  86   3   0  21 0.00  0.0    0 12.0 20 110   M    M   1        27 130
 8  89  80  85   2   0  20 0.11  0.0    0 10.1 22 130   M    M   5 18     27 140
 9  91  80  86   3   0  21 0.02  0.0    0 10.2 18 120   M    M   2 1      23 130
10  90  78  84   1   0  19 0.22  0.0    0 10.3 21 110   M    M   4 1      25 110
11   M   M   M   M   M   M 0.02  0.0    0 13.6 23  90   M    M   2 1      32  90
12  91  80  86   3   0  21 0.00  0.0    0 10.7 18 130   M    M   3        23 130
13  90  80  85   1   0  20    T  0.0    0 10.9 18  60   M    M   3        24  90
14   M   M   M   M   M   M 0.12  0.0    0 11.3 24 130   M    M   2        29 130
15  90  82  86   2   0  21 0.00  0.0    0 12.5 18 130   M    M   1        25 120
16  91  81  86   2   0  21 0.00  0.0    0 11.2 18 130   M    M   1        24 130
17   M   M   M   M   M   M 0.00  0.0    0 11.5 21  70   M    M   2        28  70
18  91  81  86   2   0  21 0.02  0.0    0 13.0 23  60   M    M   2        29  60
19   M  78   M   M   M   M 0.17  0.0    0 14.3 25  90   M    M   3 18     31 100
20   M   M   M   M   M   M 0.04  0.0    0 13.4 22  70   M    M   2 8      26  80
21   M   M   M   M   M   M 0.06  0.0    0 12.6 24  90   M    M   2 8      29 100
22   M   M   M   M   M   M 0.00  0.0    0 11.3 20  60   M    M   2        25  70
23   M  77   M   M   M   M 0.01  0.0    0 10.0 21 100   M    M   3        26  90
24  90  79  85   1   0  20 0.18  0.0    0 11.5 24 120   M    M   2 1      34 120
================================================================================
SM 1445 1440         0 328  1.19     0.0 282.0          M       60
================================================================================
AV 90.3 80.0                              11.8 FASTST   M    M   3    MAX(MPH)
                                 MISC ---->  # 25  90               # 34  120
================================================================================
NOTES:
# LAST OF SEVERAL OCCURRENCES

COLUMN 17 PEAK WIND IN M.P.H.

PRELIMINARY LOCAL CLIMATOLOGICAL DATA (WS FORM: F-6) , PAGE 2

                                          STATION:  CYRIL E. KING AP/ST THOMAS
                                          MONTH:    JUNE
                                          YEAR:     2017
                                          LATITUDE:   18 19 N
                                          LONGITUDE:  64 58 W

[TEMPERATURE DATA]      [PRECIPITATION DATA]       SYMBOLS USED IN COLUMN 16

AVERAGE MONTHLY: 85.2   TOTAL FOR MONTH:   1.19    1 = FOG OR MIST
DPTR FM NORMAL:   1.7   DPTR FM NORMAL:   -0.82    2 = FOG REDUCING VISIBILITY
HIGHEST:    91 ON 18,16 GRTST 24HR  0.22 ON 10-10      TO 1/4 MILE OR LESS
LOWEST:     77 ON 23                               3 = THUNDER
                        SNOW, ICE PELLETS, HAIL    4 = ICE PELLETS
                        TOTAL MONTH:   0.0 INCH    5 = HAIL
                        GRTST 24HR     0.0         6 = FREEZING RAIN OR DRIZZLE
                        GRTST DEPTH:   0           7 = DUSTSTORM OR SANDSTORM:
                                                       VSBY 1/2 MILE OR LESS
                                                   8 = SMOKE OR HAZE
[NO. OF DAYS WITH]      [WEATHER - DAYS WITH]      9 = BLOWING SNOW
                                                   X = TORNADO
MAX 32 OR BELOW:   0    0.01 INCH OR MORE:  13
MAX 90 OR ABOVE:  15    0.10 INCH OR MORE:   6
MIN 32 OR BELOW:   0    0.50 INCH OR MORE:   0
MIN  0 OR BELOW:   0    1.00 INCH OR MORE:   0

[HDD (BASE 65) ]
TOTAL THIS MO.     0    CLEAR  (SCALE 0-3)  18
DPTR FM NORMAL     0    PTCLDY (SCALE 4-7)   6
TOTAL FM JUL 1     0    CLOUDY (SCALE 8-10)  0
DPTR FM NORMAL     0

[CDD (BASE 65) ]
TOTAL THIS MO.   328
DPTR FM NORMAL  -115    [PRESSURE DATA]
TOTAL FM JAN 1  2515    HIGHEST SLP M ON M
DPTR FM NORMAL  -180    LOWEST  SLP 29.94 ON M

[REMARKS]
