000
CXUS52 TJSJ 010506
CF6IST
PRELIMINARY LOCAL CLIMATOLOGICAL DATA (WS FORM: F-6)

                                          STATION:   CYRIL E. KING AIRPORT/USVI
                                          MONTH:     OCTOBER
                                          YEAR:      2014
                                          LATITUDE:   18 19 N
                                          LONGITUDE:  64 58 W

  TEMPERATURE IN F:       :PCPN:    SNOW:  WIND      :SUNSHINE: SKY     :PK WND
================================================================================
1   2   3   4   5  6A  6B    7    8   9   10  11  12  13   14  15   16   17  18
                                     12Z  AVG MX 2MIN
DY MAX MIN AVG DEP HDD CDD  WTR  SNW DPTH SPD SPD DIR MIN PSBL S-S WX    SPD DR
================================================================================

 1  87  79  83  -1   0  18 0.00  0.0    0 10.1 17 150   M    M   1        22 120
 2  88  79  84   0   0  19    T  0.0    0  9.9 14 130   M    M   2        17 120
 3  92  80  86   3   0  21 0.00  0.0    0  8.7 16 150   M    M   5        20 140
 4  87  77  82  -1   0  17 0.00  0.0    0  7.7 14 150   M    M   0         M  M
 5  87  76  82  -1   0  17 0.00  0.0    0  8.4 14 150   M    M   0         M  M
 6  91  78  85   2   0  20 0.00  0.0    0 12.2 18  40   M    M   1        24  40
 7  89  80  85   2   0  20 0.00  0.0    0 11.2 18  50   M    M   1        26  70
 8  89  78  84   1   0  19 0.14  0.0    0  5.3 15  50   M    M   1        22  30
 9  90  78  84   1   0  19    T  0.0    0  6.8 10 330   M    M   3        26 360
10  87  76  82  -1   0  17 0.04  0.0    0  6.4 21 290   M    M   0        25 290
11  87  80  84   1   0  19 0.01  0.0    0  6.9 13 220   M    M   2        14 200
12  91  79  85   2   0  20    T  0.0    0 10.4 12  90   M    M   1        23  50
13  87  77  82  -1   0  17 0.32  0.0    0 13.2 16  50   M    M   5 1      23  50
14  84  75  80  -3   0  15 0.26  0.0    0 11.7 24 340   M    M   7 1      35  70
15  85  81  83   0   0  18 0.00  0.0    0 10.1 13 180   M    M   2        16 200
16  86  77  82  -1   0  17 0.00  0.0    0  6.9 10 190   M    M   3        14 160
17  86  76  81  -2   0  16 0.00  0.0    0  3.8  9 180   M    M   M        12 160
18  86  76  81  -2   0  16 0.02  0.0    0  3.7 13 100   M    M   M        15  30
19  87  75  81  -2   0  16 0.01  0.0    0  3.1 12 150   M    M   M        14 100
20  88  76  82  -1   0  17 0.02  0.0    0  5.1 16 120   M    M   M        22  90
21  87  76  82  -1   0  17 0.02  0.0    0   M   M   M   M    M   M         M  M
22  86  76  81  -1   0  16 0.00  0.0    0 11.1 14 160   M    M   2         M  M
23  88  77  83   1   0  18 0.00  0.0    0 10.5 18 150   M    M   1        21 150
24  88  78  83   1   0  18 0.00  0.0    0  9.1 14 160   M    M   2         M  M
25  87  77  82   0   0  17 0.07  0.0    0  9.1 13 140   M    M   3         M  M
26  87  78  83   1   0  18 0.00  0.0    0 10.2 14 150   M    M   2         M  M
27  89  78  84   2   0  19 0.28  0.0    M  5.3  9 170   M    M   4 1       M  M
28  90  78  84   2   0  19 0.03  0.0    0  9.6 14  60   M    M   3        22  90
29  89  78  84   2   0  19 0.04  0.0    M  7.6 12  60   M    M   4        21  60
30  86  78  82   0   0  17 0.09  0.0    0  3.1 21 230   M    M   6        25 220
31  86  77  82   0   0  17 0.51    M    M  8.1 20 190   M    M   6 1      25 190
================================================================================
SM 2717 2404         0 553  1.86     0.0 245.3          M       67
================================================================================
AV 87.6 77.5                               8.2 FASTST   M    M   3    MAX(MPH)
                                 MISC ---->  # 24 340               # 35   70
================================================================================
NOTES:
# LAST OF SEVERAL OCCURRENCES

COLUMN 17 PEAK WIND IN M.P.H.

PRELIMINARY LOCAL CLIMATOLOGICAL DATA (WS FORM: F-6) , PAGE 2

                                          STATION:  CYRIL E. KING AIRPORT/USVI
                                          MONTH:    OCTOBER
                                          YEAR:     2014
                                          LATITUDE:   18 19 N
                                          LONGITUDE:  64 58 W

[TEMPERATURE DATA]      [PRECIPITATION DATA]       SYMBOLS USED IN COLUMN 16

AVERAGE MONTHLY: 82.6   TOTAL FOR MONTH:   1.86    1 = FOG OR MIST
DPTR FM NORMAL:  -0.2   DPTR FM NORMAL:   -3.56    2 = FOG REDUCING VISIBILITY
HIGHEST:    92 ON  3    GRTST 24HR  0.51 ON 31-31      TO 1/4 MILE OR LESS
LOWEST:     75 ON 19,14                            3 = THUNDER
                        SNOW, ICE PELLETS, HAIL    4 = ICE PELLETS
                        TOTAL MONTH:   0.0 INCH    5 = HAIL
                        GRTST 24HR     0.0         6 = FREEZING RAIN OR DRIZZLE
                        GRTST DEPTH:   0           7 = DUSTSTORM OR SANDSTORM:
                                                       VSBY 1/2 MILE OR LESS
                                                   8 = SMOKE OR HAZE
[NO. OF DAYS WITH]      [WEATHER - DAYS WITH]      9 = BLOWING SNOW
                                                   X = TORNADO
MAX 32 OR BELOW:   0    0.01 INCH OR MORE:  15
MAX 90 OR ABOVE:   5    0.10 INCH OR MORE:   5
MIN 32 OR BELOW:   0    0.50 INCH OR MORE:   1
MIN  0 OR BELOW:   0    1.00 INCH OR MORE:   0

[HDD (BASE 65) ]
TOTAL THIS MO.     0    CLEAR  (SCALE 0-3)  19
DPTR FM NORMAL     0    PTCLDY (SCALE 4-7)   7
TOTAL FM JUL 1     0    CLOUDY (SCALE 8-10)  0
DPTR FM NORMAL     0

[CDD (BASE 65) ]
TOTAL THIS MO.   553
DPTR FM NORMAL     1    [PRESSURE DATA]
TOTAL FM JAN 1  5080    HIGHEST SLP M ON M
DPTR FM NORMAL   -31    LOWEST  SLP 29.78 ON M

[REMARKS]
#FINAL-10-14#
