000
CXUS53 KGRB 250732
CF6ISW
PRELIMINARY LOCAL CLIMATOLOGICAL DATA (WS FORM: F-6)

                                          STATION:   WISCONSIN RAPIDS ASOS
                                          MONTH:     DECEMBER
                                          YEAR:      2014
                                          LATITUDE:   44 22 N
                                          LONGITUDE:  89 50 W

  TEMPERATURE IN F:       :PCPN:    SNOW:  WIND      :SUNSHINE: SKY     :PK WND
================================================================================
1   2   3   4   5  6A  6B    7    8   9   10  11  12  13   14  15   16   17  18
                                     12Z  AVG MX 2MIN
DY MAX MIN AVG DEP HDD CDD  WTR  SNW DPTH SPD SPD DIR MIN PSBL S-S WX    SPD DR
================================================================================

 1   9  -3   3 -22  62   0 0.00  0.0    4  6.9 15 320   M    M   0        24 300
 2  25  -5  10 -15  55   0    T    T    4  7.2 16 200   M    M   6        21 200
 3  25   6  16  -8  49   0 0.00  0.0    4  8.1 15 270   M    M   0        23 280
 4  25   4  15  -9  50   0 0.00  0.0    3  4.6 13 120   M    M   6 8      17 130
 5  35  24  30   7  35   0 0.00  0.0    3  4.0 14 350   M    M   7 18     18 350
 6  34  11  23   0  42   0 0.00  0.0    3  3.3 14  10   M    M   0 8      17  10
 7  34   9  22   0  43   0 0.09  1.3    4  6.2 16 170   M    M   3        24 190
 8  34  29  32  10  33   0 0.06  0.7    5  8.6 17 310   M    M  10 126    22 310
 9  33  15  24   2  41   0 0.00  0.0    5  7.7 15 360   M    M   5 1      19  10
10  22  18  20  -1  45   0 0.00  0.0    5  2.5  7 280   M    M  10 1       9 280
11  25  18  22   1  43   0 0.00  0.0    5  7.2 14 290   M    M  10 18     19 270
12  33  24  29   8  36   0 0.00  0.0    5  7.1 14 290   M    M  10 1      19 290
13  42  32  37  17  28   0    T  0.0    5  5.6 12 230   M    M  10 12     14 220
14  45  38  42  22  23   0 0.03  0.0    3  4.3  7 180   M    M  10 12      9 190
15  44  41  43  23  22   0 0.51  0.0    0  5.6 10 170   M    M  10 12     14 160
16  41  24  33  14  32   0 0.10    T    T 12.1 22 330   M    M  10 1      28 350
17  24  17  21   2  44   0    T    T    T  9.6 16 310   M    M   8        22 330
18  26  17  22   3  43   0 0.00  0.0    T  1.5  6 360   M    M   8 1       7  70
19  25  19  22   3  43   0 0.00  0.0    T  2.9  8 190   M    M  10        10 200
20  31  23  27   9  38   0 0.00  0.0    T  4.4  8 140   M    M  10 18     10 150
21  35  29  32  14  33   0 0.01    T    T  8.1 14 160   M    M  10 18     21 170
22  38  33  36  18  29   0 0.09    T    0  9.5 15  80   M    M  10 18     21 130
23  35  33  34  16  31   0 0.26  0.5    1  5.8 16  70   M    M  10 12     21  50
24  35  33  34  16  31   0    T    T    M  7.4 12  10   M    M  10 1      15 360
================================================================================
SM  755  489       931   0  1.15     2.5 150.2          M      183
================================================================================
AV 31.5 20.4                               6.3 FASTST   M    M   8    MAX(MPH)
                                 MISC ---->  # 22 330               # 28  350
================================================================================
NOTES:
# LAST OF SEVERAL OCCURRENCES

COLUMN 17 PEAK WIND IN M.P.H.

PRELIMINARY LOCAL CLIMATOLOGICAL DATA (WS FORM: F-6) , PAGE 2

                                          STATION:  WISCONSIN RAPIDS ASOS
                                          MONTH:    DECEMBER
                                          YEAR:     2014
                                          LATITUDE:   44 22 N
                                          LONGITUDE:  89 50 W

[TEMPERATURE DATA]      [PRECIPITATION DATA]       SYMBOLS USED IN COLUMN 16

AVERAGE MONTHLY: 25.9   TOTAL FOR MONTH:   1.15    1 = FOG OR MIST
DPTR FM NORMAL:   5.1   DPTR FM NORMAL:    0.30    2 = FOG REDUCING VISIBILITY
HIGHEST:    45 ON 14    GRTST 24HR  0.61 ON 15-16      TO 1/4 MILE OR LESS
LOWEST:     -5 ON  2                               3 = THUNDER
                        SNOW, ICE PELLETS, HAIL    4 = ICE PELLETS
                        TOTAL MONTH:   2.5 INCHES  5 = HAIL
                        GRTST 24HR   1.3 ON   M    6 = FREEZING RAIN OR DRIZZLE
                        GRTST DEPTH:   5 ON 13,12  7 = DUSTSTORM OR SANDSTORM:
                                                       VSBY 1/2 MILE OR LESS
                                                   8 = SMOKE OR HAZE
[NO. OF DAYS WITH]      [WEATHER - DAYS WITH]      9 = BLOWING SNOW
                                                   X = TORNADO
MAX 32 OR BELOW:  10    0.01 INCH OR MORE:   8
MAX 90 OR ABOVE:   0    0.10 INCH OR MORE:   3
MIN 32 OR BELOW:  19    0.50 INCH OR MORE:   1
MIN  0 OR BELOW:   2    1.00 INCH OR MORE:   0

[HDD (BASE 65) ]
TOTAL THIS MO.   931    CLEAR  (SCALE 0-3)   4
DPTR FM NORMAL  -130    PTCLDY (SCALE 4-7)   4
TOTAL FM JUL 1  2909    CLOUDY (SCALE 8-10) 16
DPTR FM NORMAL    70

[CDD (BASE 65) ]
TOTAL THIS MO.     0
DPTR FM NORMAL     0    [PRESSURE DATA]
TOTAL FM JAN 1   447    HIGHEST SLP M ON M
DPTR FM NORMAL   -15    LOWEST  SLP 29.49 ON 24

[REMARKS]
