000
CXUS54 KJAN 271200
CF6JAN
PRELIMINARY LOCAL CLIMATOLOGICAL DATA (WS FORM: F-6)

                                          STATION:   JACKSON
                                          MONTH:     JULY
                                          YEAR:      2017
                                          LATITUDE:   32 19 N
                                          LONGITUDE:  90  5 W

  TEMPERATURE IN F:       :PCPN:    SNOW:  WIND      :SUNSHINE: SKY     :PK WND
================================================================================
1   2   3   4   5  6A  6B    7    8   9   10  11  12  13   14  15   16   17  18
                                     12Z  AVG MX 2MIN
DY MAX MIN AVG DEP HDD CDD  WTR  SNW DPTH SPD SPD DIR MIN PSBL S-S WX    SPD DR
================================================================================

 1  91  72  82   1   0  17 0.72  0.0    0  6.2 23 340   M    M   5 13     32 340
 2  89  71  80  -1   0  15 0.00  0.0    0  3.1 10 230   M    M   4        13 230
 3  91  71  81   0   0  16 0.00  0.0    0  5.4 14 200   M    M   2        18 210
 4  92  76  84   3   0  19 0.00  0.0    0  6.9 13 170   M    M   3        17 230
 5  93  76  85   4   0  20 0.00  0.0    0  7.3 16 220   M    M   3 3      21 220
 6  94  77  86   5   0  21 0.00  0.0    0  6.3 13 280   M    M   3        16 230
 7  93  75  84   2   0  19 0.00  0.0    0  6.5 25 210   M    M   3 38     33 220
 8  90  73  82   0   0  17 0.16  0.0    0  4.9 20 340   M    M   4 3      32 300
 9  93  73  83   1   0  18 0.00  0.0    0  4.5 13  10   M    M   2        16  10
10  94  69  82   0   0  17    T  0.0    0  2.8 12 260   M    M   3        15 260
11  91  73  82   0   0  17    T  0.0    0  5.6 24 160   M    M   2        29 160
12  93  72  83   1   0  18    T  0.0    0  4.7 22 200   M    M   4 3      27 190
13  88  72  80  -2   0  15 0.02  0.0    0  2.8 14 210   M    M   4 13     16 210
14  94  73  84   2   0  19 2.35  0.0    0  2.5 28  20   M    M   4 13     36  20
15  93  73  83   1   0  18 0.52  0.0    0  3.0 21 140   M    M   5 13     26 150
16  93  75  84   2   0  19 0.89  0.0    0  2.3 17  60   M    M   6 13     26  40
17  93  74  84   2   0  19 0.00  0.0    0  4.1 17 160   M    M   3        22 170
18  93  74  84   2   0  19 0.00  0.0    0  3.2 10 100   M    M   3 3      13 100
19  96  74  85   3   0  20 0.00  0.0    0  2.3  8 100   M    M   2        13 130
20  97  74  86   4   0  21 0.00  0.0    0  1.1  8 350   M    M   2        11 330
21  96  75  86   4   0  21 0.01  0.0    0  3.4 18  50   M    M   4 3      23  40
22  95  73  84   2   0  19 0.14  0.0    0  4.6 20 210   M    M   4 13     27 200
23  92  73  83   1   0  18 0.00  0.0    0  4.9 20 200   M    M   4 3      24 200
24  86  75  81  -1   0  16 1.80  0.0    0  5.9 21 190   M    M   9 138    27 190
25  83  73  78  -4   0  13 0.07  0.0    0  4.1 13 310   M    M   8 13     17 310
26  94  72  83   1   0  18 0.00  0.0    0  2.3  9 290   M    M   2        12 270
================================================================================
SM 2397 1908         0 469  6.68     0.0 110.7          M       98
================================================================================
AV 92.2 73.4                               4.3 FASTST   M    M   4    MAX(MPH)
                                 MISC ---->  # 28  20               # 36   20
================================================================================
NOTES:
# LAST OF SEVERAL OCCURRENCES

COLUMN 17 PEAK WIND IN M.P.H.

PRELIMINARY LOCAL CLIMATOLOGICAL DATA (WS FORM: F-6) , PAGE 2

                                          STATION:  JACKSON
                                          MONTH:    JULY
                                          YEAR:     2017
                                          LATITUDE:   32 19 N
                                          LONGITUDE:  90  5 W

[TEMPERATURE DATA]      [PRECIPITATION DATA]       SYMBOLS USED IN COLUMN 16

AVERAGE MONTHLY: 82.8   TOTAL FOR MONTH:   6.68    1 = FOG OR MIST
DPTR FM NORMAL:   1.0   DPTR FM NORMAL:    2.63    2 = FOG REDUCING VISIBILITY
HIGHEST:    97 ON 20    GRTST 24HR  2.35 ON 14-14      TO 1/4 MILE OR LESS
LOWEST:     69 ON 10                               3 = THUNDER
                        SNOW, ICE PELLETS, HAIL    4 = ICE PELLETS
                        TOTAL MONTH:   0.0 INCH    5 = HAIL
                        GRTST 24HR     0.0         6 = FREEZING RAIN OR DRIZZLE
                        GRTST DEPTH:   0           7 = DUSTSTORM OR SANDSTORM:
                                                       VSBY 1/2 MILE OR LESS
                                                   8 = SMOKE OR HAZE
[NO. OF DAYS WITH]      [WEATHER - DAYS WITH]      9 = BLOWING SNOW
                                                   X = TORNADO
MAX 32 OR BELOW:   0    0.01 INCH OR MORE:  10
MAX 90 OR ABOVE:  22    0.10 INCH OR MORE:   7
MIN 32 OR BELOW:   0    0.50 INCH OR MORE:   5
MIN  0 OR BELOW:   0    1.00 INCH OR MORE:   2

[HDD (BASE 65) ]
TOTAL THIS MO.     0    CLEAR  (SCALE 0-3)   9
DPTR FM NORMAL     0    PTCLDY (SCALE 4-7)  15
TOTAL FM JUL 1     0    CLOUDY (SCALE 8-10)  2
DPTR FM NORMAL     0

[CDD (BASE 65) ]
TOTAL THIS MO.   469
DPTR FM NORMAL    34    [PRESSURE DATA]
TOTAL FM JAN 1  1346    HIGHEST SLP M ON M
DPTR FM NORMAL   131    LOWEST  SLP 29.86 ON 16

[REMARKS]
