000
CXUS53 KLSX 271600
CF6JEF
PRELIMINARY LOCAL CLIMATOLOGICAL DATA (WS FORM: F-6)

                                          STATION:   JEFFERSON CITY
                                          MONTH:     FEBRUARY
                                          YEAR:      2015
                                          LATITUDE:   38 35 N
                                          LONGITUDE:  92 10 W

  TEMPERATURE IN F:       :PCPN:    SNOW:  WIND      :SUNSHINE: SKY     :PK WND
================================================================================
1   2   3   4   5  6A  6B    7    8   9   10  11  12  13   14  15   16   17  18
                                     12Z  AVG MX 2MIN
DY MAX MIN AVG DEP HDD CDD  WTR  SNW DPTH SPD SPD DIR MIN PSBL S-S WX    SPD DR
================================================================================

 1  42  20  31  -3  34   0 0.46    M    M 11.5 24 340   M    M  10 1      35 350
 2  25  13  19 -15  46   0    T    M    M  7.4 21 330   M    M   5        28 350
 3  51  20  36   2  29   0 0.00  0.0    0  5.2 15 190   M    M   0        20 190
 4  41  15  28  -6  37   0    M    M    0  8.5 18 350   M    M   4 168    23  10
 5  29   6  18 -16  47   0 0.00  0.0    M  3.9 12 360   M    M   1        15 360
 6  58  20  39   5  26   0 0.00  0.0    0  5.3 17 220   M    M   0        21 210
 7  72  29  51  16  14   0 0.00  0.0    0  6.8 22 220   M    M   0        29 190
 8  64  42  53  18  12   0 0.00  0.0    0  7.8 18 300   M    M   1        25 290
 9  42  29  36   1  29   0 0.00  0.0    0  9.0 15 350   M    M   9 8      20 320
10  47  21  34  -1  31   0 0.00  0.0    0  6.2 14 110   M    M   1 1      19 130
11  40  26  33  -3  32   0 0.00  0.0    0  8.6 21 280   M    M   5 1      26 280
12  30  14  22 -14  43   0 0.00  0.0    0  9.3 29 350   M    M   3        38 340
13  46  19  33  -3  32   0    M    M    M  5.4 14 270   M    M   4 1      17 260
14  41  15  28  -8  37   0 0.00  0.0    0  8.1 23  10   M    M   4        29 330
15  20  12  16 -21  49   0    M    M    0 10.3 17  70   M    M   7 1      21  80
16  23  15  19 -18  46   0    M    M    M  6.7 13 340   M    M   9 18     16 320
17  34  16  25 -12  40   0    M    M    M  6.0 22 290   M    M   9 1      31 310
18  21   4  13 -24  52   0 0.00  0.0    M 12.0 30 330   M    M   0        38 330
19  21   1  11 -27  54   0 0.00  0.0    M  4.5  9 100   M    M   4        11 350
20  30  16  23 -15  42   0    T    M    M  9.5 18 160   M    M   8 168    22 150
21  43  28  36  -2  29   0    M    M    M  3.5 17  10   M    M   8 18     22  10
22  31  13  22 -16  43   0 0.00  0.0    M 11.1 17  20   M    M   5        22 330
23  22   6  14 -25  51   0 0.00  0.0    0  6.6 14  20   M    M   0        20 340
24  43   8  26 -13  39   0 0.00  0.0    0  7.7 23 250   M    M   0        29 260
25  50  17  34  -5  31   0 0.00  0.0    0  5.1 15 190   M    M   2        19 180
26  38  10  24 -16  41   0    T    M    M 12.4 24 340   M    M   7 168    32 320
================================================================================
SM 1004  435       966   0  0.46     0.0 198.4          M      106
================================================================================
AV 38.6 16.7                               7.6 FASTST   M    M   4    MAX(MPH)
                                 MISC ---->  # 30 330               # 38  340
================================================================================
NOTES:
# LAST OF SEVERAL OCCURRENCES

COLUMN 17 PEAK WIND IN M.P.H.

PRELIMINARY LOCAL CLIMATOLOGICAL DATA (WS FORM: F-6) , PAGE 2

                                          STATION:  JEFFERSON CITY
                                          MONTH:    FEBRUARY
                                          YEAR:     2015
                                          LATITUDE:   38 35 N
                                          LONGITUDE:  92 10 W

[TEMPERATURE DATA]      [PRECIPITATION DATA]       SYMBOLS USED IN COLUMN 16

AVERAGE MONTHLY: 27.7   TOTAL FOR MONTH:   0.46    1 = FOG OR MIST
DPTR FM NORMAL:  -8.7   DPTR FM NORMAL:   -1.61    2 = FOG REDUCING VISIBILITY
HIGHEST:    72 ON  7    GRTST 24HR  0.64 ON 31- 1      TO 1/4 MILE OR LESS
LOWEST:      1 ON 19                               3 = THUNDER
                        SNOW, ICE PELLETS, HAIL    4 = ICE PELLETS
                        TOTAL MONTH:   0.0 INCH    5 = HAIL
                        GRTST 24HR     0.0         6 = FREEZING RAIN OR DRIZZLE
                        GRTST DEPTH:   0           7 = DUSTSTORM OR SANDSTORM:
                                                       VSBY 1/2 MILE OR LESS
                                                   8 = SMOKE OR HAZE
[NO. OF DAYS WITH]      [WEATHER - DAYS WITH]      9 = BLOWING SNOW
                                                   X = TORNADO
MAX 32 OR BELOW:  10    0.01 INCH OR MORE:   1
MAX 90 OR ABOVE:   0    0.10 INCH OR MORE:   1
MIN 32 OR BELOW:  25    0.50 INCH OR MORE:   0
MIN  0 OR BELOW:   0    1.00 INCH OR MORE:   0

[HDD (BASE 65) ]
TOTAL THIS MO.   966    CLEAR  (SCALE 0-3)  11
DPTR FM NORMAL   221    PTCLDY (SCALE 4-7)  10
TOTAL FM JUL 1  3852    CLOUDY (SCALE 8-10)  5
DPTR FM NORMAL   240

[CDD (BASE 65) ]
TOTAL THIS MO.     0
DPTR FM NORMAL     0    [PRESSURE DATA]
TOTAL FM JAN 1     0    HIGHEST SLP M ON M
DPTR FM NORMAL     0    LOWEST  SLP 29.65 ON  1

[REMARKS]
