000
CXUS52 TJSJ 280426
CF6JSJ
PRELIMINARY LOCAL CLIMATOLOGICAL DATA (WS FORM: F-6)

                                          STATION:   SAN JUAN AREA/PR
                                          MONTH:     SEPTEMBER
                                          YEAR:      2016
                                          LATITUDE:   18 25 N
                                          LONGITUDE:  66  0 W

  TEMPERATURE IN F:       :PCPN:    SNOW:  WIND      :SUNSHINE: SKY     :PK WND
================================================================================
1   2   3   4   5  6A  6B    7    8   9   10  11  12  13   14  15   16   17  18
                                     12Z  AVG MX 2MIN
DY MAX MIN AVG DEP HDD CDD  WTR  SNW DPTH SPD SPD DIR MIN PSBL S-S WX    SPD DR
================================================================================

 1  89  78  84   0   0  19 0.26  0.0    0  9.3 23  70   M    M   4        28  70
 2  90  77  84   0   0  19 0.19  0.0    0  7.6 22  60   M    M   4        26  90
 3  89  80  85   1   0  20 0.00  0.0    0 12.6 20  80   M    M   5        25  90
 4  89  83  86   2   0  21 0.09  0.0    0 13.6 21  70   M    M   4        25  70
 5  88  75  82  -2   0  17 0.38  0.0    0 13.4 29 100   M    M   6 18     40 100
 6  90  77  84   0   0  19 0.05  0.0    0  8.7 23  90   M    M   4        28  90
 7  88  77  83  -1   0  18 0.04  0.0    0  6.4 21  70   M    M   3        24  70
 8  89  78  84   0   0  19 0.01  0.0    0  8.4 23  60   M    M   4        26  70
 9  89  77  83  -1   0  18 0.19  0.0    0  6.3 20  70   M    M   4        24  60
10  90  79  85   1   0  20 0.16  0.0    0  7.6 20  90   M    M   4        24  80
11  88  76  82  -2   0  17 0.94  0.0    0  6.6 16  80   M    M   4 1      22  60
12  87  75  81  -3   0  16 0.38  0.0    0  6.1 17  70   M    M   6 1      22  80
13  88  78  83  -1   0  18 0.01  0.0    0  6.2 16  50   M    M   4        20  70
14  89  78  84   0   0  19 0.13  0.0    0  6.2 16  60   M    M   4 1      21  70
15  89  79  84   0   0  19    T  0.0    0  7.2 18  70   M    M   4        23  70
16  88  78  83  -1   0  18 0.12  0.0    0  5.8 21  90   M    M   4 1      26  90
17  89  78  84   0   0  19 0.10  0.0    0  6.4 20  80   M    M   4 13     25  70
18  91  77  84   0   0  19 0.07  0.0    0  3.8 15  80   M    M   3 13     17  90
19  89  79  84   1   0  19 0.01  0.0    0  4.1 20  70   M    M   4 3      23  50
20  89  78  84   1   0  19 0.20  0.0    0  4.2 16  60   M    M   5 38     22  70
21  88  77  83   0   0  18 0.12  0.0    0  3.5 20  30   M    M   5 1      26  30
22  88  77  83   0   0  18 0.64  0.0    0  3.4 13  50   M    M   5 13     17  10
23  94  77  86   3   0  21 0.00  0.0    0  4.8 15 320   M    M   3        20 350
24  90  78  84   1   0  19 0.44  0.0    0  5.7 18  70   M    M   4        22  80
25  89  79  84   1   0  19 0.00  0.0    0  6.7 17  50   M    M   4        22  60
26  89  78  84   1   0  19 0.02  0.0    0  7.3 17  60   M    M   4 1      21  80
27  90  79  85   2   0  20    T  0.0    0  9.5 22  80   M    M   5 3      27  70
================================================================================
SM 2406 2102         0 507  4.55     0.0 191.4          M      114
================================================================================
AV 89.1 77.9                               7.1 FASTST   M    M   4    MAX(MPH)
                                 MISC ---->  # 29 100               # 40  100
================================================================================
NOTES:
# LAST OF SEVERAL OCCURRENCES

COLUMN 17 PEAK WIND IN M.P.H.

PRELIMINARY LOCAL CLIMATOLOGICAL DATA (WS FORM: F-6) , PAGE 2

                                          STATION:  SAN JUAN AREA/PR
                                          MONTH:    SEPTEMBER
                                          YEAR:     2016
                                          LATITUDE:   18 25 N
                                          LONGITUDE:  66  0 W

[TEMPERATURE DATA]      [PRECIPITATION DATA]       SYMBOLS USED IN COLUMN 16

AVERAGE MONTHLY: 83.5   TOTAL FOR MONTH:   4.55    1 = FOG OR MIST
DPTR FM NORMAL:  -0.2   DPTR FM NORMAL:   -0.70    2 = FOG REDUCING VISIBILITY
HIGHEST:    94 ON 23    GRTST 24HR  1.07 ON 11-12      TO 1/4 MILE OR LESS
LOWEST:     75 ON 12, 5                            3 = THUNDER
                        SNOW, ICE PELLETS, HAIL    4 = ICE PELLETS
                        TOTAL MONTH:   0.0 INCH    5 = HAIL
                        GRTST 24HR     0.0         6 = FREEZING RAIN OR DRIZZLE
                        GRTST DEPTH:   0           7 = DUSTSTORM OR SANDSTORM:
                                                       VSBY 1/2 MILE OR LESS
                                                   8 = SMOKE OR HAZE
[NO. OF DAYS WITH]      [WEATHER - DAYS WITH]      9 = BLOWING SNOW
                                                   X = TORNADO
MAX 32 OR BELOW:   0    0.01 INCH OR MORE:  22
MAX 90 OR ABOVE:   7    0.10 INCH OR MORE:  14
MIN 32 OR BELOW:   0    0.50 INCH OR MORE:   2
MIN  0 OR BELOW:   0    1.00 INCH OR MORE:   0

[HDD (BASE 65) ]
TOTAL THIS MO.     0    CLEAR  (SCALE 0-3)   0
DPTR FM NORMAL     0    PTCLDY (SCALE 4-7)  27
TOTAL FM JUL 1     0    CLOUDY (SCALE 8-10)  0
DPTR FM NORMAL     0

[CDD (BASE 65) ]
TOTAL THIS MO.   507
DPTR FM NORMAL     6    [PRESSURE DATA]
TOTAL FM JAN 1  4512    HIGHEST SLP M ON M
DPTR FM NORMAL   147    LOWEST  SLP 29.85 ON M

[REMARKS]
