000
CXUS52 TJSJ 210935
CF6JSJ
PRELIMINARY LOCAL CLIMATOLOGICAL DATA (WS FORM: F-6)

                                          STATION:   SAN JUAN/P.R.
                                          MONTH:     OCTOBER
                                          YEAR:      2014
                                          LATITUDE:   18 25 N
                                          LONGITUDE:  66  0 W

  TEMPERATURE IN F:       :PCPN:    SNOW:  WIND      :SUNSHINE: SKY     :PK WND
================================================================================
1   2   3   4   5  6A  6B    7    8   9   10  11  12  13   14  15   16   17  18
                                     12Z  AVG MX 2MIN
DY MAX MIN AVG DEP HDD CDD  WTR  SNW DPTH SPD SPD DIR MIN PSBL S-S WX    SPD DR
================================================================================

 1  91  78  85   2   0  20 0.00  0.0    0  7.3 21  60   M    M   2 8      24  40
 2  91  80  86   3   0  21 0.00  0.0    0  6.8 17  70   M    M   3        25  80
 3  90  80  85   2   0  20 0.00  0.0    0  8.1 20  60   M    M   2 8      23  50
 4  90  78  84   1   0  19 0.00  0.0    0  6.3 17  70   M    M   2        21  40
 5  89  78  84   1   0  19 0.00  0.0    0  7.0 17  50   M    M   2        21  50
 6  90  78  84   1   0  19 0.00  0.0    0  8.3 18  50   M    M   4        23  50
 7  88  81  85   2   0  20 0.00  0.0    0  8.9 15  60   M    M   4        21  50
 8  89  80  85   2   0  20 0.00  0.0    0  5.1 13 360   M    M   4 8      16 360
 9  88  79  84   1   0  19    T  0.0    0  3.6 13 300   M    M   4        15 300
10  89  78  84   1   0  19 0.18  0.0    0  4.6 13  60   M    M   5 13     16  60
11  95  78  87   4   0  22 0.36  0.0    0  3.0 16 290   M    M   4 1      21 250
12  90  78  84   1   0  19 0.07  0.0    0  6.9 22  80   M    M   4        30  80
13  90  76  83   0   0  18 0.22  0.0    0  8.0 24  60   M    M   5 1      30  60
14  88  76  82  -1   0  17 0.86  0.0    0  4.8 15 310   M    M   7 13     23 330
15  94  77  86   3   0  21 0.00  0.0    0  3.8 15 320   M    M   4        24 340
16  91  79  85   2   0  20 0.04  0.0    0  4.2 16  50   M    M   3        22  50
17  89  78  84   1   0  19 0.00  0.0    0  4.2 15  20   M    M   4        18  30
18  89  79  84   1   0  19    T  0.0    0  4.6 15  60   M    M   4        20  60
19  89  79  84   1   0  19 0.00  0.0    0  4.2 14  40   M    M   4        20  30
20  88  79  84   2   0  19 0.14  0.0    0  4.3 18  50   M    M   4        24  50
================================================================================
SM 1798 1569         0 389  1.87     0.0 114.0          M       75
================================================================================
AV 89.9 78.4                               5.7 FASTST   M    M   4    MAX(MPH)
                                 MISC ---->  # 24  60               # 30   80
================================================================================
NOTES:
# LAST OF SEVERAL OCCURRENCES

COLUMN 17 PEAK WIND IN M.P.H.

PRELIMINARY LOCAL CLIMATOLOGICAL DATA (WS FORM: F-6) , PAGE 2

                                          STATION:  SAN JUAN/P.R.
                                          MONTH:    OCTOBER
                                          YEAR:     2014
                                          LATITUDE:   18 25 N
                                          LONGITUDE:  66  0 W

[TEMPERATURE DATA]      [PRECIPITATION DATA]       SYMBOLS USED IN COLUMN 16

AVERAGE MONTHLY: 84.2   TOTAL FOR MONTH:   1.87    1 = FOG OR MIST
DPTR FM NORMAL:   1.2   DPTR FM NORMAL:   -1.49    2 = FOG REDUCING VISIBILITY
HIGHEST:    95 ON 11    GRTST 24HR  1.01 ON 13-14      TO 1/4 MILE OR LESS
LOWEST:     76 ON 14,13                            3 = THUNDER
                        SNOW, ICE PELLETS, HAIL    4 = ICE PELLETS
                        TOTAL MONTH:   0.0 INCH    5 = HAIL
                        GRTST 24HR     0.0         6 = FREEZING RAIN OR DRIZZLE
                        GRTST DEPTH:   0           7 = DUSTSTORM OR SANDSTORM:
                                                       VSBY 1/2 MILE OR LESS
                                                   8 = SMOKE OR HAZE
[NO. OF DAYS WITH]      [WEATHER - DAYS WITH]      9 = BLOWING SNOW
                                                   X = TORNADO
MAX 32 OR BELOW:   0    0.01 INCH OR MORE:   7
MAX 90 OR ABOVE:  10    0.10 INCH OR MORE:   5
MIN 32 OR BELOW:   0    0.50 INCH OR MORE:   1
MIN  0 OR BELOW:   0    1.00 INCH OR MORE:   0

[HDD (BASE 65) ]
TOTAL THIS MO.     0    CLEAR  (SCALE 0-3)   6
DPTR FM NORMAL     0    PTCLDY (SCALE 4-7)  14
TOTAL FM JUL 1     0    CLOUDY (SCALE 8-10)  0
DPTR FM NORMAL     0

[CDD (BASE 65) ]
TOTAL THIS MO.   389
DPTR FM NORMAL    29    [PRESSURE DATA]
TOTAL FM JAN 1  5157    HIGHEST SLP M ON M
DPTR FM NORMAL   385    LOWEST  SLP 29.78 ON M

[REMARKS]
