000
CXUS53 KGID 300730
CF6JYR
PRELIMINARY LOCAL CLIMATOLOGICAL DATA (WS FORM: F-6)

                                          STATION:   YORK
                                          MONTH:     JULY
                                          YEAR:      2014
                                          LATITUDE:   40 54 N
                                          LONGITUDE:  97 37 W

  TEMPERATURE IN F:       :PCPN:    SNOW:  WIND      :SUNSHINE: SKY     :PK WND
================================================================================
1   2   3   4   5  6A  6B    7    8   9   10  11  12  13   14  15   16   17  18
                                     12Z  AVG MX 2MIN
DY MAX MIN AVG DEP HDD CDD  WTR  SNW DPTH SPD SPD DIR MIN PSBL S-S WX    SPD DR
================================================================================

 1  79  55  67   M   0   2 0.00    M    M 14.0 27 310   M    M   1        33 310
 2  72  54  63   M   2   0 0.00    M    M  8.5 16 350   M    M   3        24 350
 3  81  50  66   M   0   1 0.00    M    M  8.0 14 170   M    M   1        20 170
 4  84  63  74   M   0   9 0.00    M    M 14.3 23  40   M    M   2        30 160
 5  90  68  79   M   0  14 0.00    M    M  9.9 17 180   M    M   1 13     27 160
 6  95  64  80   M   0  15 0.00    M    M  5.3 16  20   M    M   3 2      20  20
 7  88  66  77   M   0  12 0.11    M    M  8.1 17  20   M    M   3 3      24  10
 8  81  59  70   M   0   5 0.00    M    M  9.9 17 310   M    M   1        28 320
 9  81  55  68   M   0   3 0.34    M    M  8.0 23 180   M    M   4 3      33 180
10  84  63  74   M   0   9 0.00    M    M 10.9 14 140   M    M   2        21 200
11  88  68  78   M   0  13 0.00    M    M  8.2 13 170   M    M   1        17 170
12  84  68  76   M   0  11 0.00    M    M  8.1 15  20   M    M   1        21 350
13  86  63  75   M   0  10 0.00    M    M  4.1  8 290   M    M   1 1       M  M
14  73  54  64   M   1   0 0.31    M    M  9.4 22 360   M    M   3 3      31 350
15  72  50  61   M   4   0 0.00    M    M  7.3 15 360   M    M   1        21 360
16  73  48  61   M   4   0 0.00    M    M  2.7  7 140   M    M   1         M  M
17  77  52  65   M   0   0 0.00    M    M  5.2 12 160   M    M   4         M  M
18  75  55  65   M   0   0 0.00    M    M  9.9 17 180   M    M   5 1      23 190
19  81  59  70   M   0   5 0.00    M    M  9.1 20 180   M    M   2 1      24 180
20  90  64  77   M   0  12 0.00    M    M 13.0 17 170   M    M   2        23 170
21  97  73  85   M   0  20 0.00  0.0    0 11.2 15 180   M    M   0        21 180
22  90  68  79   M   0  14 0.00    M    M 11.6 18  10   M    M   0        25  10
23  82  61  72   M   0   7 0.00    M    M  7.0 13  40   M    M   1         M  M
24  86  61  74   M   0   9    T    M    M 14.0 23 130   M    M   0 3      31 130
25  91  72  82   M   0  17 0.00    M    M  8.6 16  10   M    M   0 1      22  10
26  90  72  81   M   0  16 0.00    M    M  6.5 24  50   M    M   3 12     30  50
27  82  59  71   M   0   6 0.00    M    M  8.2 15  10   M    M   0 1      22  10
28  75  55  65   M   0   0 0.00    M    M  7.1 13  10   M    M   1        17  10
29  77  57  67   M   0   2 0.00    M    M  3.7 10  30   M    M   3         M  M
================================================================================
SM 2404 1756        11 212  0.76     0.0 251.8          M       50
================================================================================
AV 82.9 60.6                               8.7 FASTST   M    M   2    MAX(MPH)
                                 MISC ---->  # 27 310                 33    M
================================================================================
NOTES:
# LAST OF SEVERAL OCCURRENCES

COLUMN 17 PEAK WIND IN M.P.H.

PRELIMINARY LOCAL CLIMATOLOGICAL DATA (WS FORM: F-6) , PAGE 2

                                          STATION:  YORK
                                          MONTH:    JULY
                                          YEAR:     2014
                                          LATITUDE:   40 54 N
                                          LONGITUDE:  97 37 W

[TEMPERATURE DATA]      [PRECIPITATION DATA]       SYMBOLS USED IN COLUMN 16

AVERAGE MONTHLY: 71.7   TOTAL FOR MONTH:   0.76    1 = FOG OR MIST
DPTR FM NORMAL:     M   DPTR FM NORMAL:       M    2 = FOG REDUCING VISIBILITY
HIGHEST:    97 ON 21    GRTST 24HR  0.34 ON  9- 9      TO 1/4 MILE OR LESS
LOWEST:     48 ON 16                               3 = THUNDER
                        SNOW, ICE PELLETS, HAIL    4 = ICE PELLETS
                        TOTAL MONTH:   0.0 INCH    5 = HAIL
                        GRTST 24HR     0.0         6 = FREEZING RAIN OR DRIZZLE
                        GRTST DEPTH:   0           7 = DUSTSTORM OR SANDSTORM:
                                                       VSBY 1/2 MILE OR LESS
                                                   8 = SMOKE OR HAZE
[NO. OF DAYS WITH]      [WEATHER - DAYS WITH]      9 = BLOWING SNOW
                                                   X = TORNADO
MAX 32 OR BELOW:   0    0.01 INCH OR MORE:   3
MAX 90 OR ABOVE:   7    0.10 INCH OR MORE:   3
MIN 32 OR BELOW:   0    0.50 INCH OR MORE:   0
MIN  0 OR BELOW:   0    1.00 INCH OR MORE:   0

[HDD (BASE 65) ]
TOTAL THIS MO.    11    CLEAR  (SCALE 0-3)  22
DPTR FM NORMAL     M    PTCLDY (SCALE 4-7)   7
TOTAL FM JUL 1    11    CLOUDY (SCALE 8-10)  0
DPTR FM NORMAL     M

[CDD (BASE 65) ]
TOTAL THIS MO.   212
DPTR FM NORMAL     M    [PRESSURE DATA]
TOTAL FM JAN 1   528    HIGHEST SLP M ON M
DPTR FM NORMAL     M    LOWEST  SLP M ON M

[REMARKS]
