968
CXUS55 KPUB 281059
CF6LAA
PRELIMINARY LOCAL CLIMATOLOGICAL DATA (WS FORM: F-6)

                                          STATION:   LAMAR CO
                                          MONTH:     APRIL
                                          YEAR:      2016
                                          LATITUDE:   38  4 N
                                          LONGITUDE: 102 41 W

  TEMPERATURE IN F:       :PCPN:    SNOW:  WIND      :SUNSHINE: SKY     :PK WND
================================================================================
1   2   3   4   5  6A  6B    7    8   9   10  11  12  13   14  15   16   17  18
                                     12Z  AVG MX 2MIN
DY MAX MIN AVG DEP HDD CDD  WTR  SNW DPTH SPD SPD DIR MIN PSBL S-S WX    SPD DR
================================================================================

 1  57  16  37 -11  28   0 0.00  0.0    0 12.5 29 340   M    M   1        40 340
 2  71  21  46  -2  19   0 0.00  0.0    0  9.6 24 260   M    M   2        28 260
 3  80  30  55   7  10   0 0.00  0.0    0  7.6 18 360   M    M   0        23 340
 4  82  30  56   7   9   0 0.00  0.0    0 12.9 32 170   M    M   0        41 170
 5  86  42  64  15   1   0 0.00  0.0    0 17.7 45  10   M    M   2        61 360
 6  75  27  51   2  14   0 0.00  0.0    0  7.0 17 270   M    M   0        22 280
 7  72  32  52   2  13   0 0.00  0.0    0  6.6 18  10   M    M   2        25  40
 8  74  31  53   3  12   0 0.00  0.0    0  6.0 12  20   M    M   1        16 270
 9  81  31  56   6   9   0 0.00  0.0    0  4.9 20 240   M    M   0        26 240
10  77  42  60  10   5   0 0.00  0.0    0 10.4 25  90   M    M   1        33  70
11  50  40  45  -6  20   0 0.44  0.0    0  7.0 23  80   M    M  10 1      28  80
12  70  36  53   2  12   0 0.00  0.0    0 11.5 28 170   M    M   2        35 160
13  76  34  55   4  10   0 0.00  0.0    0  6.2 13  90   M    M   0        16  40
14  86  37  62  10   3   0 0.00  0.0    0 13.4 37 170   M    M   1 1      49 170
15  77  48  63  11   2   0 0.12  0.0    0 21.7 46 150   M    M   3 1      59 160
16  51  36  44  -8  21   0 0.41    M    M 16.1 36  10   M    M   9 1      45  10
17  55  36  46  -7  19   0 0.00  0.0    0 13.5 23 350   M    M   7        27  10
18  58  31  45  -8  20   0 0.06  0.0    0  6.8 15  10   M    M   7 1      23  30
19  54  36  45  -8  20   0 0.26  0.0    0  3.4  9 160   M    M   7 1      11 160
20  68  33  51  -3  14   0    T  0.0    0  5.7 35 360   M    M   6 12     45  10
21  73  36  55   1  10   0 0.00  0.0    0  7.7 20 340   M    M   0        27 340
22  85  35  60   6   5   0 0.00  0.0    0 13.4 32 200   M    M   0        42 190
23  87  51  69  15   0   4    T  0.0    0 13.0 36 180   M    M   1        48 180
24  80  43  62   7   3   0 0.00  0.0    0  8.4 21  50   M    M   0        31  40
25  76  37  57   2   8   0 0.00  0.0    0 11.7 28 140   M    M   0        35 140
26  73  47  60   4   5   0 0.00  0.0    0 16.2 33 230   M    M   1        44 360
27  66  38  52  -4  13   0 0.00  0.0    0 11.4 28  10   M    M   2        33  10
================================================================================
SM 1940  956       305   4  1.29     0.0 282.3          M       65
================================================================================
AV 71.9 35.4                              10.5 FASTST   M    M   2    MAX(MPH)
                                 MISC ---->  # 46 150               # 61  360
================================================================================
NOTES:
# LAST OF SEVERAL OCCURRENCES

COLUMN 17 PEAK WIND IN M.P.H.

PRELIMINARY LOCAL CLIMATOLOGICAL DATA (WS FORM: F-6) , PAGE 2

                                          STATION:  LAMAR CO
                                          MONTH:    APRIL
                                          YEAR:     2016
                                          LATITUDE:   38  4 N
                                          LONGITUDE: 102 41 W

[TEMPERATURE DATA]      [PRECIPITATION DATA]       SYMBOLS USED IN COLUMN 16

AVERAGE MONTHLY: 53.6   TOTAL FOR MONTH:   1.29    1 = FOG OR MIST
DPTR FM NORMAL:   1.9   DPTR FM NORMAL:    0.13    2 = FOG REDUCING VISIBILITY
HIGHEST:    87 ON 23    GRTST 24HR  0.45 ON 15-16      TO 1/4 MILE OR LESS
LOWEST:     16 ON  1                               3 = THUNDER
                        SNOW, ICE PELLETS, HAIL    4 = ICE PELLETS
                        TOTAL MONTH:   0.0 INCH    5 = HAIL
                        GRTST 24HR     0.0         6 = FREEZING RAIN OR DRIZZLE
                        GRTST DEPTH:   0           7 = DUSTSTORM OR SANDSTORM:
                                                       VSBY 1/2 MILE OR LESS
                                                   8 = SMOKE OR HAZE
[NO. OF DAYS WITH]      [WEATHER - DAYS WITH]      9 = BLOWING SNOW
                                                   X = TORNADO
MAX 32 OR BELOW:   0    0.01 INCH OR MORE:   5
MAX 90 OR ABOVE:   0    0.10 INCH OR MORE:   4
MIN 32 OR BELOW:   9    0.50 INCH OR MORE:   0
MIN  0 OR BELOW:   0    1.00 INCH OR MORE:   0

[HDD (BASE 65) ]
TOTAL THIS MO.   305    CLEAR  (SCALE 0-3)  21
DPTR FM NORMAL   -59    PTCLDY (SCALE 4-7)   4
TOTAL FM JUL 1  4491    CLOUDY (SCALE 8-10)  2
DPTR FM NORMAL  -882

[CDD (BASE 65) ]
TOTAL THIS MO.     4
DPTR FM NORMAL     4    [PRESSURE DATA]
TOTAL FM JAN 1     6    HIGHEST SLP M ON M
DPTR FM NORMAL     6    LOWEST  SLP 29.48 ON 15

[REMARKS]
