000
CXUS55 KPUB 271059
CF6LAA
PRELIMINARY LOCAL CLIMATOLOGICAL DATA (WS FORM: F-6)

                                          STATION:   LAMAR CO
                                          MONTH:     MARCH
                                          YEAR:      2015
                                          LATITUDE:   38  4 N
                                          LONGITUDE: 102 41 W

  TEMPERATURE IN F:       :PCPN:    SNOW:  WIND      :SUNSHINE: SKY     :PK WND
================================================================================
1   2   3   4   5  6A  6B    7    8   9   10  11  12  13   14  15   16   17  18
                                     12Z  AVG MX 2MIN
DY MAX MIN AVG DEP HDD CDD  WTR  SNW DPTH SPD SPD DIR MIN PSBL S-S WX    SPD DR
================================================================================

 1  31  15  23 -15  42   0 0.00  0.0    M  4.3 10  30   M    M   7 18     13  20
 2  43  24  34  -4  31   0 0.00  0.0    M 10.0 21 170   M    M   4 18     26 160
 3  49  26  38   0  27   0 0.00  0.0    M 14.8 32 240   M    M   6 8      42 240
 4  27  14  21 -17  44   0    T    M    M  9.9 21  60   M    M   8 18     26  60
 5  49  11  30  -9  35   0 0.00  0.0    M  7.9 16 270   M    M   0        21 190
 6  62  19  41   2  24   0 0.00  0.0    0  6.1 16 210   M    M   0        21 210
 7  64  23  44   4  21   0 0.00  0.0    0  6.8 17 170   M    M   0        24 140
 8  64  28  46   6  19   0 0.00  0.0    0  8.3 20  40   M    M   0        25  40
 9  65  22  44   4  21   0 0.00  0.0    0  4.4 12 150   M    M   1        15 150
10  70  27  49   9  16   0 0.00  0.0    0  7.0 15 330   M    M   0        19 290
11  73  25  49   8  16   0 0.00  0.0    0  7.7 16 170   M    M   0        20 160
12  74  32  53  12  12   0 0.00  0.0    0  5.9 14 160   M    M   0        17 160
13  70  40  55  13  10   0 0.00  0.0    0 12.7 30  30   M    M   3        39  20
14  65  30  48   6  17   0 0.00  0.0    0  6.5 16 170   M    M   1        21 170
15  82  27  55  13  10   0 0.00  0.0    0  8.8 20 180   M    M   0        24 180
16  89  30  60  17   5   0 0.00  0.0    0 11.6 30  60   M    M   1 8      40  40
17  51  36  44   1  21   0 0.00  0.0    M 10.6 26  50   M    M   3        33  40
18  66  29  48   5  17   0 0.00  0.0    0  7.8 18 120   M    M   0        24 110
19  47  35  41  -3  24   0 0.15  0.0    0  7.0 17  10   M    M   8 18     21  20
20  67  31  49   5  16   0 0.00  0.0    0  5.7 13 260   M    M   0 1      16 240
21  71  28  50   6  15   0 0.00  0.0    0  5.7 15 160   M    M   0        19 150
22  81  31  56  11   9   0 0.00  0.0    0  7.7 20 280   M    M   0 1      23 340
23  64  29  47   2  18   0 0.00  0.0    0  6.6 22 350   M    M   1        30 340
24  71  33  52   7  13   0 0.00  0.0    0  8.4 28 160   M    M   2 1      41 160
25  54  27  41  -5  24   0 0.04    M    0 14.4 30 360   M    M   4 1      37 360
26  66  25  46   0  19   0 0.00  0.0    0  8.8 20 300   M    M   2        25 310
================================================================================
SM 1615  697       526   0  0.19     0.0 215.4          M       51
================================================================================
AV 62.1 26.8                               8.3 FASTST   M    M   2    MAX(MPH)
                                 MISC ---->  # 32 240               # 42  240
================================================================================
NOTES:
# LAST OF SEVERAL OCCURRENCES

COLUMN 17 PEAK WIND IN M.P.H.

PRELIMINARY LOCAL CLIMATOLOGICAL DATA (WS FORM: F-6) , PAGE 2

                                          STATION:  LAMAR CO
                                          MONTH:    MARCH
                                          YEAR:     2015
                                          LATITUDE:   38  4 N
                                          LONGITUDE: 102 41 W

[TEMPERATURE DATA]      [PRECIPITATION DATA]       SYMBOLS USED IN COLUMN 16

AVERAGE MONTHLY: 44.5   TOTAL FOR MONTH:   0.19    1 = FOG OR MIST
DPTR FM NORMAL:   2.7   DPTR FM NORMAL:   -0.50    2 = FOG REDUCING VISIBILITY
HIGHEST:    89 ON 16    GRTST 24HR  0.15 ON 19-19      TO 1/4 MILE OR LESS
LOWEST:     11 ON  5                               3 = THUNDER
                        SNOW, ICE PELLETS, HAIL    4 = ICE PELLETS
                        TOTAL MONTH:   0.0 INCH    5 = HAIL
                        GRTST 24HR     0.0         6 = FREEZING RAIN OR DRIZZLE
                        GRTST DEPTH:   0           7 = DUSTSTORM OR SANDSTORM:
                                                       VSBY 1/2 MILE OR LESS
                                                   8 = SMOKE OR HAZE
[NO. OF DAYS WITH]      [WEATHER - DAYS WITH]      9 = BLOWING SNOW
                                                   X = TORNADO
MAX 32 OR BELOW:   2    0.01 INCH OR MORE:   2
MAX 90 OR ABOVE:   0    0.10 INCH OR MORE:   1
MIN 32 OR BELOW:  22    0.50 INCH OR MORE:   0
MIN  0 OR BELOW:   0    1.00 INCH OR MORE:   0

[HDD (BASE 65) ]
TOTAL THIS MO.   526    CLEAR  (SCALE 0-3)  19
DPTR FM NORMAL   -79    PTCLDY (SCALE 4-7)   7
TOTAL FM JUL 1  4582    CLOUDY (SCALE 8-10)  0
DPTR FM NORMAL  -334

[CDD (BASE 65) ]
TOTAL THIS MO.     0
DPTR FM NORMAL     0    [PRESSURE DATA]
TOTAL FM JAN 1     0    HIGHEST SLP M ON M
DPTR FM NORMAL     0    LOWEST  SLP 29.66 ON  2

[REMARKS]
