000
CXUS55 KPUB 291059
CF6LAA
PRELIMINARY LOCAL CLIMATOLOGICAL DATA (WS FORM: F-6)

                                          STATION:   LAMAR CO
                                          MONTH:     JUNE
                                          YEAR:      2015
                                          LATITUDE:   38  4 N
                                          LONGITUDE: 102 41 W

  TEMPERATURE IN F:       :PCPN:    SNOW:  WIND      :SUNSHINE: SKY     :PK WND
================================================================================
1   2   3   4   5  6A  6B    7    8   9   10  11  12  13   14  15   16   17  18
                                     12Z  AVG MX 2MIN
DY MAX MIN AVG DEP HDD CDD  WTR  SNW DPTH SPD SPD DIR MIN PSBL S-S WX    SPD DR
================================================================================

 1  90  51  71   4   0   6 0.00  0.0    0  8.8 25 130   M    M   0        32 140
 2  93  54  74   6   0   9 0.00  0.0    0  7.2 26 190   M    M   0        34 180
 3  81  51  66  -2   0   1 0.00  0.0    0 10.3 17  60   M    M   2        23  50
 4  89  59  74   6   0   9 0.00  0.0    0  6.7 29 190   M    M   3 18     40 190
 5  92  59  76   7   0  11 0.52  0.0    0 13.0 31 180   M    M   2 18     41 170
 6  89  62  76   7   0  11 0.00  0.0    0  8.7 28 210   M    M   1        34 220
 7  85  58  72   3   0   7    T  0.0    0  9.9 32 360   M    M   2 3      41 360
 8  86  53  70   0   0   5 0.00  0.0    0  5.5 13 160   M    M   0        15 320
 9  92  54  73   3   0   8 0.00  0.0    0  5.5 14 160   M    M   0 1      17 170
10  92  60  76   6   0  11 0.02  0.0    0  6.7 37 280   M    M   0 8      53 270
11  86  56  71   1   0   6 0.63  0.0    0  9.0 43 350   M    M   3 18     56 330
12  72  59  66  -5   0   1 0.05  0.0    0  6.3 16 150   M    M   6 1      20 160
13  86  57  72   1   0   7 0.00  0.0    0  5.5 18 150   M    M   1 1      23 150
14  80  59  70  -1   0   5 0.00  0.0    0  7.4 23 120   M    M   1 1      27 120
15  85  54  70  -2   0   5 0.00  0.0    0  4.9 16  80   M    M   1 1      20  80
16  88  59  74   2   0   9 0.00  0.0    0 12.1 23 200   M    M   0        32 210
17  91  61  76   4   0  11    T  0.0    0  6.1 22 310   M    M   0        27 320
18  95  60  78   6   0  13 0.00  0.0    0  8.5 32 100   M    M   0        42 110
19  99  61  80   7   0  15 0.00  0.0    0  9.9 21 180   M    M   0 18     27 190
20  97  60  79   6   0  14 0.00  0.0    0  9.9 20  20   M    M   0        26  50
21 101  61  81   8   0  16 0.00  0.0    0  9.5 28 200   M    M   2 1      37 200
22  94  69  82   8   0  17 0.00  0.0    0 14.5 28 210   M    M   0 8      39 210
23 100  63  82   8   0  17 0.00  0.0    0  9.9 26 200   M    M   1 8      34 200
24 102  68  85  11   0  20 0.00  0.0    0 12.3 25 340   M    M   1 8      34 340
25  97  62  80   6   0  15 1.15  0.0    0  9.1 45 320   M    M   1 18     55 290
26  84  62  73  -1   0   8    T  0.0    0 10.0 29  40   M    M   4        36  40
27  90  57  74  -1   0   9 0.00  0.0    0  4.8 13 160   M    M   0 18     19 140
28  95  57  76   1   0  11 0.01  0.0    0  7.1 29 310   M    M   0 13     38 310
================================================================================
SM 2531 1646         0 277  2.38     0.0 239.1          M       31
================================================================================
AV 90.4 58.8                               8.5 FASTST   M    M   1    MAX(MPH)
                                 MISC ---->  # 45 320               # 56  330
================================================================================
NOTES:
# LAST OF SEVERAL OCCURRENCES

COLUMN 17 PEAK WIND IN M.P.H.

PRELIMINARY LOCAL CLIMATOLOGICAL DATA (WS FORM: F-6) , PAGE 2

                                          STATION:  LAMAR CO
                                          MONTH:    JUNE
                                          YEAR:     2015
                                          LATITUDE:   38  4 N
                                          LONGITUDE: 102 41 W

[TEMPERATURE DATA]      [PRECIPITATION DATA]       SYMBOLS USED IN COLUMN 16

AVERAGE MONTHLY: 74.6   TOTAL FOR MONTH:   2.38    1 = FOG OR MIST
DPTR FM NORMAL:   3.2   DPTR FM NORMAL:    0.18    2 = FOG REDUCING VISIBILITY
HIGHEST:   102 ON 24    GRTST 24HR  1.15 ON 24-25      TO 1/4 MILE OR LESS
LOWEST:     51 ON  3, 1                            3 = THUNDER
                        SNOW, ICE PELLETS, HAIL    4 = ICE PELLETS
                        TOTAL MONTH:   0.0 INCH    5 = HAIL
                        GRTST 24HR     0.0         6 = FREEZING RAIN OR DRIZZLE
                        GRTST DEPTH:   0           7 = DUSTSTORM OR SANDSTORM:
                                                       VSBY 1/2 MILE OR LESS
                                                   8 = SMOKE OR HAZE
[NO. OF DAYS WITH]      [WEATHER - DAYS WITH]      9 = BLOWING SNOW
                                                   X = TORNADO
MAX 32 OR BELOW:   0    0.01 INCH OR MORE:   6
MAX 90 OR ABOVE:  16    0.10 INCH OR MORE:   3
MIN 32 OR BELOW:   0    0.50 INCH OR MORE:   3
MIN  0 OR BELOW:   0    1.00 INCH OR MORE:   1

[HDD (BASE 65) ]
TOTAL THIS MO.     0    CLEAR  (SCALE 0-3)  26
DPTR FM NORMAL   -19    PTCLDY (SCALE 4-7)   2
TOTAL FM JUL 1  5108    CLOUDY (SCALE 8-10)  0
DPTR FM NORMAL  -451

[CDD (BASE 65) ]
TOTAL THIS MO.   277
DPTR FM NORMAL    78    [PRESSURE DATA]
TOTAL FM JAN 1   288    HIGHEST SLP M ON M
DPTR FM NORMAL    29    LOWEST  SLP 29.65 ON 11

[REMARKS]
