000
CXUS55 KTBW 011210
CF6LAL
PRELIMINARY LOCAL CLIMATOLOGICAL DATA (WS FORM: F-6)

                                          STATION:   Lakeland Linder
                                          MONTH:     AUGUST
                                          YEAR:      2015
                                          LATITUDE:   28  0 N
                                          LONGITUDE:  82  3 W

  TEMPERATURE IN F:       :PCPN:    SNOW:  WIND      :SUNSHINE: SKY     :PK WND
================================================================================
1   2   3   4   5  6A  6B    7    8   9   10  11  12  13   14  15   16   17  18
                                     12Z  AVG MX 2MIN
DY MAX MIN AVG DEP HDD CDD  WTR  SNW DPTH SPD SPD DIR MIN PSBL S-S WX    SPD DR
================================================================================

 1  88  74  81  -3   0  16 0.85  0.0    0  7.0 15 220   M    M   9 1      23 250
 2  80  72  76  -8   0  11 0.89  0.0    0  6.0 14 290   M    M   7 3      21 290
 3  83  72  78  -6   0  13 0.94  0.0    0  7.4 14 250   M    M   6 13     20 250
 4  93  73  83  -1   0  18 0.00  0.0    0  4.6 12 300   M    M   3        18 300
 5  95  76  86   2   0  21 0.00  0.0    0  1.7 13 170   M    M   3 1      22 170
 6  94  75  85   1   0  20 0.00  0.0    0  3.2 17 220   M    M   2        23 220
 7  91  76  84   0   0  19 0.15  0.0    0  5.4 18 310   M    M   3 3      32 310
 8  88  75  82  -2   0  17 0.06  0.0    0  4.5 12 310   M    M   5        16 250
 9  96  74  85   1   0  20 0.02  0.0    0  2.2 15 110   M    M   4 13     20 110
10  94  75  85   1   0  20 0.12  0.0    0  3.6 13  60   M    M   4 1       M  M
11  95  76  86   2   0  21 0.34  0.0    0  3.7 10 230   M    M   3 3       M  M
12  94  77  86   2   0  21    T  0.0    0  3.8 16 280   M    M   4 1       M  M
13  93  73  83  -1   0  18 0.40  0.0    0  4.7 20 330   M    M   4        35 330
14  90  72  81  -3   0  16 0.00  0.0    0  4.0 21 160   M    M   3        35 160
15  91  72  82  -2   0  17 0.00  0.0    0  3.0 14 110   M    M   5        20 270
16  93  72  83  -1   0  18 2.22  0.0    0  5.5 20 240   M    M   5 3      30 240
17  94  75  85   1   0  20 0.98  0.0    0  3.3 15 110   M    M   5 3       M  M
18  95  77  86   2   0  21 0.14  0.0    0  1.7 15 300   M    M   5 3      21 300
19  96  76  86   2   0  21 0.13  0.0    0  3.3 15 150   M    M   3 3      23 150
20  95  74  85   1   0  20 1.00  0.0    0  3.6 13 220   M    M   2 3      18 220
21  92  75  84   0   0  19 0.00  0.0    0  1.3  7 290   M    M   2         M  M
22  95  76  86   2   0  21 0.00  0.0    0  1.8 23  60   M    M   3        31  60
23  96  76  86   2   0  21 0.10  0.0    0  2.2  7 340   M    M   3 3       M  M
24  95  76  86   2   0  21 2.85  0.0    0  3.6 14  30   M    M   3 13      M  M
25  96  78  87   3   0  22 0.08  0.0    0  2.5  6 180   M    M   3 3       M  M
26  95  77  86   2   0  21 0.12  0.0    0  3.2 14 150   M    M   4 3      21 150
27  86  75  81  -3   0  16 0.10  0.0    0  2.5 10 190   M    M   4 1       M  M
28  90  73  82  -2   0  17 0.10  0.0    0  3.5 13 170   M    M   3 3      17 170
29  92  73  83  -1   0  18 0.35  0.0    0  5.4 14  70   M    M   6 13      M  M
30  90  74  82  -1   0  17 0.27  0.0    0  5.2  9 110   M    M   6 3       M  M
31  88  75  82  -1   0  17 0.02  0.0    0  3.7  9 170   M    M   6         M  M
================================================================================
SM 2853 2314         0 578 12.23     0.0 117.1          M      128
================================================================================
AV 92.0 74.6                               3.8 FASTST   M    M   4    MAX(MPH)
                                 MISC ---->  # 23  60               # 35  330
================================================================================
NOTES:
# LAST OF SEVERAL OCCURRENCES

COLUMN 17 PEAK WIND IN M.P.H.

PRELIMINARY LOCAL CLIMATOLOGICAL DATA (WS FORM: F-6) , PAGE 2

                                          STATION:  Lakeland Linder
                                          MONTH:    AUGUST
                                          YEAR:     2015
                                          LATITUDE:   28  0 N
                                          LONGITUDE:  82  3 W

[TEMPERATURE DATA]      [PRECIPITATION DATA]       SYMBOLS USED IN COLUMN 16

AVERAGE MONTHLY: 83.3   TOTAL FOR MONTH:  12.23    1 = FOG OR MIST
DPTR FM NORMAL:   1.0   DPTR FM NORMAL:    3.73    2 = FOG REDUCING VISIBILITY
HIGHEST:    96 ON 25,23 GRTST 24HR  2.85 ON 24-24      TO 1/4 MILE OR LESS
LOWEST:     72 ON 16,15                            3 = THUNDER
                        SNOW, ICE PELLETS, HAIL    4 = ICE PELLETS
                        TOTAL MONTH:   0.0 INCH    5 = HAIL
                        GRTST 24HR     0.0         6 = FREEZING RAIN OR DRIZZLE
                        GRTST DEPTH:   0           7 = DUSTSTORM OR SANDSTORM:
                                                       VSBY 1/2 MILE OR LESS
                                                   8 = SMOKE OR HAZE
[NO. OF DAYS WITH]      [WEATHER - DAYS WITH]      9 = BLOWING SNOW
                                                   X = TORNADO
MAX 32 OR BELOW:   0    0.01 INCH OR MORE:  23
MAX 90 OR ABOVE:  25    0.10 INCH OR MORE:  19
MIN 32 OR BELOW:   0    0.50 INCH OR MORE:   7
MIN  0 OR BELOW:   0    1.00 INCH OR MORE:   3

[HDD (BASE 65) ]
TOTAL THIS MO.     0    CLEAR  (SCALE 0-3)  11
DPTR FM NORMAL     0    PTCLDY (SCALE 4-7)  19
TOTAL FM JUL 1     0    CLOUDY (SCALE 8-10)  1
DPTR FM NORMAL     0

[CDD (BASE 65) ]
TOTAL THIS MO.   578
DPTR FM NORMAL     0    [PRESSURE DATA]
TOTAL FM JAN 1  2861    HIGHEST SLP M ON M
DPTR FM NORMAL   247    LOWEST  SLP M ON M

[REMARKS]
#FINAL-08-15#
