000
CXUS55 KCYS 301000
CF6LAR
PRELIMINARY LOCAL CLIMATOLOGICAL DATA (WS FORM: F-6)

                                          STATION:   LARAMIE WYOMING AIRPORT
                                          MONTH:     MAY
                                          YEAR:      2015
                                          LATITUDE:   41 18 N
                                          LONGITUDE: 105 40 W

  TEMPERATURE IN F:       :PCPN:    SNOW:  WIND      :SUNSHINE: SKY     :PK WND
================================================================================
1   2   3   4   5  6A  6B    7    8   9   10  11  12  13   14  15   16   17  18
                                     12Z  AVG MX 2MIN
DY MAX MIN AVG DEP HDD CDD  WTR  SNW DPTH SPD SPD DIR MIN PSBL S-S WX    SPD DR
================================================================================

 1  64  37  51   8  14   0 0.00    M    M 10.1 24 160   M    M   2 3      28 160
 2  67  37  52   9  13   0    T    M    M 15.6 43 270   M    M   3        53 270
 3  62  41  52   9  13   0 0.02    M    M  9.6 28 300   M    M   4 3      35 300
 4  55  42  49   5  16   0    T    M    M 17.7 28 140   M    M   8        33 140
 5  56  39  48   4  17   0 0.00    M    M 18.9 32 140   M    M   4 1      38 140
 6  56  39  48   4  17   0 0.70    M    M  9.2 21 360   M    M   7 13     25 350
 7  53  35  44  -1  21   0 0.46    M    M  8.5 21 160   M    M   7 13     28 150
 8  50  37  44  -1  21   0 0.13    M    M 19.0 29 150   M    M   7 1      34 150
 9  38  23  31 -14  34   0 0.59    M    M 11.4 22  90   M    M  10 1      26  90
10  32  22  27 -19  38   0 0.06    M    M 16.9 29 320   M    M   9 1      35 320
11  51  21  36 -10  29   0 0.00    M    M 12.3 26 150   M    M   2        33 150
12  66  30  48   2  17   0    T    M    M 12.5 28 200   M    M   3        31 200
13  50  37  44  -3  21   0 0.14    M    M  5.2 18 230   M    M   7 1      22 230
14  64  33  49   2  16   0    T    M    M  9.8 30 160   M    M   2        35 170
15  58  37  48   1  17   0 0.09    M    M 11.4 33 190   M    M   4 13     41 140
16  55  30  43  -5  22   0 0.01    M    M  8.9 21 250   M    M   3 3      25 220
17  53  34  44  -4  21   0    T    M    M 12.0 30 350   M    M   8        37 360
18  48  37  43  -5  22   0 0.11    M    M 14.3 25 150   M    M  10 1      32 150
19  42  30  36 -13  29   0 0.02    M    M 21.9 35 140   M    M   9 1      42 140
20  44  30  37 -12  28   0 0.01    M    M 11.1 24 150   M    M   9        28 150
21  61  32  47  -2  18   0 0.09    M    M 14.4 28 160   M    M   6 13     34 160
22  50  38  44  -6  21   0 0.14    M    M 14.3 24 150   M    M   8 3      30 160
23  57  37  47  -3  18   0 0.07    M    M 13.1 30 140   M    M   5        35 140
24  54  36  45  -5  20   0    T    M    M  7.3 24 350   M    M   7 3      28 340
25  57  37  47  -3  18   0 0.05    M    M  8.4 26 330   M    M   8 1      36 330
26  62  35  49  -2  16   0    T    M    M  7.0 24 220   M    M   5        27 230
27  65  44  55   4  10   0 0.01    M    M 10.6 23 230   M    M   4        28 230
28  64  41  53   2  12   0    T    M    M 11.6 36 270   M    M   4        44 260
29  55  36  46  -6  19   0    T    M    M  9.7 24 350   M    M   7        30 320
================================================================================
SM 1589 1007       578   0  2.70    M    352.7          M      172
================================================================================
AV 54.8 34.7                              12.2 FASTST   M    M   6    MAX(MPH)
                                 MISC ---->  # 43 270               # 53  270
================================================================================
NOTES:
# LAST OF SEVERAL OCCURRENCES

COLUMN 17 PEAK WIND IN M.P.H.

PRELIMINARY LOCAL CLIMATOLOGICAL DATA (WS FORM: F-6) , PAGE 2

                                          STATION:  LARAMIE WYOMING AIRPORT
                                          MONTH:    MAY
                                          YEAR:     2015
                                          LATITUDE:   41 18 N
                                          LONGITUDE: 105 40 W

[TEMPERATURE DATA]      [PRECIPITATION DATA]       SYMBOLS USED IN COLUMN 16

AVERAGE MONTHLY: 44.8   TOTAL FOR MONTH:   2.70    1 = FOG OR MIST
DPTR FM NORMAL:  -2.5   DPTR FM NORMAL:    1.14    2 = FOG REDUCING VISIBILITY
HIGHEST:    67 ON  2    GRTST 24HR  0.98 ON  6- 7      TO 1/4 MILE OR LESS
LOWEST:     21 ON 11                               3 = THUNDER
                        SNOW, ICE PELLETS, HAIL    4 = ICE PELLETS
                        TOTAL MONTH:    M          5 = HAIL
                        GRTST 24HR    M  ON   M    6 = FREEZING RAIN OR DRIZZLE
                        GRTST DEPTH:  M  ON   M    7 = DUSTSTORM OR SANDSTORM:
                                                       VSBY 1/2 MILE OR LESS
                                                   8 = SMOKE OR HAZE
[NO. OF DAYS WITH]      [WEATHER - DAYS WITH]      9 = BLOWING SNOW
                                                   X = TORNADO
MAX 32 OR BELOW:   1    0.01 INCH OR MORE:  17
MAX 90 OR ABOVE:   0    0.10 INCH OR MORE:   7
MIN 32 OR BELOW:   8    0.50 INCH OR MORE:   2
MIN  0 OR BELOW:   0    1.00 INCH OR MORE:   0

[HDD (BASE 65) ]
TOTAL THIS MO.   578    CLEAR  (SCALE 0-3)   5
DPTR FM NORMAL    64    PTCLDY (SCALE 4-7)  19
TOTAL FM JUL 1  7917    CLOUDY (SCALE 8-10)  5
DPTR FM NORMAL  -646

[CDD (BASE 65) ]
TOTAL THIS MO.     0
DPTR FM NORMAL     0    [PRESSURE DATA]
TOTAL FM JAN 1     0    HIGHEST SLP M ON M
DPTR FM NORMAL     0    LOWEST  SLP 29.52 ON M

[REMARKS]
