000
CXUS54 KLCH 272311
CF6LCH
PRELIMINARY LOCAL CLIMATOLOGICAL DATA (WS FORM: F-6)

                                          STATION:   LAKE CHARLES
                                          MONTH:     AUGUST
                                          YEAR:      2014
                                          LATITUDE:   30  7 N
                                          LONGITUDE:  93 13 W

  TEMPERATURE IN F:       :PCPN:    SNOW:  WIND      :SUNSHINE: SKY     :PK WND
================================================================================
1   2   3   4   5  6A  6B    7    8   9   10  11  12  13   14  15   16   17  18
                                     12Z  AVG MX 2MIN
DY MAX MIN AVG DEP HDD CDD  WTR  SNW DPTH SPD SPD DIR MIN PSBL S-S WX    SPD DR
================================================================================

 1  89  75  82  -1   0  17 0.07  0.0    0  5.4 14 270   M    M   8 138    21 260
 2  86  73  80  -3   0  15 0.00  0.0    0  4.9 10  10   M    M   6 18     13  10
 3  88  74  81  -2   0  16 3.35  0.0    0  6.0 22 130   M    M   8 1238   24 130
 4  90  74  82  -1   0  17    T  0.0    0  3.8 13 120   M    M   3 13     16 180
 5  93  75  84   1   0  19 0.00  0.0    0  2.7 10 200   M    M   1 138    15 160
 6  91  77  84   1   0  19 0.00  0.0    0  3.6 12 220   M    M   1 1      17 190
 7  91  74  83   0   0  18 0.03  0.0    0  3.8 18 170   M    M   1 138    25 170
 8  92  77  85   2   0  20    T  0.0    0  4.8 14 200   M    M   1 13     20 220
 9  92  77  85   2   0  20    T  0.0    0  4.1 14 270   M    M   1 3      21 220
10  90  78  84   1   0  19 0.00  0.0    0  2.5 13 270   M    M   1 3      18 270
11  94  74  84   1   0  19 1.14  0.0    0  4.4 24  30   M    M   2 13     30  30
12  94  74  84   1   0  19 0.00  0.0    0  4.8 14 360   M    M   2        20  20
13  91  73  82  -1   0  17 0.00  0.0    0  7.3 14  70   M    M   2        16  50
14  91  71  81  -2   0  16 0.00  0.0    0  4.5 12  70   M    M   3        15  70
15  90  72  81  -2   0  16 0.00  0.0    0  4.6 12 210   M    M   3        15 210
16  92  75  84   1   0  19    T  0.0    0  5.0 17 210   M    M   2 3      26 220
17  92  76  84   1   0  19 0.05  0.0    0  6.3 23 200   M    M   1 3      37 220
18  92  79  86   3   0  21 0.00  0.0    0  6.4 15 260   M    M   1 3      21 260
19  91  73  82  -1   0  17 2.77  0.0    0  4.1 24 340   M    M   2 1238   34 280
20  92  74  83   0   0  18 0.07  0.0    0  5.1 23 220   M    M   1 13     35 220
21  92  78  85   2   0  20 0.02  0.0    M  5.4 13 200   M    M   2 13     18 220
22  93  76  85   2   0  20 0.00  0.0    0  2.6  9 190   M    M   1 13     13 230
23  95  77  86   3   0  21 0.00  0.0    0  1.8 13 150   M    M   1        16 150
24  95  77  86   3   0  21 0.00  0.0    0  1.3  9 340   M    M   1        11 340
25  97  75  86   3   0  21 0.19  0.0    0  5.9 24 360   M    M   1 13     35  20
26  91  74  83   0   0  18 0.00  0.0    0  7.8 17  80   M    M   2 1      20  70
================================================================================
SM 2384 1952         0 482  7.69     0.0 118.9          M       58
================================================================================
AV 91.7 75.1                               4.6 FASTST   M    M   2    MAX(MPH)
                                 MISC ---->  # 24  30               # 37  220
================================================================================
NOTES:
# LAST OF SEVERAL OCCURRENCES

COLUMN 17 PEAK WIND IN M.P.H.

PRELIMINARY LOCAL CLIMATOLOGICAL DATA (WS FORM: F-6) , PAGE 2

                                          STATION:  LAKE CHARLES
                                          MONTH:    AUGUST
                                          YEAR:     2014
                                          LATITUDE:   30  7 N
                                          LONGITUDE:  93 13 W

[TEMPERATURE DATA]      [PRECIPITATION DATA]       SYMBOLS USED IN COLUMN 16

AVERAGE MONTHLY: 83.4   TOTAL FOR MONTH:   7.69    1 = FOG OR MIST
DPTR FM NORMAL:   0.4   DPTR FM NORMAL:    3.63    2 = FOG REDUCING VISIBILITY
HIGHEST:    97 ON 25    GRTST 24HR  3.35 ON  2- 3      TO 1/4 MILE OR LESS
LOWEST:     71 ON 14                               3 = THUNDER
                        SNOW, ICE PELLETS, HAIL    4 = ICE PELLETS
                        TOTAL MONTH:   0.0 INCH    5 = HAIL
                        GRTST 24HR     0.0         6 = FREEZING RAIN OR DRIZZLE
                        GRTST DEPTH:   0           7 = DUSTSTORM OR SANDSTORM:
                                                       VSBY 1/2 MILE OR LESS
                                                   8 = SMOKE OR HAZE
[NO. OF DAYS WITH]      [WEATHER - DAYS WITH]      9 = BLOWING SNOW
                                                   X = TORNADO
MAX 32 OR BELOW:   0    0.01 INCH OR MORE:   9
MAX 90 OR ABOVE:  23    0.10 INCH OR MORE:   4
MIN 32 OR BELOW:   0    0.50 INCH OR MORE:   3
MIN  0 OR BELOW:   0    1.00 INCH OR MORE:   3

[HDD (BASE 65) ]
TOTAL THIS MO.     0    CLEAR  (SCALE 0-3)  23
DPTR FM NORMAL     0    PTCLDY (SCALE 4-7)   2
TOTAL FM JUL 1     0    CLOUDY (SCALE 8-10)  1
DPTR FM NORMAL     0

[CDD (BASE 65) ]
TOTAL THIS MO.   482
DPTR FM NORMAL    14    [PRESSURE DATA]
TOTAL FM JAN 1  1933    HIGHEST SLP M ON M
DPTR FM NORMAL  -106    LOWEST  SLP 29.87 ON 25

[REMARKS]
