000
CXUS53 KLMK 290800
CF6LEX
PRELIMINARY LOCAL CLIMATOLOGICAL DATA (WS FORM: F-6)

                                          STATION:   LEXINGTON KY
                                          MONTH:     AUGUST
                                          YEAR:      2016
                                          LATITUDE:   38  1 N
                                          LONGITUDE:  84 36 W

  TEMPERATURE IN F:       :PCPN:    SNOW:  WIND      :SUNSHINE: SKY     :PK WND
================================================================================
1   2   3   4   5  6A  6B    7    8   9   10  11  12  13   14  15   16   17  18
                                     12Z  AVG MX 2MIN
DY MAX MIN AVG DEP HDD CDD  WTR  SNW DPTH SPD SPD DIR MIN PSBL S-S WX    SPD DR
================================================================================

 1  86  69  78   2   0  13 3.07  0.0    0  4.6 16 170   M    M   5 123    20 180
 2  88  72  80   4   0  15    T  0.0    0  3.3 10 360   M    M   5 1      15 340
 3  89  70  80   4   0  15 0.00  0.0    0  2.6 12 130   M    M   3 128    16 150
 4  89  70  80   4   0  15 0.24  0.0    0  4.4 28 200   M    M   3 138    35 210
 5  90  69  80   4   0  15 0.00  0.0    0  3.8 10 250   M    M   4 12     14 250
 6  86  70  78   2   0  13 0.24  0.0    0  4.6 12 350   M    M   5 138    16 280
 7  86  65  76   0   0  11 0.00  0.0    0  7.3 16  50   M    M   1        19  40
 8  88  65  77   1   0  12 0.00  0.0    0  9.6 17  70   M    M   2        21  40
 9  90  73  82   6   0  17 0.06  0.0    0  5.8 15 290   M    M   5 3      18 290
10  90  74  82   6   0  17 0.00  0.0    0  6.5 15 190   M    M   2        19 170
11  89  75  82   6   0  17 0.00  0.0    0  7.0 17 190   M    M   4        20 190
12  91  77  84   8   0  19 0.00  0.0    0  7.5 17 190   M    M   4 3      21 190
13  86  76  81   5   0  16    T  0.0    0 10.2 21 210   M    M   7        28 220
14  89  72  81   5   0  16 0.14  0.0    0  5.4 21 260   M    M   1 38     29 260
15  90  72  81   5   0  16 0.45  0.0    0  6.6 28 250   M    M   2 18     35 250
16  85  73  79   3   0  14 0.41  0.0    0  9.1 21 220   M    M   4 13     25 220
17  80  72  76   0   0  11 0.99  0.0    0  5.2 20 260   M    M   8 13     26 250
18  82  71  77   1   0  12 0.00  0.0    0  3.7 13 210   M    M   6 1      16 210
19  82  71  77   2   0  12    T  0.0    0  4.7 10 210   M    M   5 12     13 210
20  81  69  75   0   0  10 0.85  0.0    0  8.0 18 190   M    M   7 18     24 190
21  81  63  72  -3   0   7 0.08  0.0    0  6.5 15 280   M    M   3 1      20 290
22  81  58  70  -5   0   5 0.00  0.0    0  2.4  9  40   M    M   1        11 320
23  83  60  72  -3   0   7 0.00  0.0    0  4.5 12 130   M    M   0        14 140
24  89  66  78   3   0  13 0.00  0.0    0  8.3 18 190   M    M   1        23 200
25  91  73  82   7   0  17 0.00  0.0    0  7.1 16 230   M    M   0        22 230
26  94  69  82   8   0  17 0.00  0.0    0  2.1  8 100   M    M   2 1      14 360
27  93  72  83   9   0  18    T  0.0    0  4.4 15 340   M    M   0 3      18 340
28  92  70  81   7   0  16    T  0.0    0  4.7 29 360   M    M   1 13     33 360
================================================================================
SM 2441 1956         0 386  6.53     0.0 159.9          M       91
================================================================================
AV 87.2 69.9                               5.7 FASTST   M    M   3    MAX(MPH)
                                 MISC ---->  # 29 360               # 35  210
================================================================================
NOTES:
# LAST OF SEVERAL OCCURRENCES

COLUMN 17 PEAK WIND IN M.P.H.

PRELIMINARY LOCAL CLIMATOLOGICAL DATA (WS FORM: F-6) , PAGE 2

                                          STATION:  LEXINGTON KY
                                          MONTH:    AUGUST
                                          YEAR:     2016
                                          LATITUDE:   38  1 N
                                          LONGITUDE:  84 36 W

[TEMPERATURE DATA]      [PRECIPITATION DATA]       SYMBOLS USED IN COLUMN 16

AVERAGE MONTHLY: 78.5   TOTAL FOR MONTH:   6.53    1 = FOG OR MIST
DPTR FM NORMAL:   3.0   DPTR FM NORMAL:    3.56    2 = FOG REDUCING VISIBILITY
HIGHEST:    94 ON 26    GRTST 24HR  3.07 ON  1- 1      TO 1/4 MILE OR LESS
LOWEST:     58 ON 22                               3 = THUNDER
                        SNOW, ICE PELLETS, HAIL    4 = ICE PELLETS
                        TOTAL MONTH:   0.0 INCH    5 = HAIL
                        GRTST 24HR     0.0         6 = FREEZING RAIN OR DRIZZLE
                        GRTST DEPTH:   0           7 = DUSTSTORM OR SANDSTORM:
                                                       VSBY 1/2 MILE OR LESS
                                                   8 = SMOKE OR HAZE
[NO. OF DAYS WITH]      [WEATHER - DAYS WITH]      9 = BLOWING SNOW
                                                   X = TORNADO
MAX 32 OR BELOW:   0    0.01 INCH OR MORE:  10
MAX 90 OR ABOVE:   9    0.10 INCH OR MORE:   8
MIN 32 OR BELOW:   0    0.50 INCH OR MORE:   3
MIN  0 OR BELOW:   0    1.00 INCH OR MORE:   1

[HDD (BASE 65) ]
TOTAL THIS MO.     0    CLEAR  (SCALE 0-3)  14
DPTR FM NORMAL     0    PTCLDY (SCALE 4-7)  14
TOTAL FM JUL 1     0    CLOUDY (SCALE 8-10)  0
DPTR FM NORMAL     0

[CDD (BASE 65) ]
TOTAL THIS MO.   386
DPTR FM NORMAL    91    [PRESSURE DATA]
TOTAL FM JAN 1  1230    HIGHEST SLP M ON M
DPTR FM NORMAL   239    LOWEST  SLP 29.76 ON 20

[REMARKS]
