992
CXUS54 KSHV 251300
CF6LFK
PRELIMINARY LOCAL CLIMATOLOGICAL DATA (WS FORM: F-6)

                                          STATION:   LUFKIN
                                          MONTH:     JUNE
                                          YEAR:      2017
                                          LATITUDE:   31 14 N
                                          LONGITUDE:  94 45 W

  TEMPERATURE IN F:       :PCPN:    SNOW:  WIND      :SUNSHINE: SKY     :PK WND
================================================================================
1   2   3   4   5  6A  6B    7    8   9   10  11  12  13   14  15   16   17  18
                                     12Z  AVG MX 2MIN
DY MAX MIN AVG DEP HDD CDD  WTR  SNW DPTH SPD SPD DIR MIN PSBL S-S WX    SPD DR
================================================================================

 1  84  70  77  -1   0  12 0.08  0.0    0  4.6 13 160   M    M   5 1      17 130
 2  89  70  80   2   0  15 0.52  0.0    0  4.6 14 130   M    M   6 123    19 140
 3  89  70  80   2   0  15 0.89  0.0    0  3.8 17 310   M    M   6 13     24 300
 4  80  69  75  -3   0  10 0.25  0.0    0  5.9 16 210   M    M   5 13     21 200
 5  83  69  76  -2   0  11 0.32  0.0    0  3.3 15  10   M    M   6 138    21  20
 6  86  69  78  -1   0  13 0.75  0.0    0  4.9 12 330   M    M   6 13     17 330
 7  88  69  79   0   0  14 0.00  0.0    0  5.7 14  40   M    M   1        19 350
 8  85  62  74  -5   0   9 0.00  0.0    0  3.6 13 340   M    M   0        16 280
 9  83  62  73  -6   0   8 0.00  0.0    0  3.7 12 140   M    M   1 8      14 120
10  88  64  76  -3   0  11 0.00  0.0    0  6.0 15 130   M    M   1        18 140
11  90  68  79  -1   0  14    T  0.0    0  6.1 20 120   M    M   1 13     25 130
12  89  75  82   2   0  17 0.12  0.0    0  8.8 25 140   M    M   7 13     33 140
13  89  74  82   2   0  17 0.02  0.0    0  8.8 20 160   M    M   5        26 140
14  92  75  84   4   0  19 0.00  0.0    0  7.1 15 180   M    M   4 18     18 160
15  93  73  83   3   0  18 0.00  0.0    0  5.5 12 220   M    M   4 12     16 200
16  92  73  83   3   0  18 0.00  0.0    0  6.3  9 190   M    M   3 1       M  M
17  92  73  83   3   0  18 0.00  0.0    M  7.9 16 180   M    M   1 1      23 210
18  93  74  84   4   0  19 0.00  0.0    0  6.9 16 190   M    M   3 1      22 190
19  92  74  83   2   0  18 0.00  0.0    0  4.4 12 210   M    M   3 1      15 210
20  89  73  81   0   0  16 0.00  0.0    0  6.3 14  20   M    M   2        18  40
21  84  73  79  -2   0  14 0.03  0.0    0  9.1 17  30   M    M   5 1      28  20
22  77  74  76  -5   0  11 1.71  0.0    0  8.4 16 350   M    M  10 1      23 350
23  91  76  84   3   0  19 0.01  0.0    0  7.2 14 180   M    M   5 1      18 200
24  85  70  78  -3   0  13 0.44  0.0    0  5.1 17 120   M    M   6 1      23  70
================================================================================
SM 2103 1699         0 349  5.14     0.0 144.0          M       96
================================================================================
AV 87.6 70.8                               6.0 FASTST   M    M   4    MAX(MPH)
                                 MISC ---->  # 25 140               # 33  140
================================================================================
NOTES:
# LAST OF SEVERAL OCCURRENCES

COLUMN 17 PEAK WIND IN M.P.H.

PRELIMINARY LOCAL CLIMATOLOGICAL DATA (WS FORM: F-6) , PAGE 2

                                          STATION:  LUFKIN
                                          MONTH:    JUNE
                                          YEAR:     2017
                                          LATITUDE:   31 14 N
                                          LONGITUDE:  94 45 W

[TEMPERATURE DATA]      [PRECIPITATION DATA]       SYMBOLS USED IN COLUMN 16

AVERAGE MONTHLY: 79.2   TOTAL FOR MONTH:   5.14    1 = FOG OR MIST
DPTR FM NORMAL:  -0.4   DPTR FM NORMAL:    1.33    2 = FOG REDUCING VISIBILITY
HIGHEST:    93 ON 18,15 GRTST 24HR  1.71 ON 22-22      TO 1/4 MILE OR LESS
LOWEST:     62 ON  9, 8                            3 = THUNDER
                        SNOW, ICE PELLETS, HAIL    4 = ICE PELLETS
                        TOTAL MONTH:   0.0 INCH    5 = HAIL
                        GRTST 24HR     0.0         6 = FREEZING RAIN OR DRIZZLE
                        GRTST DEPTH:   0           7 = DUSTSTORM OR SANDSTORM:
                                                       VSBY 1/2 MILE OR LESS
                                                   8 = SMOKE OR HAZE
[NO. OF DAYS WITH]      [WEATHER - DAYS WITH]      9 = BLOWING SNOW
                                                   X = TORNADO
MAX 32 OR BELOW:   0    0.01 INCH OR MORE:  12
MAX 90 OR ABOVE:   8    0.10 INCH OR MORE:   8
MIN 32 OR BELOW:   0    0.50 INCH OR MORE:   4
MIN  0 OR BELOW:   0    1.00 INCH OR MORE:   1

[HDD (BASE 65) ]
TOTAL THIS MO.     0    CLEAR  (SCALE 0-3)  10
DPTR FM NORMAL     0    PTCLDY (SCALE 4-7)  13
TOTAL FM JUL 1  1145    CLOUDY (SCALE 8-10)  1
DPTR FM NORMAL  -772

[CDD (BASE 65) ]
TOTAL THIS MO.   349
DPTR FM NORMAL    -4    [PRESSURE DATA]
TOTAL FM JAN 1   874    HIGHEST SLP M ON M
DPTR FM NORMAL    52    LOWEST  SLP 29.49 ON 22

[REMARKS]
