891
CXUS54 KSHV 221300
CF6LFK
PRELIMINARY LOCAL CLIMATOLOGICAL DATA (WS FORM: F-6)

                                          STATION:   LUFKIN
                                          MONTH:     FEBRUARY
                                          YEAR:      2017
                                          LATITUDE:   31 14 N
                                          LONGITUDE:  94 45 W

  TEMPERATURE IN F:       :PCPN:    SNOW:  WIND      :SUNSHINE: SKY     :PK WND
================================================================================
1   2   3   4   5  6A  6B    7    8   9   10  11  12  13   14  15   16   17  18
                                     12Z  AVG MX 2MIN
DY MAX MIN AVG DEP HDD CDD  WTR  SNW DPTH SPD SPD DIR MIN PSBL S-S WX    SPD DR
================================================================================

 1  78  49  64  14   1   0 0.00  0.0    0  7.8 22 200   M    M   5 12     29 220
 2  66  45  56   6   9   0 0.00  0.0    0  5.8 15  10   M    M   9 128    22 360
 3  54  43  49  -2  16   0 0.00  0.0    0  7.1 14  10   M    M   9        17  40
 4  52  41  47  -4  18   0    T  0.0    0  5.8 15  80   M    M  10        22  80
 5  77  51  64  13   1   0 0.04  0.0    0  8.3 18 210   M    M   8 1      21 220
 6  77  64  71  20   0   6    T  0.0    0 10.6 20 160   M    M   9 1      29 160
 7  83  51  67  16   0   2 0.00  0.0    0  9.4 20 220   M    M   4        29 210
 8  84  52  68  17   0   3 0.00  0.0    0  9.4 20 260   M    M   2 1      30 250
 9  66  42  54   2  11   0 0.00  0.0    0  5.9 14  30   M    M   0        18  20
10  72  39  56   4   9   0 0.00  0.0    0  9.6 20 160   M    M   6        23 170
11  85  67  76  24   0  11 0.00  0.0    0 11.3 23 190   M    M   7        31 210
12  83  67  75  23   0  10 0.00  0.0    0  7.3 15 210   M    M   7 1      20 230
13  72  56  64  12   1   0 0.00  0.0    0  9.1 17  70   M    M   7        22  60
14  65  48  57   5   8   0 1.33  0.0    0  9.6 23 290   M    M   9 123    33 290
15  62  40  51  -2  14   0    T  0.0    0  6.4 16 310   M    M   5        23 320
16  66  32  49  -4  16   0 0.00  0.0    0  2.7  9 220   M    M   0        14 260
17  67  40  54   1  11   0 0.04  0.0    0  6.1 15 150   M    M   4 1      19 150
18  80  50  65  12   0   0 0.00  0.0    0  7.1 16 210   M    M   5 12     22 210
19  75  61  68  14   0   3 0.00  0.0    0  9.4 17 150   M    M   8 18     22 140
20  70  55  63   9   2   0 0.72  0.0    0  7.3 20 280   M    M   9 12     27 280
21  73  52  63   9   2   0    T  0.0    0  4.8 15 310   M    M   6 1      20 290
================================================================================
SM 1507 1045       119  35  2.13     0.0 160.8          M      129
================================================================================
AV 71.8 49.8                               7.7 FASTST   M    M   6    MAX(MPH)
                                 MISC ---->  # 23 190               # 33  290
================================================================================
NOTES:
# LAST OF SEVERAL OCCURRENCES

COLUMN 17 PEAK WIND IN M.P.H.

PRELIMINARY LOCAL CLIMATOLOGICAL DATA (WS FORM: F-6) , PAGE 2

                                          STATION:  LUFKIN
                                          MONTH:    FEBRUARY
                                          YEAR:     2017
                                          LATITUDE:   31 14 N
                                          LONGITUDE:  94 45 W

[TEMPERATURE DATA]      [PRECIPITATION DATA]       SYMBOLS USED IN COLUMN 16

AVERAGE MONTHLY: 60.8   TOTAL FOR MONTH:   2.13    1 = FOG OR MIST
DPTR FM NORMAL:   8.8   DPTR FM NORMAL:   -0.81    2 = FOG REDUCING VISIBILITY
HIGHEST:    85 ON 11    GRTST 24HR  1.33 ON 14-14      TO 1/4 MILE OR LESS
LOWEST:     32 ON 16                               3 = THUNDER
                        SNOW, ICE PELLETS, HAIL    4 = ICE PELLETS
                        TOTAL MONTH:   0.0 INCH    5 = HAIL
                        GRTST 24HR     0.0         6 = FREEZING RAIN OR DRIZZLE
                        GRTST DEPTH:   0           7 = DUSTSTORM OR SANDSTORM:
                                                       VSBY 1/2 MILE OR LESS
                                                   8 = SMOKE OR HAZE
[NO. OF DAYS WITH]      [WEATHER - DAYS WITH]      9 = BLOWING SNOW
                                                   X = TORNADO
MAX 32 OR BELOW:   0    0.01 INCH OR MORE:   4
MAX 90 OR ABOVE:   0    0.10 INCH OR MORE:   2
MIN 32 OR BELOW:   1    0.50 INCH OR MORE:   2
MIN  0 OR BELOW:   0    1.00 INCH OR MORE:   1

[HDD (BASE 65) ]
TOTAL THIS MO.   119    CLEAR  (SCALE 0-3)   3
DPTR FM NORMAL  -161    PTCLDY (SCALE 4-7)  11
TOTAL FM JUL 1   953    CLOUDY (SCALE 8-10)  7
DPTR FM NORMAL  -607

[CDD (BASE 65) ]
TOTAL THIS MO.    35
DPTR FM NORMAL    35    [PRESSURE DATA]
TOTAL FM JAN 1    60    HIGHEST SLP M ON M
DPTR FM NORMAL    52    LOWEST  SLP 29.66 ON M

[REMARKS]
